--
-- Host: localhost    Database: kant345mag_shop4
-- ------------------------------------------------------


--
-- Current Database: `kant345mag_shop4`
--


--
-- Table structure for table `oc_address`
--

CREATE TABLE `oc_address` (
  `address_id` int(11) NOT NULL AUTO_INCREMENT,
  `customer_id` int(11) NOT NULL,
  `firstname` varchar(32) NOT NULL,
  `lastname` varchar(32) NOT NULL,
  `company` varchar(60) NOT NULL,
  `address_1` varchar(128) NOT NULL,
  `address_2` varchar(128) NOT NULL,
  `city` varchar(128) NOT NULL,
  `postcode` varchar(10) NOT NULL,
  `country_id` int(11) NOT NULL DEFAULT 0,
  `zone_id` int(11) NOT NULL DEFAULT 0,
  `custom_field` text NOT NULL,
  `default` tinyint(1) NOT NULL,
  PRIMARY KEY (`address_id`),
  KEY `customer_id` (`customer_id`)
) ENGINE=InnoDB DEFAULT CHARSET=utf8mb4 COLLATE=utf8mb4_general_ci ROW_FORMAT=DYNAMIC;

--
-- Dumping data for table `oc_address`
--


--
-- Table structure for table `oc_address_format`
--

CREATE TABLE `oc_address_format` (
  `address_format_id` int(11) NOT NULL AUTO_INCREMENT,
  `name` varchar(128) NOT NULL,
  `address_format` text NOT NULL,
  PRIMARY KEY (`address_format_id`)
) ENGINE=InnoDB AUTO_INCREMENT=2 DEFAULT CHARSET=utf8mb4 COLLATE=utf8mb4_general_ci ROW_FORMAT=DYNAMIC;

--
-- Dumping data for table `oc_address_format`
--

INSERT INTO `oc_address_format` (`address_format_id`, `name`, `address_format`) VALUES (1,'Address Format','{firstname} {lastname}\r\n{company}\r\n{address_1}\r\n{address_2}\r\n{city}, {zone} {postcode}\r\n{country}');

--
-- Table structure for table `oc_antispam`
--

CREATE TABLE `oc_antispam` (
  `antispam_id` int(11) NOT NULL AUTO_INCREMENT,
  `keyword` varchar(64) NOT NULL,
  PRIMARY KEY (`antispam_id`),
  KEY `keyword` (`keyword`)
) ENGINE=InnoDB DEFAULT CHARSET=utf8mb4 COLLATE=utf8mb4_general_ci ROW_FORMAT=DYNAMIC;

--
-- Dumping data for table `oc_antispam`
--


--
-- Table structure for table `oc_api_ip`
--

CREATE TABLE `oc_api_ip` (
  `api_ip_id` int(11) NOT NULL AUTO_INCREMENT,
  `api_id` int(11) NOT NULL,
  `ip` varchar(40) NOT NULL,
  PRIMARY KEY (`api_ip_id`)
) ENGINE=InnoDB DEFAULT CHARSET=utf8mb4 COLLATE=utf8mb4_general_ci ROW_FORMAT=DYNAMIC;

--
-- Dumping data for table `oc_api_ip`
--


--
-- Table structure for table `oc_article`
--

CREATE TABLE `oc_article` (
  `article_id` int(11) NOT NULL AUTO_INCREMENT,
  `topic_id` int(11) NOT NULL,
  `author` varchar(64) NOT NULL,
  `status` tinyint(1) NOT NULL,
  `date_added` datetime NOT NULL,
  `date_modified` datetime NOT NULL,
  PRIMARY KEY (`article_id`)
) ENGINE=InnoDB DEFAULT CHARSET=utf8mb4 COLLATE=utf8mb4_general_ci ROW_FORMAT=DYNAMIC;

--
-- Dumping data for table `oc_article`
--


--
-- Table structure for table `oc_article_comment`
--

CREATE TABLE `oc_article_comment` (
  `article_comment_id` int(11) NOT NULL AUTO_INCREMENT,
  `article_id` int(11) NOT NULL,
  `customer_id` int(11) NOT NULL,
  `comment` text NOT NULL,
  `status` varchar(255) NOT NULL,
  `date_added` datetime NOT NULL,
  PRIMARY KEY (`article_comment_id`),
  KEY `article_id` (`article_id`)
) ENGINE=InnoDB DEFAULT CHARSET=utf8mb4 COLLATE=utf8mb4_general_ci ROW_FORMAT=DYNAMIC;

--
-- Dumping data for table `oc_article_comment`
--


--
-- Table structure for table `oc_article_description`
--

CREATE TABLE `oc_article_description` (
  `article_id` int(11) NOT NULL,
  `language_id` int(11) NOT NULL,
  `image` varchar(255) NOT NULL,
  `name` varchar(255) NOT NULL,
  `description` text NOT NULL,
  `tag` text NOT NULL,
  `meta_title` varchar(255) NOT NULL,
  `meta_description` varchar(255) NOT NULL,
  `meta_keyword` varchar(255) NOT NULL,
  PRIMARY KEY (`article_id`,`language_id`),
  KEY `name` (`name`)
) ENGINE=InnoDB DEFAULT CHARSET=utf8mb4 COLLATE=utf8mb4_general_ci ROW_FORMAT=DYNAMIC;

--
-- Dumping data for table `oc_article_description`
--


--
-- Table structure for table `oc_article_to_layout`
--

CREATE TABLE `oc_article_to_layout` (
  `article_id` int(11) NOT NULL,
  `store_id` int(11) NOT NULL,
  `layout_id` int(11) NOT NULL,
  PRIMARY KEY (`article_id`,`store_id`)
) ENGINE=InnoDB DEFAULT CHARSET=utf8mb4 COLLATE=utf8mb4_general_ci ROW_FORMAT=DYNAMIC;

--
-- Dumping data for table `oc_article_to_layout`
--


--
-- Table structure for table `oc_article_to_store`
--

CREATE TABLE `oc_article_to_store` (
  `article_id` int(11) NOT NULL,
  `store_id` int(11) NOT NULL DEFAULT 0,
  PRIMARY KEY (`article_id`,`store_id`)
) ENGINE=InnoDB DEFAULT CHARSET=utf8mb4 COLLATE=utf8mb4_general_ci ROW_FORMAT=DYNAMIC;

--
-- Dumping data for table `oc_article_to_store`
--


--
-- Table structure for table `oc_attribute`
--

CREATE TABLE `oc_attribute` (
  `attribute_id` int(11) NOT NULL AUTO_INCREMENT,
  `attribute_group_id` int(11) NOT NULL,
  `sort_order` int(11) NOT NULL,
  PRIMARY KEY (`attribute_id`)
) ENGINE=InnoDB AUTO_INCREMENT=12 DEFAULT CHARSET=utf8mb4 COLLATE=utf8mb4_general_ci ROW_FORMAT=DYNAMIC;

--
-- Dumping data for table `oc_attribute`
--

INSERT INTO `oc_attribute` (`attribute_id`, `attribute_group_id`, `sort_order`) VALUES (1,6,1),
(2,6,5),
(3,6,3),
(4,3,1),
(5,3,2),
(6,3,3),
(7,3,4),
(8,3,5),
(9,3,6),
(10,3,7),
(11,3,8);

--
-- Table structure for table `oc_attribute_description`
--

CREATE TABLE `oc_attribute_description` (
  `attribute_id` int(11) NOT NULL,
  `language_id` int(11) NOT NULL,
  `name` varchar(64) NOT NULL,
  PRIMARY KEY (`attribute_id`,`language_id`)
) ENGINE=InnoDB DEFAULT CHARSET=utf8mb4 COLLATE=utf8mb4_general_ci ROW_FORMAT=DYNAMIC;

--
-- Dumping data for table `oc_attribute_description`
--

INSERT INTO `oc_attribute_description` (`attribute_id`, `language_id`, `name`) VALUES (1,1,'Description'),
(2,1,'No. of Cores'),
(3,1,'Clockspeed'),
(4,1,'test 1'),
(5,1,'test 2'),
(6,1,'test 3'),
(7,1,'test 4'),
(8,1,'test 5'),
(9,1,'test 6'),
(10,1,'test 7'),
(11,1,'test 8');

--
-- Table structure for table `oc_attribute_group`
--

CREATE TABLE `oc_attribute_group` (
  `attribute_group_id` int(11) NOT NULL AUTO_INCREMENT,
  `sort_order` int(11) NOT NULL,
  PRIMARY KEY (`attribute_group_id`)
) ENGINE=InnoDB AUTO_INCREMENT=7 DEFAULT CHARSET=utf8mb4 COLLATE=utf8mb4_general_ci ROW_FORMAT=DYNAMIC;

--
-- Dumping data for table `oc_attribute_group`
--

INSERT INTO `oc_attribute_group` (`attribute_group_id`, `sort_order`) VALUES (3,2),
(4,1),
(5,3),
(6,4);

--
-- Table structure for table `oc_attribute_group_description`
--

CREATE TABLE `oc_attribute_group_description` (
  `attribute_group_id` int(11) NOT NULL,
  `language_id` int(11) NOT NULL,
  `name` varchar(64) NOT NULL,
  PRIMARY KEY (`attribute_group_id`,`language_id`)
) ENGINE=InnoDB DEFAULT CHARSET=utf8mb4 COLLATE=utf8mb4_general_ci ROW_FORMAT=DYNAMIC;

--
-- Dumping data for table `oc_attribute_group_description`
--

INSERT INTO `oc_attribute_group_description` (`attribute_group_id`, `language_id`, `name`) VALUES (3,1,'Memory'),
(4,1,'Technical'),
(5,1,'Motherboard'),
(6,1,'Processor');

--
-- Table structure for table `oc_banner`
--

CREATE TABLE `oc_banner` (
  `banner_id` int(11) NOT NULL AUTO_INCREMENT,
  `name` varchar(64) NOT NULL,
  `status` tinyint(1) NOT NULL,
  PRIMARY KEY (`banner_id`)
) ENGINE=InnoDB AUTO_INCREMENT=9 DEFAULT CHARSET=utf8mb4 COLLATE=utf8mb4_general_ci ROW_FORMAT=DYNAMIC;

--
-- Dumping data for table `oc_banner`
--

INSERT INTO `oc_banner` (`banner_id`, `name`, `status`) VALUES (6,'HP Products',1),
(7,'Home Page Slideshow',1),
(8,'Manufacturers',1);

--
-- Table structure for table `oc_banner_image`
--

CREATE TABLE `oc_banner_image` (
  `banner_image_id` int(11) NOT NULL AUTO_INCREMENT,
  `banner_id` int(11) NOT NULL,
  `language_id` int(11) NOT NULL,
  `title` varchar(64) NOT NULL,
  `link` varchar(255) NOT NULL,
  `image` varchar(255) NOT NULL,
  `sort_order` int(11) NOT NULL DEFAULT 0,
  PRIMARY KEY (`banner_image_id`)
) ENGINE=InnoDB AUTO_INCREMENT=99 DEFAULT CHARSET=utf8mb4 COLLATE=utf8mb4_general_ci ROW_FORMAT=DYNAMIC;

--
-- Dumping data for table `oc_banner_image`
--

INSERT INTO `oc_banner_image` (`banner_image_id`, `banner_id`, `language_id`, `title`, `link`, `image`, `sort_order`) VALUES (79,7,1,'iPhone 6','index.php?route=product/product&amp;path=57&amp;product_id=49','catalog/demo/banners/iPhone6.jpg',0),
(80,7,1,'MacBookAir','','catalog/demo/banners/MacBookAir.jpg',0),
(87,6,1,'HP Banner','index.php?route=product/manufacturer.info&amp;manufacturer_id=7','catalog/demo/compaq_presario.jpg',0),
(88,8,1,'Harley Davidson','','catalog/demo/manufacturer/harley.png',0),
(89,8,1,'Dell','','catalog/demo/manufacturer/dell.png',0),
(90,8,1,'Disney','','catalog/demo/manufacturer/disney.png',0),
(91,8,1,'Coca Cola','','catalog/demo/manufacturer/cocacola.png',0),
(92,8,1,'Burger King','','catalog/demo/manufacturer/burgerking.png',0),
(93,8,1,'Canon','','catalog/demo/manufacturer/canon.png',0),
(94,8,1,'NFL','','catalog/demo/manufacturer/nfl.png',0),
(95,8,1,'RedBull','','catalog/demo/manufacturer/redbull.png',0),
(96,8,1,'Sony','','catalog/demo/manufacturer/sony.png',0),
(97,8,1,'Starbucks','','catalog/demo/manufacturer/starbucks.png',0),
(98,8,1,'Nintendo','','catalog/demo/manufacturer/nintendo.png',0);

--
-- Table structure for table `oc_category`
--

CREATE TABLE `oc_category` (
  `category_id` int(11) NOT NULL AUTO_INCREMENT,
  `image` varchar(255) NOT NULL,
  `parent_id` int(11) NOT NULL DEFAULT 0,
  `top` tinyint(1) NOT NULL,
  `column` int(11) NOT NULL,
  `sort_order` int(11) NOT NULL DEFAULT 0,
  `status` tinyint(1) NOT NULL,
  `date_added` datetime NOT NULL,
  `date_modified` datetime NOT NULL,
  PRIMARY KEY (`category_id`),
  KEY `parent_id` (`parent_id`)
) ENGINE=InnoDB AUTO_INCREMENT=59 DEFAULT CHARSET=utf8mb4 COLLATE=utf8mb4_general_ci ROW_FORMAT=DYNAMIC;

--
-- Dumping data for table `oc_category`
--

INSERT INTO `oc_category` (`category_id`, `image`, `parent_id`, `top`, `column`, `sort_order`, `status`, `date_added`, `date_modified`) VALUES (57,'',0,1,1,3,1,'2011-04-26 08:53:16','2023-10-06 09:16:05');

--
-- Table structure for table `oc_category_description`
--

CREATE TABLE `oc_category_description` (
  `category_id` int(11) NOT NULL,
  `language_id` int(11) NOT NULL,
  `name` varchar(255) NOT NULL,
  `description` text NOT NULL,
  `meta_title` varchar(255) NOT NULL,
  `meta_description` varchar(255) NOT NULL,
  `meta_keyword` varchar(255) NOT NULL,
  PRIMARY KEY (`category_id`,`language_id`),
  KEY `name` (`name`)
) ENGINE=InnoDB DEFAULT CHARSET=utf8mb4 COLLATE=utf8mb4_general_ci ROW_FORMAT=DYNAMIC;

--
-- Dumping data for table `oc_category_description`
--

INSERT INTO `oc_category_description` (`category_id`, `language_id`, `name`, `description`, `meta_title`, `meta_description`, `meta_keyword`) VALUES (57,1,'ALL','','Tablets','','');

--
-- Table structure for table `oc_category_filter`
--

CREATE TABLE `oc_category_filter` (
  `category_id` int(11) NOT NULL,
  `filter_id` int(11) NOT NULL,
  PRIMARY KEY (`category_id`,`filter_id`)
) ENGINE=InnoDB DEFAULT CHARSET=utf8mb4 COLLATE=utf8mb4_general_ci ROW_FORMAT=DYNAMIC;

--
-- Dumping data for table `oc_category_filter`
--


--
-- Table structure for table `oc_category_path`
--

CREATE TABLE `oc_category_path` (
  `category_id` int(11) NOT NULL,
  `path_id` int(11) NOT NULL,
  `level` int(11) NOT NULL,
  PRIMARY KEY (`category_id`,`path_id`)
) ENGINE=InnoDB DEFAULT CHARSET=utf8mb4 COLLATE=utf8mb4_general_ci ROW_FORMAT=DYNAMIC;

--
-- Dumping data for table `oc_category_path`
--

INSERT INTO `oc_category_path` (`category_id`, `path_id`, `level`) VALUES (57,57,0);

--
-- Table structure for table `oc_category_to_layout`
--

CREATE TABLE `oc_category_to_layout` (
  `category_id` int(11) NOT NULL,
  `store_id` int(11) NOT NULL,
  `layout_id` int(11) NOT NULL,
  PRIMARY KEY (`category_id`,`store_id`)
) ENGINE=InnoDB DEFAULT CHARSET=utf8mb4 COLLATE=utf8mb4_general_ci ROW_FORMAT=DYNAMIC;

--
-- Dumping data for table `oc_category_to_layout`
--

INSERT INTO `oc_category_to_layout` (`category_id`, `store_id`, `layout_id`) VALUES (57,0,0);

--
-- Table structure for table `oc_category_to_store`
--

CREATE TABLE `oc_category_to_store` (
  `category_id` int(11) NOT NULL,
  `store_id` int(11) NOT NULL DEFAULT 0,
  PRIMARY KEY (`category_id`,`store_id`)
) ENGINE=InnoDB DEFAULT CHARSET=utf8mb4 COLLATE=utf8mb4_general_ci ROW_FORMAT=DYNAMIC;

--
-- Dumping data for table `oc_category_to_store`
--

INSERT INTO `oc_category_to_store` (`category_id`, `store_id`) VALUES (57,0);

--
-- Table structure for table `oc_country`
--

CREATE TABLE `oc_country` (
  `country_id` int(11) NOT NULL AUTO_INCREMENT,
  `name` varchar(128) NOT NULL,
  `iso_code_2` varchar(2) NOT NULL,
  `iso_code_3` varchar(3) NOT NULL,
  `address_format_id` int(11) NOT NULL,
  `postcode_required` tinyint(1) NOT NULL,
  `status` tinyint(1) NOT NULL DEFAULT 1,
  PRIMARY KEY (`country_id`)
) ENGINE=InnoDB AUTO_INCREMENT=258 DEFAULT CHARSET=utf8mb4 COLLATE=utf8mb4_general_ci ROW_FORMAT=DYNAMIC;

--
-- Dumping data for table `oc_country`
--

INSERT INTO `oc_country` (`country_id`, `name`, `iso_code_2`, `iso_code_3`, `address_format_id`, `postcode_required`, `status`) VALUES (1,'Afghanistan','AF','AFG',1,0,1),
(2,'Albania','AL','ALB',1,0,1),
(3,'Algeria','DZ','DZA',1,0,1),
(4,'American Samoa','AS','ASM',1,0,1),
(5,'Andorra','AD','AND',1,0,1),
(6,'Angola','AO','AGO',1,0,1),
(7,'Anguilla','AI','AIA',1,0,1),
(8,'Antarctica','AQ','ATA',1,0,1),
(9,'Antigua and Barbuda','AG','ATG',1,0,1),
(10,'Argentina','AR','ARG',1,0,1),
(11,'Armenia','AM','ARM',1,0,1),
(12,'Aruba','AW','ABW',1,0,1),
(13,'Australia','AU','AUS',1,0,1),
(14,'Austria','AT','AUT',1,0,1),
(15,'Azerbaijan','AZ','AZE',1,0,1),
(16,'Bahamas','BS','BHS',1,0,1),
(17,'Bahrain','BH','BHR',1,0,1),
(18,'Bangladesh','BD','BGD',1,0,1),
(19,'Barbados','BB','BRB',1,0,1),
(20,'Belarus','BY','BLR',1,0,1),
(21,'Belgium','BE','BEL',1,0,1),
(22,'Belize','BZ','BLZ',1,0,1),
(23,'Benin','BJ','BEN',1,0,1),
(24,'Bermuda','BM','BMU',1,0,1),
(25,'Bhutan','BT','BTN',1,0,1),
(26,'Bolivia','BO','BOL',1,0,1),
(27,'Bosnia and Herzegovina','BA','BIH',1,0,1),
(28,'Botswana','BW','BWA',1,0,1),
(29,'Bouvet Island','BV','BVT',1,0,1),
(30,'Brazil','BR','BRA',1,0,1),
(31,'British Indian Ocean Territory','IO','IOT',1,0,1),
(32,'Brunei Darussalam','BN','BRN',1,0,1),
(33,'Bulgaria','BG','BGR',1,0,1),
(34,'Burkina Faso','BF','BFA',1,0,1),
(35,'Burundi','BI','BDI',1,0,1),
(36,'Cambodia','KH','KHM',1,0,1),
(37,'Cameroon','CM','CMR',1,0,1),
(38,'Canada','CA','CAN',1,0,1),
(39,'Cape Verde','CV','CPV',1,0,1),
(40,'Cayman Islands','KY','CYM',1,0,1),
(41,'Central African Republic','CF','CAF',1,0,1),
(42,'Chad','TD','TCD',1,0,1),
(43,'Chile','CL','CHL',1,0,1),
(44,'China','CN','CHN',1,0,1),
(45,'Christmas Island','CX','CXR',1,0,1),
(46,'Cocos (Keeling) Islands','CC','CCK',1,0,1),
(47,'Colombia','CO','COL',1,0,1),
(48,'Comoros','KM','COM',1,0,1),
(49,'Congo','CG','COG',1,0,1),
(50,'Cook Islands','CK','COK',1,0,1),
(51,'Costa Rica','CR','CRI',1,0,1),
(52,'Cote D\'Ivoire','CI','CIV',1,0,1),
(53,'Croatia','HR','HRV',1,0,1),
(54,'Cuba','CU','CUB',1,0,1),
(55,'Cyprus','CY','CYP',1,0,1),
(56,'Czech Republic','CZ','CZE',1,0,1),
(57,'Denmark','DK','DNK',1,0,1),
(58,'Djibouti','DJ','DJI',1,0,1),
(59,'Dominica','DM','DMA',1,0,1),
(60,'Dominican Republic','DO','DOM',1,0,1),
(61,'East Timor','TL','TLS',1,0,1),
(62,'Ecuador','EC','ECU',1,0,1),
(63,'Egypt','EG','EGY',1,0,1),
(64,'El Salvador','SV','SLV',1,0,1),
(65,'Equatorial Guinea','GQ','GNQ',1,0,1),
(66,'Eritrea','ER','ERI',1,0,1),
(67,'Estonia','EE','EST',1,0,1),
(68,'Ethiopia','ET','ETH',1,0,1),
(69,'Falkland Islands (Malvinas)','FK','FLK',1,0,1),
(70,'Faroe Islands','FO','FRO',1,0,1),
(71,'Fiji','FJ','FJI',1,0,1),
(72,'Finland','FI','FIN',1,0,1),
(74,'France, Metropolitan','FR','FRA',1,1,1),
(75,'French Guiana','GF','GUF',1,0,1),
(76,'French Polynesia','PF','PYF',1,0,1),
(77,'French Southern Territories','TF','ATF',1,0,1),
(78,'Gabon','GA','GAB',1,0,1),
(79,'Gambia','GM','GMB',1,0,1),
(80,'Georgia','GE','GEO',1,0,1),
(81,'Germany','DE','DEU',1,1,1),
(82,'Ghana','GH','GHA',1,0,1),
(83,'Gibraltar','GI','GIB',1,0,1),
(84,'Greece','GR','GRC',1,0,1),
(85,'Greenland','GL','GRL',1,0,1),
(86,'Grenada','GD','GRD',1,0,1),
(87,'Guadeloupe','GP','GLP',1,0,1),
(88,'Guam','GU','GUM',1,0,1),
(89,'Guatemala','GT','GTM',1,0,1),
(90,'Guinea','GN','GIN',1,0,1),
(91,'Guinea-Bissau','GW','GNB',1,0,1),
(92,'Guyana','GY','GUY',1,0,1),
(93,'Haiti','HT','HTI',1,0,1),
(94,'Heard and Mc Donald Islands','HM','HMD',1,0,1),
(95,'Honduras','HN','HND',1,0,1),
(96,'Hong Kong','HK','HKG',1,0,1),
(97,'Hungary','HU','HUN',1,0,1),
(98,'Iceland','IS','ISL',1,0,1),
(99,'India','IN','IND',1,0,1),
(100,'Indonesia','ID','IDN',1,0,1),
(101,'Iran (Islamic Republic of)','IR','IRN',1,0,1),
(102,'Iraq','IQ','IRQ',1,0,1),
(103,'Ireland','IE','IRL',1,0,1),
(104,'Israel','IL','ISR',1,0,1),
(105,'Italy','IT','ITA',1,0,1),
(106,'Jamaica','JM','JAM',1,0,1),
(107,'Japan','JP','JPN',1,0,1),
(108,'Jordan','JO','JOR',1,0,1),
(109,'Kazakhstan','KZ','KAZ',1,0,1),
(110,'Kenya','KE','KEN',1,0,1),
(111,'Kiribati','KI','KIR',1,0,1),
(112,'North Korea','KP','PRK',1,0,1),
(113,'South Korea','KR','KOR',1,0,1),
(114,'Kuwait','KW','KWT',1,0,1),
(115,'Kyrgyzstan','KG','KGZ',1,0,1),
(116,'Lao People\'s Democratic Republic','LA','LAO',1,0,1),
(117,'Latvia','LV','LVA',1,0,1),
(118,'Lebanon','LB','LBN',1,0,1),
(119,'Lesotho','LS','LSO',1,0,1),
(120,'Liberia','LR','LBR',1,0,1),
(121,'Libyan Arab Jamahiriya','LY','LBY',1,0,1),
(122,'Liechtenstein','LI','LIE',1,0,1),
(123,'Lithuania','LT','LTU',1,0,1),
(124,'Luxembourg','LU','LUX',1,0,1),
(125,'Macau','MO','MAC',1,0,1),
(126,'FYROM','MK','MKD',1,0,1),
(127,'Madagascar','MG','MDG',1,0,1),
(128,'Malawi','MW','MWI',1,0,1),
(129,'Malaysia','MY','MYS',1,0,1),
(130,'Maldives','MV','MDV',1,0,1),
(131,'Mali','ML','MLI',1,0,1),
(132,'Malta','MT','MLT',1,0,1),
(133,'Marshall Islands','MH','MHL',1,0,1),
(134,'Martinique','MQ','MTQ',1,0,1),
(135,'Mauritania','MR','MRT',1,0,1),
(136,'Mauritius','MU','MUS',1,0,1),
(137,'Mayotte','YT','MYT',1,0,1),
(138,'Mexico','MX','MEX',1,0,1),
(139,'Micronesia, Federated States of','FM','FSM',1,0,1),
(140,'Moldova, Republic of','MD','MDA',1,0,1),
(141,'Monaco','MC','MCO',1,0,1),
(142,'Mongolia','MN','MNG',1,0,1),
(143,'Montserrat','MS','MSR',1,0,1),
(144,'Morocco','MA','MAR',1,0,1),
(145,'Mozambique','MZ','MOZ',1,0,1),
(146,'Myanmar','MM','MMR',1,0,1),
(147,'Namibia','NA','NAM',1,0,1),
(148,'Nauru','NR','NRU',1,0,1),
(149,'Nepal','NP','NPL',1,0,1),
(150,'Netherlands','NL','NLD',1,0,1),
(151,'Netherlands Antilles','AN','ANT',1,0,1),
(152,'New Caledonia','NC','NCL',1,0,1),
(153,'New Zealand','NZ','NZL',1,0,1),
(154,'Nicaragua','NI','NIC',1,0,1),
(155,'Niger','NE','NER',1,0,1),
(156,'Nigeria','NG','NGA',1,0,1),
(157,'Niue','NU','NIU',1,0,1),
(158,'Norfolk Island','NF','NFK',1,0,1),
(159,'Northern Mariana Islands','MP','MNP',1,0,1),
(160,'Norway','NO','NOR',1,0,1),
(161,'Oman','OM','OMN',1,0,1),
(162,'Pakistan','PK','PAK',1,0,1),
(163,'Palau','PW','PLW',1,0,1),
(164,'Panama','PA','PAN',1,0,1),
(165,'Papua New Guinea','PG','PNG',1,0,1),
(166,'Paraguay','PY','PRY',1,0,1),
(167,'Peru','PE','PER',1,0,1),
(168,'Philippines','PH','PHL',1,0,1),
(169,'Pitcairn','PN','PCN',1,0,1),
(170,'Poland','PL','POL',1,0,1),
(171,'Portugal','PT','PRT',1,0,1),
(172,'Puerto Rico','PR','PRI',1,0,1),
(173,'Qatar','QA','QAT',1,0,1),
(174,'Reunion','RE','REU',1,0,1),
(175,'România','RO','ROM',1,0,1),
(176,'Russian Federation','RU','RUS',1,0,1),
(177,'Rwanda','RW','RWA',1,0,1),
(178,'Saint Kitts and Nevis','KN','KNA',1,0,1),
(179,'Saint Lucia','LC','LCA',1,0,1),
(180,'Saint Vincent and the Grenadines','VC','VCT',1,0,1),
(181,'Samoa','WS','WSM',1,0,1),
(182,'San Marino','SM','SMR',1,0,1),
(183,'Sao Tome and Principe','ST','STP',1,0,1),
(184,'Saudi Arabia','SA','SAU',1,0,1),
(185,'Senegal','SN','SEN',1,0,1),
(186,'Seychelles','SC','SYC',1,0,1),
(187,'Sierra Leone','SL','SLE',1,0,1),
(188,'Singapore','SG','SGP',1,0,1),
(189,'Slovak Republic','SK','SVK',1,0,1),
(190,'Slovenia','SI','SVN',1,0,1),
(191,'Solomon Islands','SB','SLB',1,0,1),
(192,'Somalia','SO','SOM',1,0,1),
(193,'South Africa','ZA','ZAF',1,0,1),
(194,'South Georgia &amp; South Sandwich Islands','GS','SGS',1,0,1),
(195,'Spain','ES','ESP',1,0,1),
(196,'Sri Lanka','LK','LKA',1,0,1),
(197,'St. Helena','SH','SHN',1,0,1),
(198,'St. Pierre and Miquelon','PM','SPM',1,0,1),
(199,'Sudan','SD','SDN',1,0,1),
(200,'Suriname','SR','SUR',1,0,1),
(201,'Svalbard and Jan Mayen Islands','SJ','SJM',1,0,1),
(202,'Swaziland','SZ','SWZ',1,0,1),
(203,'Sweden','SE','SWE',1,1,1),
(204,'Switzerland','CH','CHE',1,0,1),
(205,'Syrian Arab Republic','SY','SYR',1,0,1),
(206,'Taiwan','TW','TWN',1,0,1),
(207,'Tajikistan','TJ','TJK',1,0,1),
(208,'Tanzania, United Republic of','TZ','TZA',1,0,1),
(209,'Thailand','TH','THA',1,0,1),
(210,'Togo','TG','TGO',1,0,1),
(211,'Tokelau','TK','TKL',1,0,1),
(212,'Tonga','TO','TON',1,0,1),
(213,'Trinidad and Tobago','TT','TTO',1,0,1),
(214,'Tunisia','TN','TUN',1,0,1),
(215,'Turkey','TR','TUR',1,0,1),
(216,'Turkmenistan','TM','TKM',1,0,1),
(217,'Turks and Caicos Islands','TC','TCA',1,0,1),
(218,'Tuvalu','TV','TUV',1,0,1),
(219,'Uganda','UG','UGA',1,0,1),
(220,'Ukraine','UA','UKR',1,0,1),
(221,'United Arab Emirates','AE','ARE',1,0,1),
(222,'United Kingdom','GB','GBR',1,1,1),
(223,'United States','US','USA',1,0,1),
(224,'United States Minor Outlying Islands','UM','UMI',1,0,1),
(225,'Uruguay','UY','URY',1,0,1),
(226,'Uzbekistan','UZ','UZB',1,0,1),
(227,'Vanuatu','VU','VUT',1,0,1),
(228,'Vatican City State (Holy See)','VA','VAT',1,0,1),
(229,'Venezuela','VE','VEN',1,0,1),
(230,'Viet Nam','VN','VNM',1,0,1),
(231,'Virgin Islands (British)','VG','VGB',1,0,1),
(232,'Virgin Islands (U.S.)','VI','VIR',1,0,1),
(233,'Wallis and Futuna Islands','WF','WLF',1,0,1),
(234,'Western Sahara','EH','ESH',1,0,1),
(235,'Yemen','YE','YEM',1,0,1),
(237,'Democratic Republic of Congo','CD','COD',1,0,1),
(238,'Zambia','ZM','ZMB',1,0,1),
(239,'Zimbabwe','ZW','ZWE',1,0,1),
(242,'Montenegro','ME','MNE',1,0,1),
(243,'Serbia','RS','SRB',1,0,1),
(244,'Aaland Islands','AX','ALA',1,0,1),
(245,'Bonaire, Sint Eustatius and Saba','BQ','BES',1,0,1),
(246,'Curacao','CW','CUW',1,0,1),
(247,'Palestinian Territory, Occupied','PS','PSE',1,0,1),
(248,'South Sudan','SS','SSD',1,0,1),
(249,'St. Barthelemy','BL','BLM',1,0,1),
(250,'St. Martin (French part)','MF','MAF',1,0,1),
(251,'Canary Islands','IC','ICA',1,0,1),
(252,'Ascension Island (British)','AC','ASC',1,0,1),
(253,'Kosovo, Republic of','XK','UNK',1,0,1),
(254,'Isle of Man','IM','IMN',1,0,1),
(255,'Tristan da Cunha','TA','SHN',1,0,1),
(256,'Guernsey','GG','GGY',1,0,1),
(257,'Jersey','JE','JEY',1,0,1);

--
-- Table structure for table `oc_coupon`
--

CREATE TABLE `oc_coupon` (
  `coupon_id` int(11) NOT NULL AUTO_INCREMENT,
  `name` varchar(128) NOT NULL,
  `code` varchar(20) NOT NULL,
  `type` char(1) NOT NULL,
  `discount` decimal(15,4) NOT NULL,
  `logged` tinyint(1) NOT NULL,
  `shipping` tinyint(1) NOT NULL,
  `total` decimal(15,4) NOT NULL,
  `date_start` date NOT NULL,
  `date_end` date NOT NULL,
  `uses_total` int(11) NOT NULL,
  `uses_customer` int(11) NOT NULL,
  `status` tinyint(1) NOT NULL,
  `date_added` datetime NOT NULL,
  PRIMARY KEY (`coupon_id`)
) ENGINE=InnoDB AUTO_INCREMENT=7 DEFAULT CHARSET=utf8mb4 COLLATE=utf8mb4_general_ci ROW_FORMAT=DYNAMIC;

--
-- Dumping data for table `oc_coupon`
--

INSERT INTO `oc_coupon` (`coupon_id`, `name`, `code`, `type`, `discount`, `logged`, `shipping`, `total`, `date_start`, `date_end`, `uses_total`, `uses_customer`, `status`, `date_added`) VALUES (4,'-10% Discount','2222','P',10.0000,0,0,0.0000,'2014-01-01','2020-01-01',10,10,0,'2009-01-27 13:55:03'),
(5,'Free Shipping','3333','P',0.0000,0,1,100.0000,'2014-01-01','2014-02-01',10,10,0,'2009-03-14 21:13:53'),
(6,'-10.00 Discount','1111','F',10.0000,0,0,10.0000,'2014-01-01','2020-01-01',100000,10000,0,'2009-03-14 21:15:18');

--
-- Table structure for table `oc_coupon_category`
--

CREATE TABLE `oc_coupon_category` (
  `coupon_id` int(11) NOT NULL,
  `category_id` int(11) NOT NULL,
  PRIMARY KEY (`coupon_id`,`category_id`)
) ENGINE=InnoDB DEFAULT CHARSET=utf8mb4 COLLATE=utf8mb4_general_ci ROW_FORMAT=DYNAMIC;

--
-- Dumping data for table `oc_coupon_category`
--


--
-- Table structure for table `oc_coupon_history`
--

CREATE TABLE `oc_coupon_history` (
  `coupon_history_id` int(11) NOT NULL AUTO_INCREMENT,
  `coupon_id` int(11) NOT NULL,
  `order_id` int(11) NOT NULL,
  `customer_id` int(11) NOT NULL,
  `amount` decimal(15,4) NOT NULL,
  `date_added` datetime NOT NULL,
  PRIMARY KEY (`coupon_history_id`)
) ENGINE=InnoDB DEFAULT CHARSET=utf8mb4 COLLATE=utf8mb4_general_ci ROW_FORMAT=DYNAMIC;

--
-- Dumping data for table `oc_coupon_history`
--


--
-- Table structure for table `oc_coupon_product`
--

CREATE TABLE `oc_coupon_product` (
  `coupon_product_id` int(11) NOT NULL AUTO_INCREMENT,
  `coupon_id` int(11) NOT NULL,
  `product_id` int(11) NOT NULL,
  PRIMARY KEY (`coupon_product_id`)
) ENGINE=InnoDB DEFAULT CHARSET=utf8mb4 COLLATE=utf8mb4_general_ci ROW_FORMAT=DYNAMIC;

--
-- Dumping data for table `oc_coupon_product`
--


--
-- Table structure for table `oc_cron`
--

CREATE TABLE `oc_cron` (
  `cron_id` int(11) NOT NULL AUTO_INCREMENT,
  `code` varchar(128) NOT NULL,
  `description` text NOT NULL,
  `cycle` varchar(12) NOT NULL,
  `action` text NOT NULL,
  `status` tinyint(1) NOT NULL,
  `date_added` datetime NOT NULL,
  `date_modified` datetime NOT NULL,
  PRIMARY KEY (`cron_id`)
) ENGINE=InnoDB AUTO_INCREMENT=4 DEFAULT CHARSET=utf8mb4 COLLATE=utf8mb4_general_ci ROW_FORMAT=DYNAMIC;

--
-- Dumping data for table `oc_cron`
--

INSERT INTO `oc_cron` (`cron_id`, `code`, `description`, `cycle`, `action`, `status`, `date_added`, `date_modified`) VALUES (1,'currency','','day','cron/currency',1,'2014-09-25 14:40:00','2014-09-25 14:40:00'),
(2,'gdpr','','day','cron/gdpr',1,'2014-09-25 14:40:00','2014-09-25 14:40:00'),
(3,'subscription','','day','cron/subscription',0,'2014-09-25 14:40:00','2014-09-25 14:40:00');

--
-- Table structure for table `oc_currency`
--

CREATE TABLE `oc_currency` (
  `currency_id` int(11) NOT NULL AUTO_INCREMENT,
  `title` varchar(32) NOT NULL,
  `code` varchar(3) NOT NULL,
  `symbol_left` varchar(12) NOT NULL,
  `symbol_right` varchar(12) NOT NULL,
  `decimal_place` int(11) NOT NULL,
  `value` double(15,8) NOT NULL,
  `status` tinyint(1) NOT NULL,
  `date_modified` datetime NOT NULL,
  PRIMARY KEY (`currency_id`)
) ENGINE=InnoDB AUTO_INCREMENT=9 DEFAULT CHARSET=utf8mb4 COLLATE=utf8mb4_general_ci ROW_FORMAT=DYNAMIC;

--
-- Dumping data for table `oc_currency`
--

INSERT INTO `oc_currency` (`currency_id`, `title`, `code`, `symbol_left`, `symbol_right`, `decimal_place`, `value`, `status`, `date_modified`) VALUES (1,'Pound Sterling','GBP','£','',2,0.77751234,1,'2023-10-21 17:04:19'),
(2,'US Dollar','USD','$','',2,1.00000000,1,'2023-10-21 17:04:19'),
(3,'Euro','EUR','','€',2,0.89150968,1,'2023-10-21 17:04:19'),
(4,'Hong Kong Dollar','HKD','HK$','',2,7.38624686,0,'2023-10-21 17:04:19'),
(5,'Indian Rupee','INR','₹','',2,78.43769632,0,'2023-10-21 17:04:19'),
(6,'Russian Ruble','RUB','','₽',2,56.40360000,0,'2018-02-16 12:00:00'),
(7,'Chinese Yuan Renminbi','CNY','¥','',2,6.90821937,0,'2023-10-21 17:04:19'),
(8,'Australian Dollar','AUD','$','',2,1.49524004,0,'2023-10-21 17:04:19');

--
-- Table structure for table `oc_custom_field`
--

CREATE TABLE `oc_custom_field` (
  `custom_field_id` int(11) NOT NULL AUTO_INCREMENT,
  `type` varchar(32) NOT NULL,
  `value` text NOT NULL,
  `validation` varchar(255) NOT NULL,
  `location` varchar(10) NOT NULL,
  `status` tinyint(1) NOT NULL,
  `sort_order` int(11) NOT NULL,
  PRIMARY KEY (`custom_field_id`)
) ENGINE=InnoDB AUTO_INCREMENT=29 DEFAULT CHARSET=utf8mb4 COLLATE=utf8mb4_general_ci ROW_FORMAT=DYNAMIC;

--
-- Dumping data for table `oc_custom_field`
--

INSERT INTO `oc_custom_field` (`custom_field_id`, `type`, `value`, `validation`, `location`, `status`, `sort_order`) VALUES (1,'select','','','account',0,1),
(2,'radio','','','account',0,2),
(3,'checkbox','','','account',0,3),
(4,'text','','','account',0,4),
(5,'textarea','','','account',0,5),
(6,'file','','','account',0,6),
(7,'date','','','account',0,7),
(8,'time','','','account',0,8),
(9,'datetime','','','account',0,9),
(11,'checkbox','','','address',0,3),
(12,'time','','','address',0,8),
(13,'date','','','address',0,7),
(14,'datetime','','','address',0,9),
(15,'file','','','address',0,6),
(16,'radio','','','address',0,2),
(17,'select','','','address',0,1),
(18,'text','','','address',0,4),
(19,'textarea','','','address',0,5),
(20,'checkbox','','','affiliate',0,3),
(21,'date','','','affiliate',0,8),
(22,'datetime','','','affiliate',0,9),
(23,'file','','','affiliate',0,6),
(24,'radio','','','affiliate',0,2),
(25,'select','','','affiliate',0,1),
(26,'text','','','affiliate',0,4),
(27,'textarea','','','affiliate',0,5),
(28,'time','','','affiliate',0,8);

--
-- Table structure for table `oc_custom_field_customer_group`
--

CREATE TABLE `oc_custom_field_customer_group` (
  `custom_field_id` int(11) NOT NULL,
  `customer_group_id` int(11) NOT NULL,
  `required` tinyint(1) NOT NULL,
  PRIMARY KEY (`custom_field_id`,`customer_group_id`)
) ENGINE=InnoDB DEFAULT CHARSET=utf8mb4 COLLATE=utf8mb4_general_ci ROW_FORMAT=DYNAMIC;

--
-- Dumping data for table `oc_custom_field_customer_group`
--

INSERT INTO `oc_custom_field_customer_group` (`custom_field_id`, `customer_group_id`, `required`) VALUES (1,1,1),
(2,1,1),
(3,1,1),
(4,1,1),
(5,1,1),
(6,1,1),
(7,1,1),
(8,1,1),
(9,1,1),
(11,1,1),
(12,1,1),
(13,1,1),
(14,1,1),
(15,1,1),
(16,1,1),
(17,1,1),
(18,1,1),
(19,1,1),
(20,1,1),
(21,1,1),
(22,1,1),
(23,1,1),
(24,1,1),
(25,1,1),
(26,1,1),
(27,1,1),
(28,1,1);

--
-- Table structure for table `oc_custom_field_description`
--

CREATE TABLE `oc_custom_field_description` (
  `custom_field_id` int(11) NOT NULL,
  `language_id` int(11) NOT NULL,
  `name` varchar(128) NOT NULL,
  PRIMARY KEY (`custom_field_id`,`language_id`)
) ENGINE=InnoDB DEFAULT CHARSET=utf8mb4 COLLATE=utf8mb4_general_ci ROW_FORMAT=DYNAMIC;

--
-- Dumping data for table `oc_custom_field_description`
--

INSERT INTO `oc_custom_field_description` (`custom_field_id`, `language_id`, `name`) VALUES (1,1,'Select'),
(2,1,'Radio'),
(3,1,'Checkbox'),
(4,1,'Text'),
(5,1,'Textarea'),
(6,1,'File'),
(7,1,'Date'),
(8,1,'Time'),
(9,1,'Date &amp; Time'),
(11,1,'Checkbox'),
(12,1,'Time'),
(13,1,'Date'),
(14,1,'Date &amp; Time'),
(15,1,'File'),
(16,1,'Radio'),
(17,1,'Select'),
(18,1,'Text'),
(19,1,'Textarea'),
(20,1,'Checkbox'),
(21,1,'Date'),
(22,1,'Date &amp; Time'),
(23,1,'File'),
(24,1,'Radio'),
(25,1,'Select'),
(26,1,'Text'),
(27,1,'Textarea'),
(28,1,'Time');

--
-- Table structure for table `oc_custom_field_value`
--

CREATE TABLE `oc_custom_field_value` (
  `custom_field_value_id` int(11) NOT NULL AUTO_INCREMENT,
  `custom_field_id` int(11) NOT NULL,
  `sort_order` int(11) NOT NULL,
  PRIMARY KEY (`custom_field_value_id`)
) ENGINE=InnoDB AUTO_INCREMENT=47 DEFAULT CHARSET=utf8mb4 COLLATE=utf8mb4_general_ci ROW_FORMAT=DYNAMIC;

--
-- Dumping data for table `oc_custom_field_value`
--

INSERT INTO `oc_custom_field_value` (`custom_field_value_id`, `custom_field_id`, `sort_order`) VALUES (1,1,1),
(2,1,2),
(3,1,3),
(4,2,1),
(5,2,2),
(6,2,3),
(7,3,1),
(8,3,2),
(9,3,3),
(20,11,1),
(21,11,2),
(22,11,3),
(32,16,1),
(33,16,2),
(34,16,3),
(35,17,1),
(36,17,2),
(37,17,3),
(38,20,1),
(39,20,2),
(40,20,3),
(41,24,1),
(42,24,2),
(43,24,3),
(44,25,0),
(45,25,0),
(46,25,0);

--
-- Table structure for table `oc_custom_field_value_description`
--

CREATE TABLE `oc_custom_field_value_description` (
  `custom_field_value_id` int(11) NOT NULL,
  `language_id` int(11) NOT NULL,
  `custom_field_id` int(11) NOT NULL,
  `name` varchar(128) NOT NULL,
  PRIMARY KEY (`custom_field_value_id`,`language_id`)
) ENGINE=InnoDB DEFAULT CHARSET=utf8mb4 COLLATE=utf8mb4_general_ci ROW_FORMAT=DYNAMIC;

--
-- Dumping data for table `oc_custom_field_value_description`
--

INSERT INTO `oc_custom_field_value_description` (`custom_field_value_id`, `language_id`, `custom_field_id`, `name`) VALUES (1,1,1,'Test 1'),
(2,1,1,'test 2'),
(3,1,1,'Test 3'),
(4,1,2,'Test 1'),
(5,1,2,'Test 2'),
(6,1,2,'Test 3'),
(7,1,3,'Test 1'),
(8,1,3,'Test 2'),
(9,1,3,'Test 3'),
(20,1,11,'Test 1'),
(21,1,11,'Test 2'),
(22,1,11,'Test 3'),
(32,1,16,'Test 1'),
(33,1,16,'Test 2'),
(34,1,16,'Test 3'),
(35,1,17,'Test 1'),
(36,1,17,'Test 2'),
(37,1,17,'Test 3'),
(38,1,20,'Test 1'),
(39,1,20,'Test 2'),
(40,1,20,'Test 3'),
(41,1,24,'Test 1'),
(42,1,24,'Test 2'),
(43,1,24,'Test 3'),
(44,1,25,'Test 1'),
(45,1,25,'Test 2'),
(46,1,25,'Test 3');

--
-- Table structure for table `oc_customer_affiliate`
--

CREATE TABLE `oc_customer_affiliate` (
  `customer_id` int(11) NOT NULL,
  `company` varchar(60) NOT NULL,
  `website` varchar(255) NOT NULL,
  `tracking` varchar(64) NOT NULL,
  `balance` decimal(15,4) NOT NULL,
  `commission` decimal(4,2) NOT NULL DEFAULT 0.00,
  `tax` varchar(64) NOT NULL,
  `payment_method` varchar(6) NOT NULL,
  `cheque` varchar(100) NOT NULL,
  `paypal` varchar(64) NOT NULL,
  `bank_name` varchar(64) NOT NULL,
  `bank_branch_number` varchar(64) NOT NULL,
  `bank_swift_code` varchar(64) NOT NULL,
  `bank_account_name` varchar(64) NOT NULL,
  `bank_account_number` varchar(64) NOT NULL,
  `custom_field` text NOT NULL,
  `status` tinyint(1) NOT NULL,
  `date_added` datetime NOT NULL,
  PRIMARY KEY (`customer_id`)
) ENGINE=InnoDB DEFAULT CHARSET=utf8mb4 COLLATE=utf8mb4_general_ci ROW_FORMAT=DYNAMIC;

--
-- Dumping data for table `oc_customer_affiliate`
--


--
-- Table structure for table `oc_customer_affiliate_report`
--

CREATE TABLE `oc_customer_affiliate_report` (
  `customer_affiliate_report_id` int(11) NOT NULL AUTO_INCREMENT,
  `customer_id` int(11) NOT NULL,
  `store_id` int(11) NOT NULL,
  `ip` varchar(40) NOT NULL,
  `country` varchar(2) NOT NULL,
  `date_added` datetime NOT NULL,
  PRIMARY KEY (`customer_affiliate_report_id`)
) ENGINE=InnoDB DEFAULT CHARSET=utf8mb4 COLLATE=utf8mb4_general_ci ROW_FORMAT=DYNAMIC;

--
-- Dumping data for table `oc_customer_affiliate_report`
--


--
-- Table structure for table `oc_customer_approval`
--

CREATE TABLE `oc_customer_approval` (
  `customer_approval_id` int(11) NOT NULL AUTO_INCREMENT,
  `customer_id` int(11) NOT NULL,
  `type` varchar(9) NOT NULL,
  `date_added` datetime NOT NULL,
  PRIMARY KEY (`customer_approval_id`)
) ENGINE=InnoDB DEFAULT CHARSET=utf8mb4 COLLATE=utf8mb4_general_ci ROW_FORMAT=DYNAMIC;

--
-- Dumping data for table `oc_customer_approval`
--


--
-- Table structure for table `oc_customer_group`
--

CREATE TABLE `oc_customer_group` (
  `customer_group_id` int(11) NOT NULL AUTO_INCREMENT,
  `approval` int(11) NOT NULL,
  `sort_order` int(11) NOT NULL,
  PRIMARY KEY (`customer_group_id`)
) ENGINE=InnoDB AUTO_INCREMENT=2 DEFAULT CHARSET=utf8mb4 COLLATE=utf8mb4_general_ci ROW_FORMAT=DYNAMIC;

--
-- Dumping data for table `oc_customer_group`
--

INSERT INTO `oc_customer_group` (`customer_group_id`, `approval`, `sort_order`) VALUES (1,0,1);

--
-- Table structure for table `oc_customer_group_description`
--

CREATE TABLE `oc_customer_group_description` (
  `customer_group_id` int(11) NOT NULL,
  `language_id` int(11) NOT NULL,
  `name` varchar(32) NOT NULL,
  `description` text NOT NULL,
  PRIMARY KEY (`customer_group_id`,`language_id`)
) ENGINE=InnoDB DEFAULT CHARSET=utf8mb4 COLLATE=utf8mb4_general_ci ROW_FORMAT=DYNAMIC;

--
-- Dumping data for table `oc_customer_group_description`
--

INSERT INTO `oc_customer_group_description` (`customer_group_id`, `language_id`, `name`, `description`) VALUES (1,1,'Default','test');

--
-- Table structure for table `oc_customer_history`
--

CREATE TABLE `oc_customer_history` (
  `customer_history_id` int(11) NOT NULL AUTO_INCREMENT,
  `customer_id` int(11) NOT NULL,
  `comment` text NOT NULL,
  `date_added` datetime NOT NULL,
  PRIMARY KEY (`customer_history_id`)
) ENGINE=InnoDB DEFAULT CHARSET=utf8mb4 COLLATE=utf8mb4_general_ci ROW_FORMAT=DYNAMIC;

--
-- Dumping data for table `oc_customer_history`
--


--
-- Table structure for table `oc_customer_ip`
--

CREATE TABLE `oc_customer_ip` (
  `customer_ip_id` int(11) NOT NULL AUTO_INCREMENT,
  `customer_id` int(11) NOT NULL,
  `store_id` int(11) NOT NULL,
  `ip` varchar(40) NOT NULL,
  `country` varchar(2) NOT NULL,
  `date_added` datetime NOT NULL,
  PRIMARY KEY (`customer_ip_id`),
  KEY `ip` (`ip`)
) ENGINE=InnoDB DEFAULT CHARSET=utf8mb4 COLLATE=utf8mb4_general_ci ROW_FORMAT=DYNAMIC;

--
-- Dumping data for table `oc_customer_ip`
--


--
-- Table structure for table `oc_customer_login`
--

CREATE TABLE `oc_customer_login` (
  `customer_login_id` int(11) NOT NULL AUTO_INCREMENT,
  `email` varchar(96) NOT NULL,
  `ip` varchar(40) NOT NULL,
  `total` int(11) NOT NULL,
  `date_added` datetime NOT NULL,
  `date_modified` datetime NOT NULL,
  PRIMARY KEY (`customer_login_id`),
  KEY `email` (`email`),
  KEY `ip` (`ip`)
) ENGINE=InnoDB DEFAULT CHARSET=utf8mb4 COLLATE=utf8mb4_general_ci ROW_FORMAT=DYNAMIC;

--
-- Dumping data for table `oc_customer_login`
--


--
-- Table structure for table `oc_customer_online`
--

CREATE TABLE `oc_customer_online` (
  `ip` varchar(40) NOT NULL,
  `customer_id` int(11) NOT NULL,
  `url` text NOT NULL,
  `referer` text NOT NULL,
  `date_added` datetime NOT NULL,
  PRIMARY KEY (`ip`)
) ENGINE=InnoDB DEFAULT CHARSET=utf8mb4 COLLATE=utf8mb4_general_ci ROW_FORMAT=DYNAMIC;

--
-- Dumping data for table `oc_customer_online`
--


--
-- Table structure for table `oc_customer_reward`
--

CREATE TABLE `oc_customer_reward` (
  `customer_reward_id` int(11) NOT NULL AUTO_INCREMENT,
  `customer_id` int(11) NOT NULL DEFAULT 0,
  `order_id` int(11) NOT NULL DEFAULT 0,
  `description` text NOT NULL,
  `points` int(11) NOT NULL DEFAULT 0,
  `date_added` datetime NOT NULL,
  PRIMARY KEY (`customer_reward_id`)
) ENGINE=InnoDB DEFAULT CHARSET=utf8mb4 COLLATE=utf8mb4_general_ci ROW_FORMAT=DYNAMIC;

--
-- Dumping data for table `oc_customer_reward`
--


--
-- Table structure for table `oc_customer_search`
--

CREATE TABLE `oc_customer_search` (
  `customer_search_id` int(11) NOT NULL AUTO_INCREMENT,
  `store_id` int(11) NOT NULL,
  `language_id` int(11) NOT NULL,
  `customer_id` int(11) NOT NULL,
  `keyword` varchar(255) NOT NULL,
  `category_id` int(11) NOT NULL,
  `sub_category` tinyint(1) NOT NULL,
  `description` tinyint(1) NOT NULL,
  `products` int(11) NOT NULL,
  `ip` varchar(40) NOT NULL,
  `date_added` datetime NOT NULL,
  PRIMARY KEY (`customer_search_id`)
) ENGINE=InnoDB DEFAULT CHARSET=utf8mb4 COLLATE=utf8mb4_general_ci ROW_FORMAT=DYNAMIC;

--
-- Dumping data for table `oc_customer_search`
--


--
-- Table structure for table `oc_customer_transaction`
--

CREATE TABLE `oc_customer_transaction` (
  `customer_transaction_id` int(11) NOT NULL AUTO_INCREMENT,
  `customer_id` int(11) NOT NULL,
  `order_id` int(11) NOT NULL,
  `description` text NOT NULL,
  `amount` decimal(15,4) NOT NULL,
  `date_added` datetime NOT NULL,
  PRIMARY KEY (`customer_transaction_id`)
) ENGINE=InnoDB DEFAULT CHARSET=utf8mb4 COLLATE=utf8mb4_general_ci ROW_FORMAT=DYNAMIC;

--
-- Dumping data for table `oc_customer_transaction`
--


--
-- Table structure for table `oc_customer_wishlist`
--

CREATE TABLE `oc_customer_wishlist` (
  `customer_id` int(11) NOT NULL,
  `product_id` int(11) NOT NULL,
  `date_added` datetime NOT NULL,
  PRIMARY KEY (`customer_id`,`product_id`)
) ENGINE=InnoDB DEFAULT CHARSET=utf8mb4 COLLATE=utf8mb4_general_ci ROW_FORMAT=DYNAMIC;

--
-- Dumping data for table `oc_customer_wishlist`
--


--
-- Table structure for table `oc_download`
--

CREATE TABLE `oc_download` (
  `download_id` int(11) NOT NULL AUTO_INCREMENT,
  `filename` varchar(160) NOT NULL,
  `mask` varchar(128) NOT NULL,
  `date_added` datetime NOT NULL,
  PRIMARY KEY (`download_id`)
) ENGINE=InnoDB DEFAULT CHARSET=utf8mb4 COLLATE=utf8mb4_general_ci ROW_FORMAT=DYNAMIC;

--
-- Dumping data for table `oc_download`
--


--
-- Table structure for table `oc_download_description`
--

CREATE TABLE `oc_download_description` (
  `download_id` int(11) NOT NULL,
  `language_id` int(11) NOT NULL,
  `name` varchar(64) NOT NULL,
  PRIMARY KEY (`download_id`,`language_id`)
) ENGINE=InnoDB DEFAULT CHARSET=utf8mb4 COLLATE=utf8mb4_general_ci ROW_FORMAT=DYNAMIC;

--
-- Dumping data for table `oc_download_description`
--


--
-- Table structure for table `oc_download_report`
--

CREATE TABLE `oc_download_report` (
  `download_report_id` int(11) NOT NULL AUTO_INCREMENT,
  `download_id` int(11) NOT NULL,
  `store_id` int(11) NOT NULL,
  `ip` varchar(40) NOT NULL,
  `country` varchar(2) NOT NULL,
  `date_added` datetime NOT NULL,
  PRIMARY KEY (`download_report_id`)
) ENGINE=InnoDB DEFAULT CHARSET=utf8mb4 COLLATE=utf8mb4_general_ci ROW_FORMAT=DYNAMIC;

--
-- Dumping data for table `oc_download_report`
--


--
-- Table structure for table `oc_event`
--

CREATE TABLE `oc_event` (
  `event_id` int(11) NOT NULL AUTO_INCREMENT,
  `code` varchar(128) NOT NULL,
  `description` text NOT NULL,
  `trigger` text NOT NULL,
  `action` text NOT NULL,
  `status` tinyint(1) NOT NULL DEFAULT 0,
  `sort_order` int(11) NOT NULL DEFAULT 1,
  PRIMARY KEY (`event_id`)
) ENGINE=InnoDB AUTO_INCREMENT=46 DEFAULT CHARSET=utf8mb4 COLLATE=utf8mb4_general_ci ROW_FORMAT=DYNAMIC;

--
-- Dumping data for table `oc_event`
--

INSERT INTO `oc_event` (`event_id`, `code`, `description`, `trigger`, `action`, `status`, `sort_order`) VALUES (1,'activity_customer_add','','catalog/model/account/customer/addCustomer/after','event/activity.addCustomer',1,1),
(2,'activity_customer_edit','','catalog/model/account/customer/editCustomer/after','event/activity.editCustomer',1,1),
(3,'activity_customer_password','','catalog/model/account/customer/editPassword/after','event/activity.editPassword',1,1),
(4,'activity_customer_forgotten','','catalog/model/account/customer/editCode/after','event/activity.forgotten',1,1),
(5,'activity_customer_login','','catalog/model/account/customer/deleteLoginAttempts/after','event/activity.login',1,1),
(6,'activity_customer_transaction','','catalog/model/account/customer/addTransaction/after','event/activity.addTransaction',1,1),
(7,'activity_address_add','','catalog/model/account/address/addAddress/after','event/activity.addAddress',1,1),
(8,'activity_address_edit','','catalog/model/account/address/editAddress/after','event/activity.editAddress',1,1),
(9,'activity_address_delete','','catalog/model/account/address/deleteAddress/after','event/activity.deleteAddress',1,1),
(10,'activity_affiliate_add','','catalog/model/account/affiliate/addAffiliate/after','event/activity.addAffiliate',1,1),
(11,'activity_affiliate_edit','','catalog/model/account/affiliate/editAffiliate/after','event/activity.editAffiliate',1,1),
(12,'activity_order_add','','catalog/model/checkout/order/addHistory/before','event/activity.addHistory',1,1),
(13,'activity_return_add','','catalog/model/account/returns/addReturn/after','event/activity.addReturn',1,1),
(14,'mail_customer_transaction','','catalog/model/account/customer/addTransaction/after','mail/transaction',1,1),
(15,'mail_customer_forgotten','','catalog/model/account/customer/editCode/after','mail/forgotten',1,1),
(16,'mail_customer_add','','catalog/model/account/customer/addCustomer/after','mail/register',1,1),
(17,'mail_customer_alert','','catalog/model/account/customer/addCustomer/after','mail/register.alert',1,1),
(18,'mail_affiliate_add','','catalog/model/account/affiliate/addAffiliate/after','mail/affiliate',1,1),
(19,'mail_affiliate_alert','','catalog/model/account/affiliate/addAffiliate/after','mail/affiliate.alert',1,1),
(20,'mail_order_alert','','catalog/model/checkout/order/addHistory/before','mail/order.alert',1,1),
(21,'mail_order_add','','catalog/model/checkout/order/addHistory/before','mail/order',1,1),
(22,'mail_gdpr','','catalog/model/account/gdpr/addGdpr/after','mail/gdpr',1,1),
(23,'mail_gdpr_delete','','catalog/model/account/gdpr/editStatus/after','mail/gdpr.remove',1,1),
(24,'mail_voucher','','catalog/model/checkout/order/addHistory/after','mail/voucher',1,1),
(25,'mail_review','','catalog/model/catalog/review/addReview/after','mail/review',1,1),
(26,'mail_subscription','','catalog/model/checkout/subscription/addSubscription/after','mail/subscription',1,1),
(27,'statistics_review_add','','catalog/model/catalog/review/addReview/after','event/statistics.addReview',1,1),
(28,'statistics_return_add','','catalog/model/account/returns/addReturn/after','event/statistics.addReturn',1,1),
(29,'statistics_return_delete','','admin/model/sale/returns/deleteReturn/after','event/statistics.deleteReturn',1,1),
(30,'statistics_order_history','','catalog/model/checkout/order/addHistory/before','event/statistics.addHistory',1,1),
(31,'admin_currency_add','','admin/model/localisation/currency/addCurrency/after','event/currency',1,1),
(32,'admin_currency_edit','','admin/model/localisation/currency/editCurrency/after','event/currency',1,1),
(33,'admin_currency_setting','','admin/model/setting/setting/editSetting/after','event/currency',1,1),
(34,'admin_mail_gdpr','','admin/model/customer/gdpr/editStatus/after','mail/gdpr',1,1),
(35,'admin_mail_affiliate_approve','','admin/model/customer/customer_approval/approveAffiliate/after','mail/affiliate.approve',1,1),
(36,'admin_mail_affiliate_deny','','admin/model/customer/customer_approval/denyAffiliate/after','mail/affiliate.deny',1,1),
(37,'admin_mail_customer_approve','','admin/model/customer/customer_approval/approveCustomer/after','mail/customer.approve',1,1),
(38,'admin_mail_customer_deny','','admin/model/customer/customer_approval/denyCustomer/after','mail/customer.deny',1,1),
(39,'admin_mail_customer_transaction','','admin/model/customer/customer/addTransaction/after','mail/transaction',1,1),
(40,'admin_mail_reward','','admin/model/customer/customer/addReward/after','mail/reward',1,1),
(41,'admin_mail_return','','admin/model/sale/returns/addHistory/after','mail/returns',1,1),
(42,'admin_mail_user_forgotten','','admin/model/user/user/editCode/after','mail/forgotten',1,1),
(43,'admin_mail_user_authorize','','admin/controller/common/authorize.send/after','mail/authorize',1,1),
(44,'admin_mail_user_authorize_reset','','admin/model/user/user/editCode/after','mail/authorize.reset',1,1),
(45,'other_export_import','','admin/view/common/column_left/before','extension/export_import/other/export_import.eventViewCommonColumnLeftBefore',1,0);

--
-- Table structure for table `oc_extension`
--

CREATE TABLE `oc_extension` (
  `extension_id` int(11) NOT NULL AUTO_INCREMENT,
  `extension` varchar(255) NOT NULL,
  `type` varchar(32) NOT NULL,
  `code` varchar(128) NOT NULL,
  PRIMARY KEY (`extension_id`)
) ENGINE=InnoDB AUTO_INCREMENT=47 DEFAULT CHARSET=utf8mb4 COLLATE=utf8mb4_general_ci ROW_FORMAT=DYNAMIC;

--
-- Dumping data for table `oc_extension`
--

INSERT INTO `oc_extension` (`extension_id`, `extension`, `type`, `code`) VALUES (1,'opencart','payment','cod'),
(2,'opencart','total','shipping'),
(3,'opencart','total','sub_total'),
(4,'opencart','total','tax'),
(5,'opencart','total','total'),
(8,'opencart','total','credit'),
(9,'opencart','shipping','flat'),
(10,'opencart','total','handling'),
(11,'opencart','total','low_order_fee'),
(12,'opencart','total','coupon'),
(15,'opencart','total','reward'),
(16,'opencart','total','voucher'),
(17,'opencart','payment','free_checkout'),
(20,'opencart','theme','basic'),
(21,'opencart','dashboard','activity'),
(22,'opencart','dashboard','sale'),
(23,'opencart','dashboard','recent'),
(24,'opencart','dashboard','order'),
(25,'opencart','dashboard','online'),
(26,'opencart','dashboard','map'),
(27,'opencart','dashboard','customer'),
(28,'opencart','dashboard','chart'),
(29,'opencart','report','sale_coupon'),
(31,'opencart','report','customer_search'),
(32,'opencart','report','customer_transaction'),
(33,'opencart','report','product_purchased'),
(34,'opencart','report','product_viewed'),
(35,'opencart','report','sale_return'),
(36,'opencart','report','sale_order'),
(37,'opencart','report','sale_shipping'),
(38,'opencart','report','sale_tax'),
(39,'opencart','report','customer_activity'),
(40,'opencart','report','customer_order'),
(41,'opencart','report','customer_reward'),
(42,'opencart','currency','ecb'),
(43,'opencart','report','marketing'),
(44,'opencart','report','customer_subscription'),
(45,'opencart','report','customer'),
(46,'export_import','other','export_import');

--
-- Table structure for table `oc_extension_install`
--

CREATE TABLE `oc_extension_install` (
  `extension_install_id` int(11) NOT NULL AUTO_INCREMENT,
  `extension_id` int(11) NOT NULL,
  `extension_download_id` int(11) NOT NULL,
  `name` varchar(128) NOT NULL,
  `code` varchar(255) NOT NULL,
  `version` varchar(255) NOT NULL,
  `author` varchar(255) NOT NULL,
  `link` varchar(255) NOT NULL,
  `status` tinyint(1) NOT NULL,
  `date_added` datetime NOT NULL,
  PRIMARY KEY (`extension_install_id`)
) ENGINE=InnoDB AUTO_INCREMENT=6 DEFAULT CHARSET=utf8mb4 COLLATE=utf8mb4_general_ci ROW_FORMAT=DYNAMIC;

--
-- Dumping data for table `oc_extension_install`
--

INSERT INTO `oc_extension_install` (`extension_install_id`, `extension_id`, `extension_download_id`, `name`, `code`, `version`, `author`, `link`, `status`, `date_added`) VALUES (1,0,0,'OpenCart Default Extensions','opencart','1.0','OpenCart Ltd','http://www.opencart.com',1,'2020-08-29 15:35:39'),
(2,0,0,'OpenCart Language Example','oc_language_example','1.0','OpenCart Ltd','https://www.opencart.com',0,'2023-10-21 16:51:36'),
(3,0,0,'OpenCart Payment Example','oc_payment_example','1.0','OpenCart Ltd','https://www.opencart.com',0,'2023-10-21 16:51:36'),
(4,0,0,'OpenCart Theme Example','oc_theme_example','1.0','OpenCart Ltd','https://www.opencart.com',0,'2023-10-21 16:51:36'),
(5,0,0,'Export Import Tool','export_import','4.17.1','MHCWebDesign','https://www.mhccorp.com',1,'2023-10-21 17:02:08');

--
-- Table structure for table `oc_extension_path`
--

CREATE TABLE `oc_extension_path` (
  `extension_path_id` int(11) NOT NULL AUTO_INCREMENT,
  `extension_install_id` int(11) NOT NULL,
  `path` varchar(255) NOT NULL,
  PRIMARY KEY (`extension_path_id`),
  KEY `path` (`path`)
) ENGINE=InnoDB AUTO_INCREMENT=1650 DEFAULT CHARSET=utf8mb4 COLLATE=utf8mb4_general_ci ROW_FORMAT=DYNAMIC;

--
-- Dumping data for table `oc_extension_path`
--

INSERT INTO `oc_extension_path` (`extension_path_id`, `extension_install_id`, `path`) VALUES (1,1,'opencart'),
(2,1,'opencart/admin'),
(3,1,'opencart/admin/controller'),
(4,1,'opencart/admin/controller/analytics'),
(5,1,'opencart/admin/controller/analytics/index.html'),
(6,1,'opencart/admin/controller/captcha'),
(7,1,'opencart/admin/controller/captcha/basic.php'),
(8,1,'opencart/admin/controller/currency'),
(9,1,'opencart/admin/controller/currency/ecb.php'),
(10,1,'opencart/admin/controller/currency/fixer.php'),
(11,1,'opencart/admin/controller/dashboard'),
(12,1,'opencart/admin/controller/dashboard/activity.php'),
(13,1,'opencart/admin/controller/dashboard/chart.php'),
(14,1,'opencart/admin/controller/dashboard/customer.php'),
(15,1,'opencart/admin/controller/dashboard/map.php'),
(16,1,'opencart/admin/controller/dashboard/online.php'),
(17,1,'opencart/admin/controller/dashboard/order.php'),
(18,1,'opencart/admin/controller/dashboard/recent.php'),
(19,1,'opencart/admin/controller/dashboard/sale.php'),
(20,1,'opencart/admin/controller/feed'),
(21,1,'opencart/admin/controller/feed/index.html'),
(22,1,'opencart/admin/controller/fraud'),
(23,1,'opencart/admin/controller/fraud/ip.php'),
(24,1,'opencart/admin/controller/module'),
(25,1,'opencart/admin/controller/module/account.php'),
(26,1,'opencart/admin/controller/module/banner.php'),
(27,1,'opencart/admin/controller/module/bestseller.php'),
(28,1,'opencart/admin/controller/module/category.php'),
(29,1,'opencart/admin/controller/module/featured.php'),
(30,1,'opencart/admin/controller/module/filter.php'),
(31,1,'opencart/admin/controller/module/html.php'),
(32,1,'opencart/admin/controller/module/information.php'),
(33,1,'opencart/admin/controller/module/latest.php'),
(34,1,'opencart/admin/controller/module/special.php'),
(35,1,'opencart/admin/controller/module/store.php'),
(36,1,'opencart/admin/controller/payment'),
(37,1,'opencart/admin/controller/payment/bank_transfer.php'),
(38,1,'opencart/admin/controller/payment/cheque.php'),
(39,1,'opencart/admin/controller/payment/cod.php'),
(40,1,'opencart/admin/controller/payment/free_checkout.php'),
(41,1,'opencart/admin/controller/report'),
(42,1,'opencart/admin/controller/report/customer.php'),
(43,1,'opencart/admin/controller/report/customer_activity.php'),
(44,1,'opencart/admin/controller/report/customer_order.php'),
(45,1,'opencart/admin/controller/report/customer_reward.php'),
(46,1,'opencart/admin/controller/report/customer_search.php'),
(47,1,'opencart/admin/controller/report/customer_subscription.php'),
(48,1,'opencart/admin/controller/report/customer_transaction.php'),
(49,1,'opencart/admin/controller/report/marketing.php'),
(50,1,'opencart/admin/controller/report/product_purchased.php'),
(51,1,'opencart/admin/controller/report/product_viewed.php'),
(52,1,'opencart/admin/controller/report/sale_coupon.php'),
(53,1,'opencart/admin/controller/report/sale_order.php'),
(54,1,'opencart/admin/controller/report/sale_return.php'),
(55,1,'opencart/admin/controller/report/sale_shipping.php'),
(56,1,'opencart/admin/controller/report/sale_tax.php'),
(57,1,'opencart/admin/controller/shipping'),
(58,1,'opencart/admin/controller/shipping/flat.php'),
(59,1,'opencart/admin/controller/shipping/free.php'),
(60,1,'opencart/admin/controller/shipping/item.php'),
(61,1,'opencart/admin/controller/shipping/pickup.php'),
(62,1,'opencart/admin/controller/shipping/weight.php'),
(63,1,'opencart/admin/controller/theme'),
(64,1,'opencart/admin/controller/theme/basic.php'),
(65,1,'opencart/admin/controller/total'),
(66,1,'opencart/admin/controller/total/coupon.php'),
(67,1,'opencart/admin/controller/total/credit.php'),
(68,1,'opencart/admin/controller/total/handling.php'),
(69,1,'opencart/admin/controller/total/low_order_fee.php'),
(70,1,'opencart/admin/controller/total/reward.php'),
(71,1,'opencart/admin/controller/total/shipping.php'),
(72,1,'opencart/admin/controller/total/sub_total.php'),
(73,1,'opencart/admin/controller/total/tax.php'),
(74,1,'opencart/admin/controller/total/total.php'),
(75,1,'opencart/admin/controller/total/voucher.php'),
(76,1,'opencart/admin/language'),
(77,1,'opencart/admin/language/en-gb'),
(78,1,'opencart/admin/language/en-gb/captcha'),
(79,1,'opencart/admin/language/en-gb/captcha/basic.php'),
(80,1,'opencart/admin/language/en-gb/currency'),
(81,1,'opencart/admin/language/en-gb/currency/ecb.php'),
(82,1,'opencart/admin/language/en-gb/currency/fixer.php'),
(83,1,'opencart/admin/language/en-gb/dashboard'),
(84,1,'opencart/admin/language/en-gb/dashboard/activity.php'),
(85,1,'opencart/admin/language/en-gb/dashboard/chart.php'),
(86,1,'opencart/admin/language/en-gb/dashboard/customer.php'),
(87,1,'opencart/admin/language/en-gb/dashboard/map.php'),
(88,1,'opencart/admin/language/en-gb/dashboard/online.php'),
(89,1,'opencart/admin/language/en-gb/dashboard/order.php'),
(90,1,'opencart/admin/language/en-gb/dashboard/recent.php'),
(91,1,'opencart/admin/language/en-gb/dashboard/sale.php'),
(92,1,'opencart/admin/language/en-gb/fraud'),
(93,1,'opencart/admin/language/en-gb/fraud/ip.php'),
(94,1,'opencart/admin/language/en-gb/module'),
(95,1,'opencart/admin/language/en-gb/module/account.php'),
(96,1,'opencart/admin/language/en-gb/module/banner.php'),
(97,1,'opencart/admin/language/en-gb/module/bestseller.php'),
(98,1,'opencart/admin/language/en-gb/module/category.php'),
(99,1,'opencart/admin/language/en-gb/module/featured.php'),
(100,1,'opencart/admin/language/en-gb/module/filter.php'),
(101,1,'opencart/admin/language/en-gb/module/html.php'),
(102,1,'opencart/admin/language/en-gb/module/information.php'),
(103,1,'opencart/admin/language/en-gb/module/latest.php'),
(104,1,'opencart/admin/language/en-gb/module/special.php'),
(105,1,'opencart/admin/language/en-gb/module/store.php'),
(106,1,'opencart/admin/language/en-gb/payment'),
(107,1,'opencart/admin/language/en-gb/payment/bank_transfer.php'),
(108,1,'opencart/admin/language/en-gb/payment/cheque.php'),
(109,1,'opencart/admin/language/en-gb/payment/cod.php'),
(110,1,'opencart/admin/language/en-gb/payment/free_checkout.php'),
(111,1,'opencart/admin/language/en-gb/report'),
(112,1,'opencart/admin/language/en-gb/report/customer.php'),
(113,1,'opencart/admin/language/en-gb/report/customer_activity.php'),
(114,1,'opencart/admin/language/en-gb/report/customer_order.php'),
(115,1,'opencart/admin/language/en-gb/report/customer_reward.php'),
(116,1,'opencart/admin/language/en-gb/report/customer_search.php'),
(117,1,'opencart/admin/language/en-gb/report/customer_subscription.php'),
(118,1,'opencart/admin/language/en-gb/report/customer_transaction.php'),
(119,1,'opencart/admin/language/en-gb/report/marketing.php'),
(120,1,'opencart/admin/language/en-gb/report/product_purchased.php'),
(121,1,'opencart/admin/language/en-gb/report/product_viewed.php'),
(122,1,'opencart/admin/language/en-gb/report/sale_coupon.php'),
(123,1,'opencart/admin/language/en-gb/report/sale_order.php'),
(124,1,'opencart/admin/language/en-gb/report/sale_return.php'),
(125,1,'opencart/admin/language/en-gb/report/sale_shipping.php'),
(126,1,'opencart/admin/language/en-gb/report/sale_tax.php'),
(127,1,'opencart/admin/language/en-gb/shipping'),
(128,1,'opencart/admin/language/en-gb/shipping/flat.php'),
(129,1,'opencart/admin/language/en-gb/shipping/free.php'),
(130,1,'opencart/admin/language/en-gb/shipping/item.php'),
(131,1,'opencart/admin/language/en-gb/shipping/pickup.php'),
(132,1,'opencart/admin/language/en-gb/shipping/weight.php'),
(133,1,'opencart/admin/language/en-gb/theme'),
(134,1,'opencart/admin/language/en-gb/theme/basic.php'),
(135,1,'opencart/admin/language/en-gb/total'),
(136,1,'opencart/admin/language/en-gb/total/coupon.php'),
(137,1,'opencart/admin/language/en-gb/total/credit.php'),
(138,1,'opencart/admin/language/en-gb/total/handling.php'),
(139,1,'opencart/admin/language/en-gb/total/low_order_fee.php'),
(140,1,'opencart/admin/language/en-gb/total/reward.php'),
(141,1,'opencart/admin/language/en-gb/total/shipping.php'),
(142,1,'opencart/admin/language/en-gb/total/sub_total.php'),
(143,1,'opencart/admin/language/en-gb/total/tax.php'),
(144,1,'opencart/admin/language/en-gb/total/total.php'),
(145,1,'opencart/admin/language/en-gb/total/voucher.php'),
(146,1,'opencart/admin/model'),
(147,1,'opencart/admin/model/dashboard'),
(148,1,'opencart/admin/model/dashboard/map.php'),
(149,1,'opencart/admin/model/fraud'),
(150,1,'opencart/admin/model/fraud/ip.php'),
(151,1,'opencart/admin/model/module'),
(152,1,'opencart/admin/model/module/bestseller.php'),
(153,1,'opencart/admin/model/report'),
(154,1,'opencart/admin/model/report/activity.php'),
(155,1,'opencart/admin/model/report/coupon.php'),
(156,1,'opencart/admin/model/report/customer.php'),
(157,1,'opencart/admin/model/report/customer_subscription.php'),
(158,1,'opencart/admin/model/report/customer_transaction.php'),
(159,1,'opencart/admin/model/report/marketing.php'),
(160,1,'opencart/admin/model/report/product_purchased.php'),
(161,1,'opencart/admin/model/report/product_viewed.php'),
(162,1,'opencart/admin/model/report/returns.php'),
(163,1,'opencart/admin/model/report/sale.php'),
(164,1,'opencart/admin/view'),
(165,1,'opencart/admin/view/image'),
(166,1,'opencart/admin/view/image/basic.png'),
(167,1,'opencart/admin/view/template'),
(168,1,'opencart/admin/view/template/captcha'),
(169,1,'opencart/admin/view/template/captcha/basic.twig'),
(170,1,'opencart/admin/view/template/currency'),
(171,1,'opencart/admin/view/template/currency/ecb.twig'),
(172,1,'opencart/admin/view/template/currency/fixer.twig'),
(173,1,'opencart/admin/view/template/dashboard'),
(174,1,'opencart/admin/view/template/dashboard/activity_form.twig'),
(175,1,'opencart/admin/view/template/dashboard/activity_info.twig'),
(176,1,'opencart/admin/view/template/dashboard/chart_form.twig'),
(177,1,'opencart/admin/view/template/dashboard/chart_info.twig'),
(178,1,'opencart/admin/view/template/dashboard/customer_form.twig'),
(179,1,'opencart/admin/view/template/dashboard/customer_info.twig'),
(180,1,'opencart/admin/view/template/dashboard/map_form.twig'),
(181,1,'opencart/admin/view/template/dashboard/map_info.twig'),
(182,1,'opencart/admin/view/template/dashboard/online_form.twig'),
(183,1,'opencart/admin/view/template/dashboard/online_info.twig'),
(184,1,'opencart/admin/view/template/dashboard/order_form.twig'),
(185,1,'opencart/admin/view/template/dashboard/order_info.twig'),
(186,1,'opencart/admin/view/template/dashboard/recent_form.twig'),
(187,1,'opencart/admin/view/template/dashboard/recent_info.twig'),
(188,1,'opencart/admin/view/template/dashboard/sale_form.twig'),
(189,1,'opencart/admin/view/template/dashboard/sale_info.twig'),
(190,1,'opencart/admin/view/template/fraud'),
(191,1,'opencart/admin/view/template/fraud/ip.twig'),
(192,1,'opencart/admin/view/template/fraud/ip_ip.twig'),
(193,1,'opencart/admin/view/template/module'),
(194,1,'opencart/admin/view/template/module/account.twig'),
(195,1,'opencart/admin/view/template/module/banner.twig'),
(196,1,'opencart/admin/view/template/module/bestseller.twig'),
(197,1,'opencart/admin/view/template/module/bestseller_report.twig'),
(198,1,'opencart/admin/view/template/module/category.twig'),
(199,1,'opencart/admin/view/template/module/featured.twig'),
(200,1,'opencart/admin/view/template/module/filter.twig'),
(201,1,'opencart/admin/view/template/module/html.twig'),
(202,1,'opencart/admin/view/template/module/information.twig'),
(203,1,'opencart/admin/view/template/module/latest.twig'),
(204,1,'opencart/admin/view/template/module/special.twig'),
(205,1,'opencart/admin/view/template/module/store.twig'),
(206,1,'opencart/admin/view/template/payment'),
(207,1,'opencart/admin/view/template/payment/bank_transfer.twig'),
(208,1,'opencart/admin/view/template/payment/cheque.twig'),
(209,1,'opencart/admin/view/template/payment/cod.twig'),
(210,1,'opencart/admin/view/template/payment/free_checkout.twig'),
(211,1,'opencart/admin/view/template/report'),
(212,1,'opencart/admin/view/template/report/affiliate.twig'),
(213,1,'opencart/admin/view/template/report/affiliate_form.twig'),
(214,1,'opencart/admin/view/template/report/customer.twig'),
(215,1,'opencart/admin/view/template/report/customer_activity.twig'),
(216,1,'opencart/admin/view/template/report/customer_activity_form.twig'),
(217,1,'opencart/admin/view/template/report/customer_activity_list.twig'),
(218,1,'opencart/admin/view/template/report/customer_form.twig'),
(219,1,'opencart/admin/view/template/report/customer_list.twig'),
(220,1,'opencart/admin/view/template/report/customer_order.twig'),
(221,1,'opencart/admin/view/template/report/customer_order_form.twig'),
(222,1,'opencart/admin/view/template/report/customer_order_list.twig'),
(223,1,'opencart/admin/view/template/report/customer_reward.twig'),
(224,1,'opencart/admin/view/template/report/customer_reward_form.twig'),
(225,1,'opencart/admin/view/template/report/customer_reward_list.twig'),
(226,1,'opencart/admin/view/template/report/customer_search.twig'),
(227,1,'opencart/admin/view/template/report/customer_search_form.twig'),
(228,1,'opencart/admin/view/template/report/customer_search_list.twig'),
(229,1,'opencart/admin/view/template/report/customer_subscription.twig'),
(230,1,'opencart/admin/view/template/report/customer_subscription_form.twig'),
(231,1,'opencart/admin/view/template/report/customer_subscription_list.twig'),
(232,1,'opencart/admin/view/template/report/customer_transaction.twig'),
(233,1,'opencart/admin/view/template/report/customer_transaction_form.twig'),
(234,1,'opencart/admin/view/template/report/customer_transaction_list.twig'),
(235,1,'opencart/admin/view/template/report/marketing.twig'),
(236,1,'opencart/admin/view/template/report/marketing_form.twig'),
(237,1,'opencart/admin/view/template/report/marketing_list.twig'),
(238,1,'opencart/admin/view/template/report/product_purchased.twig'),
(239,1,'opencart/admin/view/template/report/product_purchased_form.twig'),
(240,1,'opencart/admin/view/template/report/product_purchased_list.twig'),
(241,1,'opencart/admin/view/template/report/product_viewed.twig'),
(242,1,'opencart/admin/view/template/report/product_viewed_form.twig'),
(243,1,'opencart/admin/view/template/report/product_viewed_list.twig'),
(244,1,'opencart/admin/view/template/report/sale_coupon.twig'),
(245,1,'opencart/admin/view/template/report/sale_coupon_form.twig'),
(246,1,'opencart/admin/view/template/report/sale_coupon_list.twig'),
(247,1,'opencart/admin/view/template/report/sale_order.twig'),
(248,1,'opencart/admin/view/template/report/sale_order_form.twig'),
(249,1,'opencart/admin/view/template/report/sale_order_list.twig'),
(250,1,'opencart/admin/view/template/report/sale_return.twig'),
(251,1,'opencart/admin/view/template/report/sale_return_form.twig'),
(252,1,'opencart/admin/view/template/report/sale_return_list.twig'),
(253,1,'opencart/admin/view/template/report/sale_shipping.twig'),
(254,1,'opencart/admin/view/template/report/sale_shipping_form.twig'),
(255,1,'opencart/admin/view/template/report/sale_shipping_list.twig'),
(256,1,'opencart/admin/view/template/report/sale_tax.twig'),
(257,1,'opencart/admin/view/template/report/sale_tax_form.twig'),
(258,1,'opencart/admin/view/template/report/sale_tax_list.twig'),
(259,1,'opencart/admin/view/template/shipping'),
(260,1,'opencart/admin/view/template/shipping/flat.twig'),
(261,1,'opencart/admin/view/template/shipping/free.twig'),
(262,1,'opencart/admin/view/template/shipping/item.twig'),
(263,1,'opencart/admin/view/template/shipping/pickup.twig'),
(264,1,'opencart/admin/view/template/shipping/weight.twig'),
(265,1,'opencart/admin/view/template/theme'),
(266,1,'opencart/admin/view/template/theme/basic.twig'),
(267,1,'opencart/admin/view/template/total'),
(268,1,'opencart/admin/view/template/total/coupon.twig'),
(269,1,'opencart/admin/view/template/total/credit.twig'),
(270,1,'opencart/admin/view/template/total/handling.twig'),
(271,1,'opencart/admin/view/template/total/low_order_fee.twig'),
(272,1,'opencart/admin/view/template/total/reward.twig'),
(273,1,'opencart/admin/view/template/total/shipping.twig'),
(274,1,'opencart/admin/view/template/total/sub_total.twig'),
(275,1,'opencart/admin/view/template/total/tax.twig'),
(276,1,'opencart/admin/view/template/total/total.twig'),
(277,1,'opencart/admin/view/template/total/voucher.twig'),
(278,1,'opencart/catalog'),
(279,1,'opencart/catalog/controller'),
(280,1,'opencart/catalog/controller/captcha'),
(281,1,'opencart/catalog/controller/captcha/basic.php'),
(282,1,'opencart/catalog/controller/currency'),
(283,1,'opencart/catalog/controller/currency/ecb.php'),
(284,1,'opencart/catalog/controller/currency/fixer.php'),
(285,1,'opencart/catalog/controller/module'),
(286,1,'opencart/catalog/controller/module/account.php'),
(287,1,'opencart/catalog/controller/module/banner.php'),
(288,1,'opencart/catalog/controller/module/bestseller.php'),
(289,1,'opencart/catalog/controller/module/category.php'),
(290,1,'opencart/catalog/controller/module/featured.php'),
(291,1,'opencart/catalog/controller/module/filter.php'),
(292,1,'opencart/catalog/controller/module/html.php'),
(293,1,'opencart/catalog/controller/module/information.php'),
(294,1,'opencart/catalog/controller/module/latest.php'),
(295,1,'opencart/catalog/controller/module/special.php'),
(296,1,'opencart/catalog/controller/module/store.php'),
(297,1,'opencart/catalog/controller/payment'),
(298,1,'opencart/catalog/controller/payment/bank_transfer.php'),
(299,1,'opencart/catalog/controller/payment/cheque.php'),
(300,1,'opencart/catalog/controller/payment/cod.php'),
(301,1,'opencart/catalog/controller/payment/free_checkout.php'),
(302,1,'opencart/catalog/controller/total'),
(303,1,'opencart/catalog/controller/total/coupon.php'),
(304,1,'opencart/catalog/controller/total/reward.php'),
(305,1,'opencart/catalog/controller/total/shipping.php'),
(306,1,'opencart/catalog/controller/total/voucher.php'),
(307,1,'opencart/catalog/language'),
(308,1,'opencart/catalog/language/de-de'),
(309,1,'opencart/catalog/language/de-de/module'),
(310,1,'opencart/catalog/language/de-de/module/featured.php'),
(311,1,'opencart/catalog/language/de-de/payment'),
(312,1,'opencart/catalog/language/de-de/payment/cod.php'),
(313,1,'opencart/catalog/language/en-gb'),
(314,1,'opencart/catalog/language/en-gb/captcha'),
(315,1,'opencart/catalog/language/en-gb/captcha/basic.php'),
(316,1,'opencart/catalog/language/en-gb/module'),
(317,1,'opencart/catalog/language/en-gb/module/account.php'),
(318,1,'opencart/catalog/language/en-gb/module/bestseller.php'),
(319,1,'opencart/catalog/language/en-gb/module/category.php'),
(320,1,'opencart/catalog/language/en-gb/module/featured.php'),
(321,1,'opencart/catalog/language/en-gb/module/filter.php'),
(322,1,'opencart/catalog/language/en-gb/module/information.php'),
(323,1,'opencart/catalog/language/en-gb/module/latest.php'),
(324,1,'opencart/catalog/language/en-gb/module/special.php'),
(325,1,'opencart/catalog/language/en-gb/module/store.php'),
(326,1,'opencart/catalog/language/en-gb/payment'),
(327,1,'opencart/catalog/language/en-gb/payment/bank_transfer.php'),
(328,1,'opencart/catalog/language/en-gb/payment/cheque.php'),
(329,1,'opencart/catalog/language/en-gb/payment/cod.php'),
(330,1,'opencart/catalog/language/en-gb/payment/free_checkout.php'),
(331,1,'opencart/catalog/language/en-gb/shipping'),
(332,1,'opencart/catalog/language/en-gb/shipping/flat.php'),
(333,1,'opencart/catalog/language/en-gb/shipping/free.php'),
(334,1,'opencart/catalog/language/en-gb/shipping/item.php'),
(335,1,'opencart/catalog/language/en-gb/shipping/pickup.php'),
(336,1,'opencart/catalog/language/en-gb/shipping/weight.php'),
(337,1,'opencart/catalog/language/en-gb/total'),
(338,1,'opencart/catalog/language/en-gb/total/coupon.php'),
(339,1,'opencart/catalog/language/en-gb/total/credit.php'),
(340,1,'opencart/catalog/language/en-gb/total/handling.php'),
(341,1,'opencart/catalog/language/en-gb/total/low_order_fee.php'),
(342,1,'opencart/catalog/language/en-gb/total/reward.php'),
(343,1,'opencart/catalog/language/en-gb/total/shipping.php'),
(344,1,'opencart/catalog/language/en-gb/total/sub_total.php'),
(345,1,'opencart/catalog/language/en-gb/total/total.php'),
(346,1,'opencart/catalog/language/en-gb/total/voucher.php'),
(347,1,'opencart/catalog/model'),
(348,1,'opencart/catalog/model/fraud'),
(349,1,'opencart/catalog/model/fraud/ip.php'),
(350,1,'opencart/catalog/model/module'),
(351,1,'opencart/catalog/model/module/bestseller.php'),
(352,1,'opencart/catalog/model/module/latest.php'),
(353,1,'opencart/catalog/model/payment'),
(354,1,'opencart/catalog/model/payment/bank_transfer.php'),
(355,1,'opencart/catalog/model/payment/cheque.php'),
(356,1,'opencart/catalog/model/payment/cod.php'),
(357,1,'opencart/catalog/model/payment/free_checkout.php'),
(358,1,'opencart/catalog/model/shipping'),
(359,1,'opencart/catalog/model/shipping/flat.php'),
(360,1,'opencart/catalog/model/shipping/free.php'),
(361,1,'opencart/catalog/model/shipping/item.php'),
(362,1,'opencart/catalog/model/shipping/pickup.php'),
(363,1,'opencart/catalog/model/shipping/weight.php'),
(364,1,'opencart/catalog/model/total'),
(365,1,'opencart/catalog/model/total/coupon.php'),
(366,1,'opencart/catalog/model/total/credit.php'),
(367,1,'opencart/catalog/model/total/handling.php'),
(368,1,'opencart/catalog/model/total/low_order_fee.php'),
(369,1,'opencart/catalog/model/total/reward.php'),
(370,1,'opencart/catalog/model/total/shipping.php'),
(371,1,'opencart/catalog/model/total/sub_total.php'),
(372,1,'opencart/catalog/model/total/tax.php'),
(373,1,'opencart/catalog/model/total/total.php'),
(374,1,'opencart/catalog/model/total/voucher.php'),
(375,1,'opencart/catalog/view'),
(376,1,'opencart/catalog/view/template'),
(377,1,'opencart/catalog/view/template/captcha'),
(378,1,'opencart/catalog/view/template/captcha/basic.twig'),
(379,1,'opencart/catalog/view/template/module'),
(380,1,'opencart/catalog/view/template/module/account.twig'),
(381,1,'opencart/catalog/view/template/module/banner.twig'),
(382,1,'opencart/catalog/view/template/module/bestseller.twig'),
(383,1,'opencart/catalog/view/template/module/category.twig'),
(384,1,'opencart/catalog/view/template/module/featured.twig'),
(385,1,'opencart/catalog/view/template/module/filter.twig'),
(386,1,'opencart/catalog/view/template/module/html.twig'),
(387,1,'opencart/catalog/view/template/module/information.twig'),
(388,1,'opencart/catalog/view/template/module/latest.twig'),
(389,1,'opencart/catalog/view/template/module/special.twig'),
(390,1,'opencart/catalog/view/template/module/store.twig'),
(391,1,'opencart/catalog/view/template/payment'),
(392,1,'opencart/catalog/view/template/payment/bank_transfer.twig'),
(393,1,'opencart/catalog/view/template/payment/cheque.twig'),
(394,1,'opencart/catalog/view/template/payment/cod.twig'),
(395,1,'opencart/catalog/view/template/payment/free_checkout.twig'),
(396,1,'opencart/catalog/view/template/total'),
(397,1,'opencart/catalog/view/template/total/coupon.twig'),
(398,1,'opencart/catalog/view/template/total/reward.twig'),
(399,1,'opencart/catalog/view/template/total/shipping.twig'),
(400,1,'opencart/catalog/view/template/total/voucher.twig'),
(401,1,'opencart/install.json'),
(402,5,'export_import'),
(403,5,'export_import/admin'),
(404,5,'export_import/admin/controller'),
(405,5,'export_import/admin/controller/other'),
(406,5,'export_import/admin/controller/other/export_import.php'),
(407,5,'export_import/admin/controller/tool'),
(408,5,'export_import/admin/controller/tool/export_import.php'),
(409,5,'export_import/admin/language'),
(410,5,'export_import/admin/language/en-gb'),
(411,5,'export_import/admin/language/en-gb/other'),
(412,5,'export_import/admin/language/en-gb/other/export_import.php'),
(413,5,'export_import/admin/language/en-gb/tool'),
(414,5,'export_import/admin/language/en-gb/tool/export_import.php'),
(415,5,'export_import/admin/model'),
(416,5,'export_import/admin/model/other'),
(417,5,'export_import/admin/model/other/export_import.php'),
(418,5,'export_import/admin/model/tool'),
(419,5,'export_import/admin/model/tool/export_import.php'),
(420,5,'export_import/admin/view'),
(421,5,'export_import/admin/view/image'),
(422,5,'export_import/admin/view/image/export-import'),
(423,5,'export_import/admin/view/image/export-import/loading.gif'),
(424,5,'export_import/admin/view/stylesheet'),
(425,5,'export_import/admin/view/stylesheet/export_import.css'),
(426,5,'export_import/admin/view/template'),
(427,5,'export_import/admin/view/template/other'),
(428,5,'export_import/admin/view/template/other/export_import.twig'),
(429,5,'export_import/admin/view/template/tool'),
(430,5,'export_import/admin/view/template/tool/export_import.twig'),
(431,5,'export_import/install.json'),
(432,5,'export_import/system'),
(433,5,'export_import/system/library'),
(434,5,'export_import/system/library/export_import'),
(435,5,'export_import/system/library/export_import/composer.json'),
(436,5,'export_import/system/library/export_import/composer.lock'),
(437,5,'export_import/system/library/export_import/vendor'),
(438,5,'export_import/system/library/export_import/vendor/autoload.php'),
(439,5,'export_import/system/library/export_import/vendor/composer'),
(440,5,'export_import/system/library/export_import/vendor/composer/ClassLoader.php'),
(441,5,'export_import/system/library/export_import/vendor/composer/InstalledVersions.php'),
(442,5,'export_import/system/library/export_import/vendor/composer/LICENSE'),
(443,5,'export_import/system/library/export_import/vendor/composer/autoload_classmap.php'),
(444,5,'export_import/system/library/export_import/vendor/composer/autoload_files.php'),
(445,5,'export_import/system/library/export_import/vendor/composer/autoload_namespaces.php'),
(446,5,'export_import/system/library/export_import/vendor/composer/autoload_psr4.php'),
(447,5,'export_import/system/library/export_import/vendor/composer/autoload_real.php'),
(448,5,'export_import/system/library/export_import/vendor/composer/autoload_static.php'),
(449,5,'export_import/system/library/export_import/vendor/composer/installed.json'),
(450,5,'export_import/system/library/export_import/vendor/composer/installed.php'),
(451,5,'export_import/system/library/export_import/vendor/composer/platform_check.php'),
(452,5,'export_import/system/library/export_import/vendor/ezyang'),
(453,5,'export_import/system/library/export_import/vendor/ezyang/htmlpurifier'),
(454,5,'export_import/system/library/export_import/vendor/ezyang/htmlpurifier/CHANGELOG.md'),
(455,5,'export_import/system/library/export_import/vendor/ezyang/htmlpurifier/CREDITS'),
(456,5,'export_import/system/library/export_import/vendor/ezyang/htmlpurifier/LICENSE'),
(457,5,'export_import/system/library/export_import/vendor/ezyang/htmlpurifier/README.md'),
(458,5,'export_import/system/library/export_import/vendor/ezyang/htmlpurifier/VERSION'),
(459,5,'export_import/system/library/export_import/vendor/ezyang/htmlpurifier/composer.json'),
(460,5,'export_import/system/library/export_import/vendor/ezyang/htmlpurifier/library'),
(461,5,'export_import/system/library/export_import/vendor/ezyang/htmlpurifier/library/HTMLPurifier.auto.php'),
(462,5,'export_import/system/library/export_import/vendor/ezyang/htmlpurifier/library/HTMLPurifier.autoload-legacy.php'),
(463,5,'export_import/system/library/export_import/vendor/ezyang/htmlpurifier/library/HTMLPurifier.autoload.php'),
(464,5,'export_import/system/library/export_import/vendor/ezyang/htmlpurifier/library/HTMLPurifier.composer.php'),
(465,5,'export_import/system/library/export_import/vendor/ezyang/htmlpurifier/library/HTMLPurifier.func.php'),
(466,5,'export_import/system/library/export_import/vendor/ezyang/htmlpurifier/library/HTMLPurifier.includes.php'),
(467,5,'export_import/system/library/export_import/vendor/ezyang/htmlpurifier/library/HTMLPurifier.kses.php'),
(468,5,'export_import/system/library/export_import/vendor/ezyang/htmlpurifier/library/HTMLPurifier.path.php'),
(469,5,'export_import/system/library/export_import/vendor/ezyang/htmlpurifier/library/HTMLPurifier.php'),
(470,5,'export_import/system/library/export_import/vendor/ezyang/htmlpurifier/library/HTMLPurifier.safe-includes.php'),
(471,5,'export_import/system/library/export_import/vendor/ezyang/htmlpurifier/library/HTMLPurifier'),
(472,5,'export_import/system/library/export_import/vendor/ezyang/htmlpurifier/library/HTMLPurifier/Arborize.php'),
(473,5,'export_import/system/library/export_import/vendor/ezyang/htmlpurifier/library/HTMLPurifier/AttrCollections.php'),
(474,5,'export_import/system/library/export_import/vendor/ezyang/htmlpurifier/library/HTMLPurifier/AttrDef.php'),
(475,5,'export_import/system/library/export_import/vendor/ezyang/htmlpurifier/library/HTMLPurifier/AttrDef'),
(476,5,'export_import/system/library/export_import/vendor/ezyang/htmlpurifier/library/HTMLPurifier/AttrDef/CSS.php'),
(477,5,'export_import/system/library/export_import/vendor/ezyang/htmlpurifier/library/HTMLPurifier/AttrDef/CSS'),
(478,5,'export_import/system/library/export_import/vendor/ezyang/htmlpurifier/library/HTMLPurifier/AttrDef/CSS/AlphaValue.php'),
(479,5,'export_import/system/library/export_import/vendor/ezyang/htmlpurifier/library/HTMLPurifier/AttrDef/CSS/Background.php'),
(480,5,'export_import/system/library/export_import/vendor/ezyang/htmlpurifier/library/HTMLPurifier/AttrDef/CSS/BackgroundPosition.php'),
(481,5,'export_import/system/library/export_import/vendor/ezyang/htmlpurifier/library/HTMLPurifier/AttrDef/CSS/Border.php'),
(482,5,'export_import/system/library/export_import/vendor/ezyang/htmlpurifier/library/HTMLPurifier/AttrDef/CSS/Color.php'),
(483,5,'export_import/system/library/export_import/vendor/ezyang/htmlpurifier/library/HTMLPurifier/AttrDef/CSS/Composite.php'),
(484,5,'export_import/system/library/export_import/vendor/ezyang/htmlpurifier/library/HTMLPurifier/AttrDef/CSS/DenyElementDecorator.php'),
(485,5,'export_import/system/library/export_import/vendor/ezyang/htmlpurifier/library/HTMLPurifier/AttrDef/CSS/Filter.php'),
(486,5,'export_import/system/library/export_import/vendor/ezyang/htmlpurifier/library/HTMLPurifier/AttrDef/CSS/Font.php'),
(487,5,'export_import/system/library/export_import/vendor/ezyang/htmlpurifier/library/HTMLPurifier/AttrDef/CSS/FontFamily.php'),
(488,5,'export_import/system/library/export_import/vendor/ezyang/htmlpurifier/library/HTMLPurifier/AttrDef/CSS/Ident.php'),
(489,5,'export_import/system/library/export_import/vendor/ezyang/htmlpurifier/library/HTMLPurifier/AttrDef/CSS/ImportantDecorator.php'),
(490,5,'export_import/system/library/export_import/vendor/ezyang/htmlpurifier/library/HTMLPurifier/AttrDef/CSS/Length.php'),
(491,5,'export_import/system/library/export_import/vendor/ezyang/htmlpurifier/library/HTMLPurifier/AttrDef/CSS/ListStyle.php'),
(492,5,'export_import/system/library/export_import/vendor/ezyang/htmlpurifier/library/HTMLPurifier/AttrDef/CSS/Multiple.php'),
(493,5,'export_import/system/library/export_import/vendor/ezyang/htmlpurifier/library/HTMLPurifier/AttrDef/CSS/Number.php'),
(494,5,'export_import/system/library/export_import/vendor/ezyang/htmlpurifier/library/HTMLPurifier/AttrDef/CSS/Percentage.php'),
(495,5,'export_import/system/library/export_import/vendor/ezyang/htmlpurifier/library/HTMLPurifier/AttrDef/CSS/TextDecoration.php'),
(496,5,'export_import/system/library/export_import/vendor/ezyang/htmlpurifier/library/HTMLPurifier/AttrDef/CSS/URI.php'),
(497,5,'export_import/system/library/export_import/vendor/ezyang/htmlpurifier/library/HTMLPurifier/AttrDef/Clone.php'),
(498,5,'export_import/system/library/export_import/vendor/ezyang/htmlpurifier/library/HTMLPurifier/AttrDef/Enum.php'),
(499,5,'export_import/system/library/export_import/vendor/ezyang/htmlpurifier/library/HTMLPurifier/AttrDef/HTML'),
(500,5,'export_import/system/library/export_import/vendor/ezyang/htmlpurifier/library/HTMLPurifier/AttrDef/HTML/Bool.php'),
(501,5,'export_import/system/library/export_import/vendor/ezyang/htmlpurifier/library/HTMLPurifier/AttrDef/HTML/Class.php'),
(502,5,'export_import/system/library/export_import/vendor/ezyang/htmlpurifier/library/HTMLPurifier/AttrDef/HTML/Color.php'),
(503,5,'export_import/system/library/export_import/vendor/ezyang/htmlpurifier/library/HTMLPurifier/AttrDef/HTML/ContentEditable.php'),
(504,5,'export_import/system/library/export_import/vendor/ezyang/htmlpurifier/library/HTMLPurifier/AttrDef/HTML/FrameTarget.php'),
(505,5,'export_import/system/library/export_import/vendor/ezyang/htmlpurifier/library/HTMLPurifier/AttrDef/HTML/ID.php'),
(506,5,'export_import/system/library/export_import/vendor/ezyang/htmlpurifier/library/HTMLPurifier/AttrDef/HTML/Length.php'),
(507,5,'export_import/system/library/export_import/vendor/ezyang/htmlpurifier/library/HTMLPurifier/AttrDef/HTML/LinkTypes.php'),
(508,5,'export_import/system/library/export_import/vendor/ezyang/htmlpurifier/library/HTMLPurifier/AttrDef/HTML/MultiLength.php'),
(509,5,'export_import/system/library/export_import/vendor/ezyang/htmlpurifier/library/HTMLPurifier/AttrDef/HTML/Nmtokens.php'),
(510,5,'export_import/system/library/export_import/vendor/ezyang/htmlpurifier/library/HTMLPurifier/AttrDef/HTML/Pixels.php'),
(511,5,'export_import/system/library/export_import/vendor/ezyang/htmlpurifier/library/HTMLPurifier/AttrDef/Integer.php'),
(512,5,'export_import/system/library/export_import/vendor/ezyang/htmlpurifier/library/HTMLPurifier/AttrDef/Lang.php'),
(513,5,'export_import/system/library/export_import/vendor/ezyang/htmlpurifier/library/HTMLPurifier/AttrDef/Switch.php'),
(514,5,'export_import/system/library/export_import/vendor/ezyang/htmlpurifier/library/HTMLPurifier/AttrDef/Text.php'),
(515,5,'export_import/system/library/export_import/vendor/ezyang/htmlpurifier/library/HTMLPurifier/AttrDef/URI.php'),
(516,5,'export_import/system/library/export_import/vendor/ezyang/htmlpurifier/library/HTMLPurifier/AttrDef/URI'),
(517,5,'export_import/system/library/export_import/vendor/ezyang/htmlpurifier/library/HTMLPurifier/AttrDef/URI/Email.php'),
(518,5,'export_import/system/library/export_import/vendor/ezyang/htmlpurifier/library/HTMLPurifier/AttrDef/URI/Email'),
(519,5,'export_import/system/library/export_import/vendor/ezyang/htmlpurifier/library/HTMLPurifier/AttrDef/URI/Email/SimpleCheck.php'),
(520,5,'export_import/system/library/export_import/vendor/ezyang/htmlpurifier/library/HTMLPurifier/AttrDef/URI/Host.php'),
(521,5,'export_import/system/library/export_import/vendor/ezyang/htmlpurifier/library/HTMLPurifier/AttrDef/URI/IPv4.php'),
(522,5,'export_import/system/library/export_import/vendor/ezyang/htmlpurifier/library/HTMLPurifier/AttrDef/URI/IPv6.php'),
(523,5,'export_import/system/library/export_import/vendor/ezyang/htmlpurifier/library/HTMLPurifier/AttrTransform.php'),
(524,5,'export_import/system/library/export_import/vendor/ezyang/htmlpurifier/library/HTMLPurifier/AttrTransform'),
(525,5,'export_import/system/library/export_import/vendor/ezyang/htmlpurifier/library/HTMLPurifier/AttrTransform/Background.php'),
(526,5,'export_import/system/library/export_import/vendor/ezyang/htmlpurifier/library/HTMLPurifier/AttrTransform/BdoDir.php'),
(527,5,'export_import/system/library/export_import/vendor/ezyang/htmlpurifier/library/HTMLPurifier/AttrTransform/BgColor.php'),
(528,5,'export_import/system/library/export_import/vendor/ezyang/htmlpurifier/library/HTMLPurifier/AttrTransform/BoolToCSS.php'),
(529,5,'export_import/system/library/export_import/vendor/ezyang/htmlpurifier/library/HTMLPurifier/AttrTransform/Border.php'),
(530,5,'export_import/system/library/export_import/vendor/ezyang/htmlpurifier/library/HTMLPurifier/AttrTransform/EnumToCSS.php'),
(531,5,'export_import/system/library/export_import/vendor/ezyang/htmlpurifier/library/HTMLPurifier/AttrTransform/ImgRequired.php'),
(532,5,'export_import/system/library/export_import/vendor/ezyang/htmlpurifier/library/HTMLPurifier/AttrTransform/ImgSpace.php'),
(533,5,'export_import/system/library/export_import/vendor/ezyang/htmlpurifier/library/HTMLPurifier/AttrTransform/Input.php'),
(534,5,'export_import/system/library/export_import/vendor/ezyang/htmlpurifier/library/HTMLPurifier/AttrTransform/Lang.php'),
(535,5,'export_import/system/library/export_import/vendor/ezyang/htmlpurifier/library/HTMLPurifier/AttrTransform/Length.php'),
(536,5,'export_import/system/library/export_import/vendor/ezyang/htmlpurifier/library/HTMLPurifier/AttrTransform/Name.php'),
(537,5,'export_import/system/library/export_import/vendor/ezyang/htmlpurifier/library/HTMLPurifier/AttrTransform/NameSync.php'),
(538,5,'export_import/system/library/export_import/vendor/ezyang/htmlpurifier/library/HTMLPurifier/AttrTransform/Nofollow.php'),
(539,5,'export_import/system/library/export_import/vendor/ezyang/htmlpurifier/library/HTMLPurifier/AttrTransform/SafeEmbed.php'),
(540,5,'export_import/system/library/export_import/vendor/ezyang/htmlpurifier/library/HTMLPurifier/AttrTransform/SafeObject.php'),
(541,5,'export_import/system/library/export_import/vendor/ezyang/htmlpurifier/library/HTMLPurifier/AttrTransform/SafeParam.php'),
(542,5,'export_import/system/library/export_import/vendor/ezyang/htmlpurifier/library/HTMLPurifier/AttrTransform/ScriptRequired.php'),
(543,5,'export_import/system/library/export_import/vendor/ezyang/htmlpurifier/library/HTMLPurifier/AttrTransform/TargetBlank.php'),
(544,5,'export_import/system/library/export_import/vendor/ezyang/htmlpurifier/library/HTMLPurifier/AttrTransform/TargetNoopener.php'),
(545,5,'export_import/system/library/export_import/vendor/ezyang/htmlpurifier/library/HTMLPurifier/AttrTransform/TargetNoreferrer.php'),
(546,5,'export_import/system/library/export_import/vendor/ezyang/htmlpurifier/library/HTMLPurifier/AttrTransform/Textarea.php'),
(547,5,'export_import/system/library/export_import/vendor/ezyang/htmlpurifier/library/HTMLPurifier/AttrTypes.php'),
(548,5,'export_import/system/library/export_import/vendor/ezyang/htmlpurifier/library/HTMLPurifier/AttrValidator.php'),
(549,5,'export_import/system/library/export_import/vendor/ezyang/htmlpurifier/library/HTMLPurifier/Bootstrap.php'),
(550,5,'export_import/system/library/export_import/vendor/ezyang/htmlpurifier/library/HTMLPurifier/CSSDefinition.php'),
(551,5,'export_import/system/library/export_import/vendor/ezyang/htmlpurifier/library/HTMLPurifier/ChildDef.php'),
(552,5,'export_import/system/library/export_import/vendor/ezyang/htmlpurifier/library/HTMLPurifier/ChildDef'),
(553,5,'export_import/system/library/export_import/vendor/ezyang/htmlpurifier/library/HTMLPurifier/ChildDef/Chameleon.php'),
(554,5,'export_import/system/library/export_import/vendor/ezyang/htmlpurifier/library/HTMLPurifier/ChildDef/Custom.php'),
(555,5,'export_import/system/library/export_import/vendor/ezyang/htmlpurifier/library/HTMLPurifier/ChildDef/Empty.php'),
(556,5,'export_import/system/library/export_import/vendor/ezyang/htmlpurifier/library/HTMLPurifier/ChildDef/List.php'),
(557,5,'export_import/system/library/export_import/vendor/ezyang/htmlpurifier/library/HTMLPurifier/ChildDef/Optional.php'),
(558,5,'export_import/system/library/export_import/vendor/ezyang/htmlpurifier/library/HTMLPurifier/ChildDef/Required.php'),
(559,5,'export_import/system/library/export_import/vendor/ezyang/htmlpurifier/library/HTMLPurifier/ChildDef/StrictBlockquote.php'),
(560,5,'export_import/system/library/export_import/vendor/ezyang/htmlpurifier/library/HTMLPurifier/ChildDef/Table.php'),
(561,5,'export_import/system/library/export_import/vendor/ezyang/htmlpurifier/library/HTMLPurifier/Config.php'),
(562,5,'export_import/system/library/export_import/vendor/ezyang/htmlpurifier/library/HTMLPurifier/ConfigSchema.php'),
(563,5,'export_import/system/library/export_import/vendor/ezyang/htmlpurifier/library/HTMLPurifier/ConfigSchema'),
(564,5,'export_import/system/library/export_import/vendor/ezyang/htmlpurifier/library/HTMLPurifier/ConfigSchema/Builder'),
(565,5,'export_import/system/library/export_import/vendor/ezyang/htmlpurifier/library/HTMLPurifier/ConfigSchema/Builder/ConfigSchema.php'),
(566,5,'export_import/system/library/export_import/vendor/ezyang/htmlpurifier/library/HTMLPurifier/ConfigSchema/Builder/Xml.php'),
(567,5,'export_import/system/library/export_import/vendor/ezyang/htmlpurifier/library/HTMLPurifier/ConfigSchema/Exception.php'),
(568,5,'export_import/system/library/export_import/vendor/ezyang/htmlpurifier/library/HTMLPurifier/ConfigSchema/Interchange.php'),
(569,5,'export_import/system/library/export_import/vendor/ezyang/htmlpurifier/library/HTMLPurifier/ConfigSchema/Interchange'),
(570,5,'export_import/system/library/export_import/vendor/ezyang/htmlpurifier/library/HTMLPurifier/ConfigSchema/Interchange/Directive.php'),
(571,5,'export_import/system/library/export_import/vendor/ezyang/htmlpurifier/library/HTMLPurifier/ConfigSchema/Interchange/Id.php'),
(572,5,'export_import/system/library/export_import/vendor/ezyang/htmlpurifier/library/HTMLPurifier/ConfigSchema/InterchangeBuilder.php'),
(573,5,'export_import/system/library/export_import/vendor/ezyang/htmlpurifier/library/HTMLPurifier/ConfigSchema/Validator.php'),
(574,5,'export_import/system/library/export_import/vendor/ezyang/htmlpurifier/library/HTMLPurifier/ConfigSchema/ValidatorAtom.php'),
(575,5,'export_import/system/library/export_import/vendor/ezyang/htmlpurifier/library/HTMLPurifier/ConfigSchema/schema.ser'),
(576,5,'export_import/system/library/export_import/vendor/ezyang/htmlpurifier/library/HTMLPurifier/ConfigSchema/schema'),
(577,5,'export_import/system/library/export_import/vendor/ezyang/htmlpurifier/library/HTMLPurifier/ConfigSchema/schema/Attr.AllowedClasses.txt'),
(578,5,'export_import/system/library/export_import/vendor/ezyang/htmlpurifier/library/HTMLPurifier/ConfigSchema/schema/Attr.AllowedFrameTargets.txt'),
(579,5,'export_import/system/library/export_import/vendor/ezyang/htmlpurifier/library/HTMLPurifier/ConfigSchema/schema/Attr.AllowedRel.txt'),
(580,5,'export_import/system/library/export_import/vendor/ezyang/htmlpurifier/library/HTMLPurifier/ConfigSchema/schema/Attr.AllowedRev.txt'),
(581,5,'export_import/system/library/export_import/vendor/ezyang/htmlpurifier/library/HTMLPurifier/ConfigSchema/schema/Attr.ClassUseCDATA.txt'),
(582,5,'export_import/system/library/export_import/vendor/ezyang/htmlpurifier/library/HTMLPurifier/ConfigSchema/schema/Attr.DefaultImageAlt.txt'),
(583,5,'export_import/system/library/export_import/vendor/ezyang/htmlpurifier/library/HTMLPurifier/ConfigSchema/schema/Attr.DefaultInvalidImage.txt'),
(584,5,'export_import/system/library/export_import/vendor/ezyang/htmlpurifier/library/HTMLPurifier/ConfigSchema/schema/Attr.DefaultInvalidImageAlt.txt'),
(585,5,'export_import/system/library/export_import/vendor/ezyang/htmlpurifier/library/HTMLPurifier/ConfigSchema/schema/Attr.DefaultTextDir.txt'),
(586,5,'export_import/system/library/export_import/vendor/ezyang/htmlpurifier/library/HTMLPurifier/ConfigSchema/schema/Attr.EnableID.txt'),
(587,5,'export_import/system/library/export_import/vendor/ezyang/htmlpurifier/library/HTMLPurifier/ConfigSchema/schema/Attr.ForbiddenClasses.txt'),
(588,5,'export_import/system/library/export_import/vendor/ezyang/htmlpurifier/library/HTMLPurifier/ConfigSchema/schema/Attr.ID.HTML5.txt'),
(589,5,'export_import/system/library/export_import/vendor/ezyang/htmlpurifier/library/HTMLPurifier/ConfigSchema/schema/Attr.IDBlacklist.txt'),
(590,5,'export_import/system/library/export_import/vendor/ezyang/htmlpurifier/library/HTMLPurifier/ConfigSchema/schema/Attr.IDBlacklistRegexp.txt'),
(591,5,'export_import/system/library/export_import/vendor/ezyang/htmlpurifier/library/HTMLPurifier/ConfigSchema/schema/Attr.IDPrefix.txt'),
(592,5,'export_import/system/library/export_import/vendor/ezyang/htmlpurifier/library/HTMLPurifier/ConfigSchema/schema/Attr.IDPrefixLocal.txt'),
(593,5,'export_import/system/library/export_import/vendor/ezyang/htmlpurifier/library/HTMLPurifier/ConfigSchema/schema/AutoFormat.AutoParagraph.txt'),
(594,5,'export_import/system/library/export_import/vendor/ezyang/htmlpurifier/library/HTMLPurifier/ConfigSchema/schema/AutoFormat.Custom.txt'),
(595,5,'export_import/system/library/export_import/vendor/ezyang/htmlpurifier/library/HTMLPurifier/ConfigSchema/schema/AutoFormat.DisplayLinkURI.txt'),
(596,5,'export_import/system/library/export_import/vendor/ezyang/htmlpurifier/library/HTMLPurifier/ConfigSchema/schema/AutoFormat.Linkify.txt'),
(597,5,'export_import/system/library/export_import/vendor/ezyang/htmlpurifier/library/HTMLPurifier/ConfigSchema/schema/AutoFormat.PurifierLinkify.DocURL.txt'),
(598,5,'export_import/system/library/export_import/vendor/ezyang/htmlpurifier/library/HTMLPurifier/ConfigSchema/schema/AutoFormat.PurifierLinkify.txt'),
(599,5,'export_import/system/library/export_import/vendor/ezyang/htmlpurifier/library/HTMLPurifier/ConfigSchema/schema/AutoFormat.RemoveEmpty.Predicate.txt'),
(600,5,'export_import/system/library/export_import/vendor/ezyang/htmlpurifier/library/HTMLPurifier/ConfigSchema/schema/AutoFormat.RemoveEmpty.RemoveNbsp.Exceptions.txt'),
(601,5,'export_import/system/library/export_import/vendor/ezyang/htmlpurifier/library/HTMLPurifier/ConfigSchema/schema/AutoFormat.RemoveEmpty.RemoveNbsp.txt'),
(602,5,'export_import/system/library/export_import/vendor/ezyang/htmlpurifier/library/HTMLPurifier/ConfigSchema/schema/AutoFormat.RemoveEmpty.txt'),
(603,5,'export_import/system/library/export_import/vendor/ezyang/htmlpurifier/library/HTMLPurifier/ConfigSchema/schema/AutoFormat.RemoveSpansWithoutAttributes.txt'),
(604,5,'export_import/system/library/export_import/vendor/ezyang/htmlpurifier/library/HTMLPurifier/ConfigSchema/schema/CSS.AllowDuplicates.txt'),
(605,5,'export_import/system/library/export_import/vendor/ezyang/htmlpurifier/library/HTMLPurifier/ConfigSchema/schema/CSS.AllowImportant.txt'),
(606,5,'export_import/system/library/export_import/vendor/ezyang/htmlpurifier/library/HTMLPurifier/ConfigSchema/schema/CSS.AllowTricky.txt'),
(607,5,'export_import/system/library/export_import/vendor/ezyang/htmlpurifier/library/HTMLPurifier/ConfigSchema/schema/CSS.AllowedFonts.txt'),
(608,5,'export_import/system/library/export_import/vendor/ezyang/htmlpurifier/library/HTMLPurifier/ConfigSchema/schema/CSS.AllowedProperties.txt'),
(609,5,'export_import/system/library/export_import/vendor/ezyang/htmlpurifier/library/HTMLPurifier/ConfigSchema/schema/CSS.DefinitionRev.txt'),
(610,5,'export_import/system/library/export_import/vendor/ezyang/htmlpurifier/library/HTMLPurifier/ConfigSchema/schema/CSS.ForbiddenProperties.txt'),
(611,5,'export_import/system/library/export_import/vendor/ezyang/htmlpurifier/library/HTMLPurifier/ConfigSchema/schema/CSS.MaxImgLength.txt'),
(612,5,'export_import/system/library/export_import/vendor/ezyang/htmlpurifier/library/HTMLPurifier/ConfigSchema/schema/CSS.Proprietary.txt'),
(613,5,'export_import/system/library/export_import/vendor/ezyang/htmlpurifier/library/HTMLPurifier/ConfigSchema/schema/CSS.Trusted.txt'),
(614,5,'export_import/system/library/export_import/vendor/ezyang/htmlpurifier/library/HTMLPurifier/ConfigSchema/schema/Cache.DefinitionImpl.txt'),
(615,5,'export_import/system/library/export_import/vendor/ezyang/htmlpurifier/library/HTMLPurifier/ConfigSchema/schema/Cache.SerializerPath.txt'),
(616,5,'export_import/system/library/export_import/vendor/ezyang/htmlpurifier/library/HTMLPurifier/ConfigSchema/schema/Cache.SerializerPermissions.txt'),
(617,5,'export_import/system/library/export_import/vendor/ezyang/htmlpurifier/library/HTMLPurifier/ConfigSchema/schema/Core.AggressivelyFixLt.txt'),
(618,5,'export_import/system/library/export_import/vendor/ezyang/htmlpurifier/library/HTMLPurifier/ConfigSchema/schema/Core.AggressivelyRemoveScript.txt'),
(619,5,'export_import/system/library/export_import/vendor/ezyang/htmlpurifier/library/HTMLPurifier/ConfigSchema/schema/Core.AllowHostnameUnderscore.txt'),
(620,5,'export_import/system/library/export_import/vendor/ezyang/htmlpurifier/library/HTMLPurifier/ConfigSchema/schema/Core.AllowParseManyTags.txt'),
(621,5,'export_import/system/library/export_import/vendor/ezyang/htmlpurifier/library/HTMLPurifier/ConfigSchema/schema/Core.CollectErrors.txt'),
(622,5,'export_import/system/library/export_import/vendor/ezyang/htmlpurifier/library/HTMLPurifier/ConfigSchema/schema/Core.ColorKeywords.txt'),
(623,5,'export_import/system/library/export_import/vendor/ezyang/htmlpurifier/library/HTMLPurifier/ConfigSchema/schema/Core.ConvertDocumentToFragment.txt'),
(624,5,'export_import/system/library/export_import/vendor/ezyang/htmlpurifier/library/HTMLPurifier/ConfigSchema/schema/Core.DirectLexLineNumberSyncInterval.txt'),
(625,5,'export_import/system/library/export_import/vendor/ezyang/htmlpurifier/library/HTMLPurifier/ConfigSchema/schema/Core.DisableExcludes.txt'),
(626,5,'export_import/system/library/export_import/vendor/ezyang/htmlpurifier/library/HTMLPurifier/ConfigSchema/schema/Core.EnableIDNA.txt'),
(627,5,'export_import/system/library/export_import/vendor/ezyang/htmlpurifier/library/HTMLPurifier/ConfigSchema/schema/Core.Encoding.txt'),
(628,5,'export_import/system/library/export_import/vendor/ezyang/htmlpurifier/library/HTMLPurifier/ConfigSchema/schema/Core.EscapeInvalidChildren.txt'),
(629,5,'export_import/system/library/export_import/vendor/ezyang/htmlpurifier/library/HTMLPurifier/ConfigSchema/schema/Core.EscapeInvalidTags.txt'),
(630,5,'export_import/system/library/export_import/vendor/ezyang/htmlpurifier/library/HTMLPurifier/ConfigSchema/schema/Core.EscapeNonASCIICharacters.txt'),
(631,5,'export_import/system/library/export_import/vendor/ezyang/htmlpurifier/library/HTMLPurifier/ConfigSchema/schema/Core.HiddenElements.txt'),
(632,5,'export_import/system/library/export_import/vendor/ezyang/htmlpurifier/library/HTMLPurifier/ConfigSchema/schema/Core.Language.txt'),
(633,5,'export_import/system/library/export_import/vendor/ezyang/htmlpurifier/library/HTMLPurifier/ConfigSchema/schema/Core.LegacyEntityDecoder.txt'),
(634,5,'export_import/system/library/export_import/vendor/ezyang/htmlpurifier/library/HTMLPurifier/ConfigSchema/schema/Core.LexerImpl.txt'),
(635,5,'export_import/system/library/export_import/vendor/ezyang/htmlpurifier/library/HTMLPurifier/ConfigSchema/schema/Core.MaintainLineNumbers.txt'),
(636,5,'export_import/system/library/export_import/vendor/ezyang/htmlpurifier/library/HTMLPurifier/ConfigSchema/schema/Core.NormalizeNewlines.txt'),
(637,5,'export_import/system/library/export_import/vendor/ezyang/htmlpurifier/library/HTMLPurifier/ConfigSchema/schema/Core.RemoveInvalidImg.txt'),
(638,5,'export_import/system/library/export_import/vendor/ezyang/htmlpurifier/library/HTMLPurifier/ConfigSchema/schema/Core.RemoveProcessingInstructions.txt'),
(639,5,'export_import/system/library/export_import/vendor/ezyang/htmlpurifier/library/HTMLPurifier/ConfigSchema/schema/Core.RemoveScriptContents.txt'),
(640,5,'export_import/system/library/export_import/vendor/ezyang/htmlpurifier/library/HTMLPurifier/ConfigSchema/schema/Filter.Custom.txt'),
(641,5,'export_import/system/library/export_import/vendor/ezyang/htmlpurifier/library/HTMLPurifier/ConfigSchema/schema/Filter.ExtractStyleBlocks.Escaping.txt'),
(642,5,'export_import/system/library/export_import/vendor/ezyang/htmlpurifier/library/HTMLPurifier/ConfigSchema/schema/Filter.ExtractStyleBlocks.Scope.txt'),
(643,5,'export_import/system/library/export_import/vendor/ezyang/htmlpurifier/library/HTMLPurifier/ConfigSchema/schema/Filter.ExtractStyleBlocks.TidyImpl.txt'),
(644,5,'export_import/system/library/export_import/vendor/ezyang/htmlpurifier/library/HTMLPurifier/ConfigSchema/schema/Filter.ExtractStyleBlocks.txt'),
(645,5,'export_import/system/library/export_import/vendor/ezyang/htmlpurifier/library/HTMLPurifier/ConfigSchema/schema/Filter.YouTube.txt'),
(646,5,'export_import/system/library/export_import/vendor/ezyang/htmlpurifier/library/HTMLPurifier/ConfigSchema/schema/HTML.Allowed.txt'),
(647,5,'export_import/system/library/export_import/vendor/ezyang/htmlpurifier/library/HTMLPurifier/ConfigSchema/schema/HTML.AllowedAttributes.txt'),
(648,5,'export_import/system/library/export_import/vendor/ezyang/htmlpurifier/library/HTMLPurifier/ConfigSchema/schema/HTML.AllowedComments.txt'),
(649,5,'export_import/system/library/export_import/vendor/ezyang/htmlpurifier/library/HTMLPurifier/ConfigSchema/schema/HTML.AllowedCommentsRegexp.txt'),
(650,5,'export_import/system/library/export_import/vendor/ezyang/htmlpurifier/library/HTMLPurifier/ConfigSchema/schema/HTML.AllowedElements.txt'),
(651,5,'export_import/system/library/export_import/vendor/ezyang/htmlpurifier/library/HTMLPurifier/ConfigSchema/schema/HTML.AllowedModules.txt'),
(652,5,'export_import/system/library/export_import/vendor/ezyang/htmlpurifier/library/HTMLPurifier/ConfigSchema/schema/HTML.Attr.Name.UseCDATA.txt'),
(653,5,'export_import/system/library/export_import/vendor/ezyang/htmlpurifier/library/HTMLPurifier/ConfigSchema/schema/HTML.BlockWrapper.txt'),
(654,5,'export_import/system/library/export_import/vendor/ezyang/htmlpurifier/library/HTMLPurifier/ConfigSchema/schema/HTML.CoreModules.txt'),
(655,5,'export_import/system/library/export_import/vendor/ezyang/htmlpurifier/library/HTMLPurifier/ConfigSchema/schema/HTML.CustomDoctype.txt'),
(656,5,'export_import/system/library/export_import/vendor/ezyang/htmlpurifier/library/HTMLPurifier/ConfigSchema/schema/HTML.DefinitionID.txt'),
(657,5,'export_import/system/library/export_import/vendor/ezyang/htmlpurifier/library/HTMLPurifier/ConfigSchema/schema/HTML.DefinitionRev.txt'),
(658,5,'export_import/system/library/export_import/vendor/ezyang/htmlpurifier/library/HTMLPurifier/ConfigSchema/schema/HTML.Doctype.txt'),
(659,5,'export_import/system/library/export_import/vendor/ezyang/htmlpurifier/library/HTMLPurifier/ConfigSchema/schema/HTML.FlashAllowFullScreen.txt'),
(660,5,'export_import/system/library/export_import/vendor/ezyang/htmlpurifier/library/HTMLPurifier/ConfigSchema/schema/HTML.ForbiddenAttributes.txt'),
(661,5,'export_import/system/library/export_import/vendor/ezyang/htmlpurifier/library/HTMLPurifier/ConfigSchema/schema/HTML.ForbiddenElements.txt'),
(662,5,'export_import/system/library/export_import/vendor/ezyang/htmlpurifier/library/HTMLPurifier/ConfigSchema/schema/HTML.Forms.txt'),
(663,5,'export_import/system/library/export_import/vendor/ezyang/htmlpurifier/library/HTMLPurifier/ConfigSchema/schema/HTML.MaxImgLength.txt'),
(664,5,'export_import/system/library/export_import/vendor/ezyang/htmlpurifier/library/HTMLPurifier/ConfigSchema/schema/HTML.Nofollow.txt'),
(665,5,'export_import/system/library/export_import/vendor/ezyang/htmlpurifier/library/HTMLPurifier/ConfigSchema/schema/HTML.Parent.txt'),
(666,5,'export_import/system/library/export_import/vendor/ezyang/htmlpurifier/library/HTMLPurifier/ConfigSchema/schema/HTML.Proprietary.txt'),
(667,5,'export_import/system/library/export_import/vendor/ezyang/htmlpurifier/library/HTMLPurifier/ConfigSchema/schema/HTML.SafeEmbed.txt'),
(668,5,'export_import/system/library/export_import/vendor/ezyang/htmlpurifier/library/HTMLPurifier/ConfigSchema/schema/HTML.SafeIframe.txt'),
(669,5,'export_import/system/library/export_import/vendor/ezyang/htmlpurifier/library/HTMLPurifier/ConfigSchema/schema/HTML.SafeObject.txt'),
(670,5,'export_import/system/library/export_import/vendor/ezyang/htmlpurifier/library/HTMLPurifier/ConfigSchema/schema/HTML.SafeScripting.txt'),
(671,5,'export_import/system/library/export_import/vendor/ezyang/htmlpurifier/library/HTMLPurifier/ConfigSchema/schema/HTML.Strict.txt'),
(672,5,'export_import/system/library/export_import/vendor/ezyang/htmlpurifier/library/HTMLPurifier/ConfigSchema/schema/HTML.TargetBlank.txt'),
(673,5,'export_import/system/library/export_import/vendor/ezyang/htmlpurifier/library/HTMLPurifier/ConfigSchema/schema/HTML.TargetNoopener.txt'),
(674,5,'export_import/system/library/export_import/vendor/ezyang/htmlpurifier/library/HTMLPurifier/ConfigSchema/schema/HTML.TargetNoreferrer.txt'),
(675,5,'export_import/system/library/export_import/vendor/ezyang/htmlpurifier/library/HTMLPurifier/ConfigSchema/schema/HTML.TidyAdd.txt'),
(676,5,'export_import/system/library/export_import/vendor/ezyang/htmlpurifier/library/HTMLPurifier/ConfigSchema/schema/HTML.TidyLevel.txt'),
(677,5,'export_import/system/library/export_import/vendor/ezyang/htmlpurifier/library/HTMLPurifier/ConfigSchema/schema/HTML.TidyRemove.txt'),
(678,5,'export_import/system/library/export_import/vendor/ezyang/htmlpurifier/library/HTMLPurifier/ConfigSchema/schema/HTML.Trusted.txt'),
(679,5,'export_import/system/library/export_import/vendor/ezyang/htmlpurifier/library/HTMLPurifier/ConfigSchema/schema/HTML.XHTML.txt'),
(680,5,'export_import/system/library/export_import/vendor/ezyang/htmlpurifier/library/HTMLPurifier/ConfigSchema/schema/Output.CommentScriptContents.txt'),
(681,5,'export_import/system/library/export_import/vendor/ezyang/htmlpurifier/library/HTMLPurifier/ConfigSchema/schema/Output.FixInnerHTML.txt'),
(682,5,'export_import/system/library/export_import/vendor/ezyang/htmlpurifier/library/HTMLPurifier/ConfigSchema/schema/Output.FlashCompat.txt'),
(683,5,'export_import/system/library/export_import/vendor/ezyang/htmlpurifier/library/HTMLPurifier/ConfigSchema/schema/Output.Newline.txt'),
(684,5,'export_import/system/library/export_import/vendor/ezyang/htmlpurifier/library/HTMLPurifier/ConfigSchema/schema/Output.SortAttr.txt'),
(685,5,'export_import/system/library/export_import/vendor/ezyang/htmlpurifier/library/HTMLPurifier/ConfigSchema/schema/Output.TidyFormat.txt'),
(686,5,'export_import/system/library/export_import/vendor/ezyang/htmlpurifier/library/HTMLPurifier/ConfigSchema/schema/Test.ForceNoIconv.txt'),
(687,5,'export_import/system/library/export_import/vendor/ezyang/htmlpurifier/library/HTMLPurifier/ConfigSchema/schema/URI.AllowedSchemes.txt'),
(688,5,'export_import/system/library/export_import/vendor/ezyang/htmlpurifier/library/HTMLPurifier/ConfigSchema/schema/URI.Base.txt'),
(689,5,'export_import/system/library/export_import/vendor/ezyang/htmlpurifier/library/HTMLPurifier/ConfigSchema/schema/URI.DefaultScheme.txt'),
(690,5,'export_import/system/library/export_import/vendor/ezyang/htmlpurifier/library/HTMLPurifier/ConfigSchema/schema/URI.DefinitionID.txt'),
(691,5,'export_import/system/library/export_import/vendor/ezyang/htmlpurifier/library/HTMLPurifier/ConfigSchema/schema/URI.DefinitionRev.txt'),
(692,5,'export_import/system/library/export_import/vendor/ezyang/htmlpurifier/library/HTMLPurifier/ConfigSchema/schema/URI.Disable.txt'),
(693,5,'export_import/system/library/export_import/vendor/ezyang/htmlpurifier/library/HTMLPurifier/ConfigSchema/schema/URI.DisableExternal.txt'),
(694,5,'export_import/system/library/export_import/vendor/ezyang/htmlpurifier/library/HTMLPurifier/ConfigSchema/schema/URI.DisableExternalResources.txt'),
(695,5,'export_import/system/library/export_import/vendor/ezyang/htmlpurifier/library/HTMLPurifier/ConfigSchema/schema/URI.DisableResources.txt'),
(696,5,'export_import/system/library/export_import/vendor/ezyang/htmlpurifier/library/HTMLPurifier/ConfigSchema/schema/URI.Host.txt'),
(697,5,'export_import/system/library/export_import/vendor/ezyang/htmlpurifier/library/HTMLPurifier/ConfigSchema/schema/URI.HostBlacklist.txt'),
(698,5,'export_import/system/library/export_import/vendor/ezyang/htmlpurifier/library/HTMLPurifier/ConfigSchema/schema/URI.MakeAbsolute.txt'),
(699,5,'export_import/system/library/export_import/vendor/ezyang/htmlpurifier/library/HTMLPurifier/ConfigSchema/schema/URI.Munge.txt'),
(700,5,'export_import/system/library/export_import/vendor/ezyang/htmlpurifier/library/HTMLPurifier/ConfigSchema/schema/URI.MungeResources.txt'),
(701,5,'export_import/system/library/export_import/vendor/ezyang/htmlpurifier/library/HTMLPurifier/ConfigSchema/schema/URI.MungeSecretKey.txt'),
(702,5,'export_import/system/library/export_import/vendor/ezyang/htmlpurifier/library/HTMLPurifier/ConfigSchema/schema/URI.OverrideAllowedSchemes.txt'),
(703,5,'export_import/system/library/export_import/vendor/ezyang/htmlpurifier/library/HTMLPurifier/ConfigSchema/schema/URI.SafeIframeRegexp.txt'),
(704,5,'export_import/system/library/export_import/vendor/ezyang/htmlpurifier/library/HTMLPurifier/ConfigSchema/schema/info.ini'),
(705,5,'export_import/system/library/export_import/vendor/ezyang/htmlpurifier/library/HTMLPurifier/ContentSets.php'),
(706,5,'export_import/system/library/export_import/vendor/ezyang/htmlpurifier/library/HTMLPurifier/Context.php'),
(707,5,'export_import/system/library/export_import/vendor/ezyang/htmlpurifier/library/HTMLPurifier/Definition.php'),
(708,5,'export_import/system/library/export_import/vendor/ezyang/htmlpurifier/library/HTMLPurifier/DefinitionCache.php'),
(709,5,'export_import/system/library/export_import/vendor/ezyang/htmlpurifier/library/HTMLPurifier/DefinitionCache'),
(710,5,'export_import/system/library/export_import/vendor/ezyang/htmlpurifier/library/HTMLPurifier/DefinitionCache/Decorator.php'),
(711,5,'export_import/system/library/export_import/vendor/ezyang/htmlpurifier/library/HTMLPurifier/DefinitionCache/Decorator'),
(712,5,'export_import/system/library/export_import/vendor/ezyang/htmlpurifier/library/HTMLPurifier/DefinitionCache/Decorator/Cleanup.php'),
(713,5,'export_import/system/library/export_import/vendor/ezyang/htmlpurifier/library/HTMLPurifier/DefinitionCache/Decorator/Memory.php'),
(714,5,'export_import/system/library/export_import/vendor/ezyang/htmlpurifier/library/HTMLPurifier/DefinitionCache/Decorator/Template.php.in'),
(715,5,'export_import/system/library/export_import/vendor/ezyang/htmlpurifier/library/HTMLPurifier/DefinitionCache/Null.php'),
(716,5,'export_import/system/library/export_import/vendor/ezyang/htmlpurifier/library/HTMLPurifier/DefinitionCache/Serializer.php'),
(717,5,'export_import/system/library/export_import/vendor/ezyang/htmlpurifier/library/HTMLPurifier/DefinitionCache/Serializer'),
(718,5,'export_import/system/library/export_import/vendor/ezyang/htmlpurifier/library/HTMLPurifier/DefinitionCache/Serializer/README'),
(719,5,'export_import/system/library/export_import/vendor/ezyang/htmlpurifier/library/HTMLPurifier/DefinitionCacheFactory.php'),
(720,5,'export_import/system/library/export_import/vendor/ezyang/htmlpurifier/library/HTMLPurifier/Doctype.php'),
(721,5,'export_import/system/library/export_import/vendor/ezyang/htmlpurifier/library/HTMLPurifier/DoctypeRegistry.php'),
(722,5,'export_import/system/library/export_import/vendor/ezyang/htmlpurifier/library/HTMLPurifier/ElementDef.php'),
(723,5,'export_import/system/library/export_import/vendor/ezyang/htmlpurifier/library/HTMLPurifier/Encoder.php'),
(724,5,'export_import/system/library/export_import/vendor/ezyang/htmlpurifier/library/HTMLPurifier/EntityLookup.php'),
(725,5,'export_import/system/library/export_import/vendor/ezyang/htmlpurifier/library/HTMLPurifier/EntityLookup'),
(726,5,'export_import/system/library/export_import/vendor/ezyang/htmlpurifier/library/HTMLPurifier/EntityLookup/entities.ser'),
(727,5,'export_import/system/library/export_import/vendor/ezyang/htmlpurifier/library/HTMLPurifier/EntityParser.php'),
(728,5,'export_import/system/library/export_import/vendor/ezyang/htmlpurifier/library/HTMLPurifier/ErrorCollector.php'),
(729,5,'export_import/system/library/export_import/vendor/ezyang/htmlpurifier/library/HTMLPurifier/ErrorStruct.php'),
(730,5,'export_import/system/library/export_import/vendor/ezyang/htmlpurifier/library/HTMLPurifier/Exception.php'),
(731,5,'export_import/system/library/export_import/vendor/ezyang/htmlpurifier/library/HTMLPurifier/Filter.php'),
(732,5,'export_import/system/library/export_import/vendor/ezyang/htmlpurifier/library/HTMLPurifier/Filter'),
(733,5,'export_import/system/library/export_import/vendor/ezyang/htmlpurifier/library/HTMLPurifier/Filter/ExtractStyleBlocks.php'),
(734,5,'export_import/system/library/export_import/vendor/ezyang/htmlpurifier/library/HTMLPurifier/Filter/YouTube.php'),
(735,5,'export_import/system/library/export_import/vendor/ezyang/htmlpurifier/library/HTMLPurifier/Generator.php'),
(736,5,'export_import/system/library/export_import/vendor/ezyang/htmlpurifier/library/HTMLPurifier/HTMLDefinition.php'),
(737,5,'export_import/system/library/export_import/vendor/ezyang/htmlpurifier/library/HTMLPurifier/HTMLModule.php'),
(738,5,'export_import/system/library/export_import/vendor/ezyang/htmlpurifier/library/HTMLPurifier/HTMLModule'),
(739,5,'export_import/system/library/export_import/vendor/ezyang/htmlpurifier/library/HTMLPurifier/HTMLModule/Bdo.php'),
(740,5,'export_import/system/library/export_import/vendor/ezyang/htmlpurifier/library/HTMLPurifier/HTMLModule/CommonAttributes.php'),
(741,5,'export_import/system/library/export_import/vendor/ezyang/htmlpurifier/library/HTMLPurifier/HTMLModule/Edit.php'),
(742,5,'export_import/system/library/export_import/vendor/ezyang/htmlpurifier/library/HTMLPurifier/HTMLModule/Forms.php'),
(743,5,'export_import/system/library/export_import/vendor/ezyang/htmlpurifier/library/HTMLPurifier/HTMLModule/Hypertext.php'),
(744,5,'export_import/system/library/export_import/vendor/ezyang/htmlpurifier/library/HTMLPurifier/HTMLModule/Iframe.php'),
(745,5,'export_import/system/library/export_import/vendor/ezyang/htmlpurifier/library/HTMLPurifier/HTMLModule/Image.php'),
(746,5,'export_import/system/library/export_import/vendor/ezyang/htmlpurifier/library/HTMLPurifier/HTMLModule/Legacy.php'),
(747,5,'export_import/system/library/export_import/vendor/ezyang/htmlpurifier/library/HTMLPurifier/HTMLModule/List.php'),
(748,5,'export_import/system/library/export_import/vendor/ezyang/htmlpurifier/library/HTMLPurifier/HTMLModule/Name.php'),
(749,5,'export_import/system/library/export_import/vendor/ezyang/htmlpurifier/library/HTMLPurifier/HTMLModule/Nofollow.php'),
(750,5,'export_import/system/library/export_import/vendor/ezyang/htmlpurifier/library/HTMLPurifier/HTMLModule/NonXMLCommonAttributes.php'),
(751,5,'export_import/system/library/export_import/vendor/ezyang/htmlpurifier/library/HTMLPurifier/HTMLModule/Object.php'),
(752,5,'export_import/system/library/export_import/vendor/ezyang/htmlpurifier/library/HTMLPurifier/HTMLModule/Presentation.php'),
(753,5,'export_import/system/library/export_import/vendor/ezyang/htmlpurifier/library/HTMLPurifier/HTMLModule/Proprietary.php'),
(754,5,'export_import/system/library/export_import/vendor/ezyang/htmlpurifier/library/HTMLPurifier/HTMLModule/Ruby.php'),
(755,5,'export_import/system/library/export_import/vendor/ezyang/htmlpurifier/library/HTMLPurifier/HTMLModule/SafeEmbed.php'),
(756,5,'export_import/system/library/export_import/vendor/ezyang/htmlpurifier/library/HTMLPurifier/HTMLModule/SafeObject.php'),
(757,5,'export_import/system/library/export_import/vendor/ezyang/htmlpurifier/library/HTMLPurifier/HTMLModule/SafeScripting.php'),
(758,5,'export_import/system/library/export_import/vendor/ezyang/htmlpurifier/library/HTMLPurifier/HTMLModule/Scripting.php'),
(759,5,'export_import/system/library/export_import/vendor/ezyang/htmlpurifier/library/HTMLPurifier/HTMLModule/StyleAttribute.php'),
(760,5,'export_import/system/library/export_import/vendor/ezyang/htmlpurifier/library/HTMLPurifier/HTMLModule/Tables.php'),
(761,5,'export_import/system/library/export_import/vendor/ezyang/htmlpurifier/library/HTMLPurifier/HTMLModule/Target.php'),
(762,5,'export_import/system/library/export_import/vendor/ezyang/htmlpurifier/library/HTMLPurifier/HTMLModule/TargetBlank.php'),
(763,5,'export_import/system/library/export_import/vendor/ezyang/htmlpurifier/library/HTMLPurifier/HTMLModule/TargetNoopener.php'),
(764,5,'export_import/system/library/export_import/vendor/ezyang/htmlpurifier/library/HTMLPurifier/HTMLModule/TargetNoreferrer.php'),
(765,5,'export_import/system/library/export_import/vendor/ezyang/htmlpurifier/library/HTMLPurifier/HTMLModule/Text.php'),
(766,5,'export_import/system/library/export_import/vendor/ezyang/htmlpurifier/library/HTMLPurifier/HTMLModule/Tidy.php'),
(767,5,'export_import/system/library/export_import/vendor/ezyang/htmlpurifier/library/HTMLPurifier/HTMLModule/Tidy'),
(768,5,'export_import/system/library/export_import/vendor/ezyang/htmlpurifier/library/HTMLPurifier/HTMLModule/Tidy/Name.php'),
(769,5,'export_import/system/library/export_import/vendor/ezyang/htmlpurifier/library/HTMLPurifier/HTMLModule/Tidy/Proprietary.php'),
(770,5,'export_import/system/library/export_import/vendor/ezyang/htmlpurifier/library/HTMLPurifier/HTMLModule/Tidy/Strict.php'),
(771,5,'export_import/system/library/export_import/vendor/ezyang/htmlpurifier/library/HTMLPurifier/HTMLModule/Tidy/Transitional.php'),
(772,5,'export_import/system/library/export_import/vendor/ezyang/htmlpurifier/library/HTMLPurifier/HTMLModule/Tidy/XHTML.php'),
(773,5,'export_import/system/library/export_import/vendor/ezyang/htmlpurifier/library/HTMLPurifier/HTMLModule/Tidy/XHTMLAndHTML4.php'),
(774,5,'export_import/system/library/export_import/vendor/ezyang/htmlpurifier/library/HTMLPurifier/HTMLModule/XMLCommonAttributes.php'),
(775,5,'export_import/system/library/export_import/vendor/ezyang/htmlpurifier/library/HTMLPurifier/HTMLModuleManager.php'),
(776,5,'export_import/system/library/export_import/vendor/ezyang/htmlpurifier/library/HTMLPurifier/IDAccumulator.php'),
(777,5,'export_import/system/library/export_import/vendor/ezyang/htmlpurifier/library/HTMLPurifier/Injector.php'),
(778,5,'export_import/system/library/export_import/vendor/ezyang/htmlpurifier/library/HTMLPurifier/Injector'),
(779,5,'export_import/system/library/export_import/vendor/ezyang/htmlpurifier/library/HTMLPurifier/Injector/AutoParagraph.php'),
(780,5,'export_import/system/library/export_import/vendor/ezyang/htmlpurifier/library/HTMLPurifier/Injector/DisplayLinkURI.php'),
(781,5,'export_import/system/library/export_import/vendor/ezyang/htmlpurifier/library/HTMLPurifier/Injector/Linkify.php'),
(782,5,'export_import/system/library/export_import/vendor/ezyang/htmlpurifier/library/HTMLPurifier/Injector/PurifierLinkify.php'),
(783,5,'export_import/system/library/export_import/vendor/ezyang/htmlpurifier/library/HTMLPurifier/Injector/RemoveEmpty.php'),
(784,5,'export_import/system/library/export_import/vendor/ezyang/htmlpurifier/library/HTMLPurifier/Injector/RemoveSpansWithoutAttributes.php'),
(785,5,'export_import/system/library/export_import/vendor/ezyang/htmlpurifier/library/HTMLPurifier/Injector/SafeObject.php'),
(786,5,'export_import/system/library/export_import/vendor/ezyang/htmlpurifier/library/HTMLPurifier/Language.php'),
(787,5,'export_import/system/library/export_import/vendor/ezyang/htmlpurifier/library/HTMLPurifier/Language'),
(788,5,'export_import/system/library/export_import/vendor/ezyang/htmlpurifier/library/HTMLPurifier/Language/messages'),
(789,5,'export_import/system/library/export_import/vendor/ezyang/htmlpurifier/library/HTMLPurifier/Language/messages/en.php'),
(790,5,'export_import/system/library/export_import/vendor/ezyang/htmlpurifier/library/HTMLPurifier/LanguageFactory.php'),
(791,5,'export_import/system/library/export_import/vendor/ezyang/htmlpurifier/library/HTMLPurifier/Length.php'),
(792,5,'export_import/system/library/export_import/vendor/ezyang/htmlpurifier/library/HTMLPurifier/Lexer.php'),
(793,5,'export_import/system/library/export_import/vendor/ezyang/htmlpurifier/library/HTMLPurifier/Lexer'),
(794,5,'export_import/system/library/export_import/vendor/ezyang/htmlpurifier/library/HTMLPurifier/Lexer/DOMLex.php'),
(795,5,'export_import/system/library/export_import/vendor/ezyang/htmlpurifier/library/HTMLPurifier/Lexer/DirectLex.php'),
(796,5,'export_import/system/library/export_import/vendor/ezyang/htmlpurifier/library/HTMLPurifier/Lexer/PH5P.php'),
(797,5,'export_import/system/library/export_import/vendor/ezyang/htmlpurifier/library/HTMLPurifier/Node.php'),
(798,5,'export_import/system/library/export_import/vendor/ezyang/htmlpurifier/library/HTMLPurifier/Node'),
(799,5,'export_import/system/library/export_import/vendor/ezyang/htmlpurifier/library/HTMLPurifier/Node/Comment.php'),
(800,5,'export_import/system/library/export_import/vendor/ezyang/htmlpurifier/library/HTMLPurifier/Node/Element.php'),
(801,5,'export_import/system/library/export_import/vendor/ezyang/htmlpurifier/library/HTMLPurifier/Node/Text.php'),
(802,5,'export_import/system/library/export_import/vendor/ezyang/htmlpurifier/library/HTMLPurifier/PercentEncoder.php'),
(803,5,'export_import/system/library/export_import/vendor/ezyang/htmlpurifier/library/HTMLPurifier/Printer.php'),
(804,5,'export_import/system/library/export_import/vendor/ezyang/htmlpurifier/library/HTMLPurifier/Printer'),
(805,5,'export_import/system/library/export_import/vendor/ezyang/htmlpurifier/library/HTMLPurifier/Printer/CSSDefinition.php'),
(806,5,'export_import/system/library/export_import/vendor/ezyang/htmlpurifier/library/HTMLPurifier/Printer/ConfigForm.css'),
(807,5,'export_import/system/library/export_import/vendor/ezyang/htmlpurifier/library/HTMLPurifier/Printer/ConfigForm.js'),
(808,5,'export_import/system/library/export_import/vendor/ezyang/htmlpurifier/library/HTMLPurifier/Printer/ConfigForm.php'),
(809,5,'export_import/system/library/export_import/vendor/ezyang/htmlpurifier/library/HTMLPurifier/Printer/HTMLDefinition.php'),
(810,5,'export_import/system/library/export_import/vendor/ezyang/htmlpurifier/library/HTMLPurifier/PropertyList.php'),
(811,5,'export_import/system/library/export_import/vendor/ezyang/htmlpurifier/library/HTMLPurifier/PropertyListIterator.php'),
(812,5,'export_import/system/library/export_import/vendor/ezyang/htmlpurifier/library/HTMLPurifier/Queue.php'),
(813,5,'export_import/system/library/export_import/vendor/ezyang/htmlpurifier/library/HTMLPurifier/Strategy.php'),
(814,5,'export_import/system/library/export_import/vendor/ezyang/htmlpurifier/library/HTMLPurifier/Strategy'),
(815,5,'export_import/system/library/export_import/vendor/ezyang/htmlpurifier/library/HTMLPurifier/Strategy/Composite.php'),
(816,5,'export_import/system/library/export_import/vendor/ezyang/htmlpurifier/library/HTMLPurifier/Strategy/Core.php'),
(817,5,'export_import/system/library/export_import/vendor/ezyang/htmlpurifier/library/HTMLPurifier/Strategy/FixNesting.php'),
(818,5,'export_import/system/library/export_import/vendor/ezyang/htmlpurifier/library/HTMLPurifier/Strategy/MakeWellFormed.php'),
(819,5,'export_import/system/library/export_import/vendor/ezyang/htmlpurifier/library/HTMLPurifier/Strategy/RemoveForeignElements.php'),
(820,5,'export_import/system/library/export_import/vendor/ezyang/htmlpurifier/library/HTMLPurifier/Strategy/ValidateAttributes.php'),
(821,5,'export_import/system/library/export_import/vendor/ezyang/htmlpurifier/library/HTMLPurifier/StringHash.php'),
(822,5,'export_import/system/library/export_import/vendor/ezyang/htmlpurifier/library/HTMLPurifier/StringHashParser.php'),
(823,5,'export_import/system/library/export_import/vendor/ezyang/htmlpurifier/library/HTMLPurifier/TagTransform.php'),
(824,5,'export_import/system/library/export_import/vendor/ezyang/htmlpurifier/library/HTMLPurifier/TagTransform'),
(825,5,'export_import/system/library/export_import/vendor/ezyang/htmlpurifier/library/HTMLPurifier/TagTransform/Font.php'),
(826,5,'export_import/system/library/export_import/vendor/ezyang/htmlpurifier/library/HTMLPurifier/TagTransform/Simple.php'),
(827,5,'export_import/system/library/export_import/vendor/ezyang/htmlpurifier/library/HTMLPurifier/Token.php'),
(828,5,'export_import/system/library/export_import/vendor/ezyang/htmlpurifier/library/HTMLPurifier/Token'),
(829,5,'export_import/system/library/export_import/vendor/ezyang/htmlpurifier/library/HTMLPurifier/Token/Comment.php'),
(830,5,'export_import/system/library/export_import/vendor/ezyang/htmlpurifier/library/HTMLPurifier/Token/Empty.php'),
(831,5,'export_import/system/library/export_import/vendor/ezyang/htmlpurifier/library/HTMLPurifier/Token/End.php'),
(832,5,'export_import/system/library/export_import/vendor/ezyang/htmlpurifier/library/HTMLPurifier/Token/Start.php'),
(833,5,'export_import/system/library/export_import/vendor/ezyang/htmlpurifier/library/HTMLPurifier/Token/Tag.php'),
(834,5,'export_import/system/library/export_import/vendor/ezyang/htmlpurifier/library/HTMLPurifier/Token/Text.php'),
(835,5,'export_import/system/library/export_import/vendor/ezyang/htmlpurifier/library/HTMLPurifier/TokenFactory.php'),
(836,5,'export_import/system/library/export_import/vendor/ezyang/htmlpurifier/library/HTMLPurifier/URI.php'),
(837,5,'export_import/system/library/export_import/vendor/ezyang/htmlpurifier/library/HTMLPurifier/URIDefinition.php'),
(838,5,'export_import/system/library/export_import/vendor/ezyang/htmlpurifier/library/HTMLPurifier/URIFilter.php'),
(839,5,'export_import/system/library/export_import/vendor/ezyang/htmlpurifier/library/HTMLPurifier/URIFilter'),
(840,5,'export_import/system/library/export_import/vendor/ezyang/htmlpurifier/library/HTMLPurifier/URIFilter/DisableExternal.php'),
(841,5,'export_import/system/library/export_import/vendor/ezyang/htmlpurifier/library/HTMLPurifier/URIFilter/DisableExternalResources.php'),
(842,5,'export_import/system/library/export_import/vendor/ezyang/htmlpurifier/library/HTMLPurifier/URIFilter/DisableResources.php'),
(843,5,'export_import/system/library/export_import/vendor/ezyang/htmlpurifier/library/HTMLPurifier/URIFilter/HostBlacklist.php'),
(844,5,'export_import/system/library/export_import/vendor/ezyang/htmlpurifier/library/HTMLPurifier/URIFilter/MakeAbsolute.php'),
(845,5,'export_import/system/library/export_import/vendor/ezyang/htmlpurifier/library/HTMLPurifier/URIFilter/Munge.php'),
(846,5,'export_import/system/library/export_import/vendor/ezyang/htmlpurifier/library/HTMLPurifier/URIFilter/SafeIframe.php'),
(847,5,'export_import/system/library/export_import/vendor/ezyang/htmlpurifier/library/HTMLPurifier/URIParser.php'),
(848,5,'export_import/system/library/export_import/vendor/ezyang/htmlpurifier/library/HTMLPurifier/URIScheme.php'),
(849,5,'export_import/system/library/export_import/vendor/ezyang/htmlpurifier/library/HTMLPurifier/URIScheme'),
(850,5,'export_import/system/library/export_import/vendor/ezyang/htmlpurifier/library/HTMLPurifier/URIScheme/data.php'),
(851,5,'export_import/system/library/export_import/vendor/ezyang/htmlpurifier/library/HTMLPurifier/URIScheme/file.php'),
(852,5,'export_import/system/library/export_import/vendor/ezyang/htmlpurifier/library/HTMLPurifier/URIScheme/ftp.php'),
(853,5,'export_import/system/library/export_import/vendor/ezyang/htmlpurifier/library/HTMLPurifier/URIScheme/http.php'),
(854,5,'export_import/system/library/export_import/vendor/ezyang/htmlpurifier/library/HTMLPurifier/URIScheme/https.php'),
(855,5,'export_import/system/library/export_import/vendor/ezyang/htmlpurifier/library/HTMLPurifier/URIScheme/mailto.php'),
(856,5,'export_import/system/library/export_import/vendor/ezyang/htmlpurifier/library/HTMLPurifier/URIScheme/news.php'),
(857,5,'export_import/system/library/export_import/vendor/ezyang/htmlpurifier/library/HTMLPurifier/URIScheme/nntp.php'),
(858,5,'export_import/system/library/export_import/vendor/ezyang/htmlpurifier/library/HTMLPurifier/URIScheme/tel.php'),
(859,5,'export_import/system/library/export_import/vendor/ezyang/htmlpurifier/library/HTMLPurifier/URISchemeRegistry.php'),
(860,5,'export_import/system/library/export_import/vendor/ezyang/htmlpurifier/library/HTMLPurifier/UnitConverter.php'),
(861,5,'export_import/system/library/export_import/vendor/ezyang/htmlpurifier/library/HTMLPurifier/VarParser.php'),
(862,5,'export_import/system/library/export_import/vendor/ezyang/htmlpurifier/library/HTMLPurifier/VarParser'),
(863,5,'export_import/system/library/export_import/vendor/ezyang/htmlpurifier/library/HTMLPurifier/VarParser/Flexible.php'),
(864,5,'export_import/system/library/export_import/vendor/ezyang/htmlpurifier/library/HTMLPurifier/VarParser/Native.php'),
(865,5,'export_import/system/library/export_import/vendor/ezyang/htmlpurifier/library/HTMLPurifier/VarParserException.php'),
(866,5,'export_import/system/library/export_import/vendor/ezyang/htmlpurifier/library/HTMLPurifier/Zipper.php'),
(867,5,'export_import/system/library/export_import/vendor/maennchen'),
(868,5,'export_import/system/library/export_import/vendor/maennchen/zipstream-php'),
(869,5,'export_import/system/library/export_import/vendor/maennchen/zipstream-php/.editorconfig'),
(870,5,'export_import/system/library/export_import/vendor/maennchen/zipstream-php/.phive'),
(871,5,'export_import/system/library/export_import/vendor/maennchen/zipstream-php/.phive/phars.xml'),
(872,5,'export_import/system/library/export_import/vendor/maennchen/zipstream-php/.php-cs-fixer.dist.php'),
(873,5,'export_import/system/library/export_import/vendor/maennchen/zipstream-php/.phpdoc'),
(874,5,'export_import/system/library/export_import/vendor/maennchen/zipstream-php/.phpdoc/template'),
(875,5,'export_import/system/library/export_import/vendor/maennchen/zipstream-php/.phpdoc/template/base.html.twig'),
(876,5,'export_import/system/library/export_import/vendor/maennchen/zipstream-php/.tool-versions'),
(877,5,'export_import/system/library/export_import/vendor/maennchen/zipstream-php/LICENSE'),
(878,5,'export_import/system/library/export_import/vendor/maennchen/zipstream-php/README.md'),
(879,5,'export_import/system/library/export_import/vendor/maennchen/zipstream-php/composer.json'),
(880,5,'export_import/system/library/export_import/vendor/maennchen/zipstream-php/guides'),
(881,5,'export_import/system/library/export_import/vendor/maennchen/zipstream-php/guides/ContentLength.rst'),
(882,5,'export_import/system/library/export_import/vendor/maennchen/zipstream-php/guides/FlySystem.rst'),
(883,5,'export_import/system/library/export_import/vendor/maennchen/zipstream-php/guides/Nginx.rst'),
(884,5,'export_import/system/library/export_import/vendor/maennchen/zipstream-php/guides/Options.rst'),
(885,5,'export_import/system/library/export_import/vendor/maennchen/zipstream-php/guides/PSR7Streams.rst'),
(886,5,'export_import/system/library/export_import/vendor/maennchen/zipstream-php/guides/StreamOutput.rst'),
(887,5,'export_import/system/library/export_import/vendor/maennchen/zipstream-php/guides/Symfony.rst'),
(888,5,'export_import/system/library/export_import/vendor/maennchen/zipstream-php/guides/Varnish.rst'),
(889,5,'export_import/system/library/export_import/vendor/maennchen/zipstream-php/guides/index.rst'),
(890,5,'export_import/system/library/export_import/vendor/maennchen/zipstream-php/phpdoc.dist.xml'),
(891,5,'export_import/system/library/export_import/vendor/maennchen/zipstream-php/phpunit.xml.dist'),
(892,5,'export_import/system/library/export_import/vendor/maennchen/zipstream-php/psalm.xml'),
(893,5,'export_import/system/library/export_import/vendor/maennchen/zipstream-php/src'),
(894,5,'export_import/system/library/export_import/vendor/maennchen/zipstream-php/src/Bigint.php'),
(895,5,'export_import/system/library/export_import/vendor/maennchen/zipstream-php/src/DeflateStream.php'),
(896,5,'export_import/system/library/export_import/vendor/maennchen/zipstream-php/src/Exception.php'),
(897,5,'export_import/system/library/export_import/vendor/maennchen/zipstream-php/src/Exception'),
(898,5,'export_import/system/library/export_import/vendor/maennchen/zipstream-php/src/Exception/EncodingException.php'),
(899,5,'export_import/system/library/export_import/vendor/maennchen/zipstream-php/src/Exception/FileNotFoundException.php'),
(900,5,'export_import/system/library/export_import/vendor/maennchen/zipstream-php/src/Exception/FileNotReadableException.php'),
(901,5,'export_import/system/library/export_import/vendor/maennchen/zipstream-php/src/Exception/IncompatibleOptionsException.php'),
(902,5,'export_import/system/library/export_import/vendor/maennchen/zipstream-php/src/Exception/OverflowException.php'),
(903,5,'export_import/system/library/export_import/vendor/maennchen/zipstream-php/src/Exception/StreamNotReadableException.php'),
(904,5,'export_import/system/library/export_import/vendor/maennchen/zipstream-php/src/File.php'),
(905,5,'export_import/system/library/export_import/vendor/maennchen/zipstream-php/src/Option'),
(906,5,'export_import/system/library/export_import/vendor/maennchen/zipstream-php/src/Option/Archive.php'),
(907,5,'export_import/system/library/export_import/vendor/maennchen/zipstream-php/src/Option/File.php'),
(908,5,'export_import/system/library/export_import/vendor/maennchen/zipstream-php/src/Option/Method.php'),
(909,5,'export_import/system/library/export_import/vendor/maennchen/zipstream-php/src/Option/Version.php'),
(910,5,'export_import/system/library/export_import/vendor/maennchen/zipstream-php/src/Stream.php'),
(911,5,'export_import/system/library/export_import/vendor/maennchen/zipstream-php/src/ZipStream.php'),
(912,5,'export_import/system/library/export_import/vendor/maennchen/zipstream-php/test'),
(913,5,'export_import/system/library/export_import/vendor/maennchen/zipstream-php/test/BigintTest.php'),
(914,5,'export_import/system/library/export_import/vendor/maennchen/zipstream-php/test/ZipStreamTest.php'),
(915,5,'export_import/system/library/export_import/vendor/maennchen/zipstream-php/test/bootstrap.php'),
(916,5,'export_import/system/library/export_import/vendor/maennchen/zipstream-php/test/bug'),
(917,5,'export_import/system/library/export_import/vendor/maennchen/zipstream-php/test/bug/BugHonorFileTimeTest.php'),
(918,5,'export_import/system/library/export_import/vendor/markbaker'),
(919,5,'export_import/system/library/export_import/vendor/markbaker/complex'),
(920,5,'export_import/system/library/export_import/vendor/markbaker/complex/.github'),
(921,5,'export_import/system/library/export_import/vendor/markbaker/complex/.github/workflows'),
(922,5,'export_import/system/library/export_import/vendor/markbaker/complex/.github/workflows/main.yml'),
(923,5,'export_import/system/library/export_import/vendor/markbaker/complex/README.md'),
(924,5,'export_import/system/library/export_import/vendor/markbaker/complex/classes'),
(925,5,'export_import/system/library/export_import/vendor/markbaker/complex/classes/src'),
(926,5,'export_import/system/library/export_import/vendor/markbaker/complex/classes/src/Complex.php'),
(927,5,'export_import/system/library/export_import/vendor/markbaker/complex/classes/src/Exception.php'),
(928,5,'export_import/system/library/export_import/vendor/markbaker/complex/classes/src/Functions.php'),
(929,5,'export_import/system/library/export_import/vendor/markbaker/complex/classes/src/Operations.php'),
(930,5,'export_import/system/library/export_import/vendor/markbaker/complex/composer.json'),
(931,5,'export_import/system/library/export_import/vendor/markbaker/complex/examples'),
(932,5,'export_import/system/library/export_import/vendor/markbaker/complex/examples/complexTest.php'),
(933,5,'export_import/system/library/export_import/vendor/markbaker/complex/examples/testFunctions.php'),
(934,5,'export_import/system/library/export_import/vendor/markbaker/complex/examples/testOperations.php'),
(935,5,'export_import/system/library/export_import/vendor/markbaker/complex/license.md'),
(936,5,'export_import/system/library/export_import/vendor/markbaker/matrix'),
(937,5,'export_import/system/library/export_import/vendor/markbaker/matrix/.github'),
(938,5,'export_import/system/library/export_import/vendor/markbaker/matrix/.github/workflows'),
(939,5,'export_import/system/library/export_import/vendor/markbaker/matrix/.github/workflows/main.yaml'),
(940,5,'export_import/system/library/export_import/vendor/markbaker/matrix/README.md'),
(941,5,'export_import/system/library/export_import/vendor/markbaker/matrix/buildPhar.php'),
(942,5,'export_import/system/library/export_import/vendor/markbaker/matrix/classes'),
(943,5,'export_import/system/library/export_import/vendor/markbaker/matrix/classes/src'),
(944,5,'export_import/system/library/export_import/vendor/markbaker/matrix/classes/src/Builder.php'),
(945,5,'export_import/system/library/export_import/vendor/markbaker/matrix/classes/src/Decomposition'),
(946,5,'export_import/system/library/export_import/vendor/markbaker/matrix/classes/src/Decomposition/Decomposition.php'),
(947,5,'export_import/system/library/export_import/vendor/markbaker/matrix/classes/src/Decomposition/LU.php'),
(948,5,'export_import/system/library/export_import/vendor/markbaker/matrix/classes/src/Decomposition/QR.php'),
(949,5,'export_import/system/library/export_import/vendor/markbaker/matrix/classes/src/Div0Exception.php'),
(950,5,'export_import/system/library/export_import/vendor/markbaker/matrix/classes/src/Exception.php'),
(951,5,'export_import/system/library/export_import/vendor/markbaker/matrix/classes/src/Functions.php'),
(952,5,'export_import/system/library/export_import/vendor/markbaker/matrix/classes/src/Matrix.php'),
(953,5,'export_import/system/library/export_import/vendor/markbaker/matrix/classes/src/Operations.php'),
(954,5,'export_import/system/library/export_import/vendor/markbaker/matrix/classes/src/Operators'),
(955,5,'export_import/system/library/export_import/vendor/markbaker/matrix/classes/src/Operators/Addition.php'),
(956,5,'export_import/system/library/export_import/vendor/markbaker/matrix/classes/src/Operators/DirectSum.php'),
(957,5,'export_import/system/library/export_import/vendor/markbaker/matrix/classes/src/Operators/Division.php'),
(958,5,'export_import/system/library/export_import/vendor/markbaker/matrix/classes/src/Operators/Multiplication.php'),
(959,5,'export_import/system/library/export_import/vendor/markbaker/matrix/classes/src/Operators/Operator.php'),
(960,5,'export_import/system/library/export_import/vendor/markbaker/matrix/classes/src/Operators/Subtraction.php'),
(961,5,'export_import/system/library/export_import/vendor/markbaker/matrix/composer.json'),
(962,5,'export_import/system/library/export_import/vendor/markbaker/matrix/examples'),
(963,5,'export_import/system/library/export_import/vendor/markbaker/matrix/examples/test.php'),
(964,5,'export_import/system/library/export_import/vendor/markbaker/matrix/infection.json.dist'),
(965,5,'export_import/system/library/export_import/vendor/markbaker/matrix/license.md'),
(966,5,'export_import/system/library/export_import/vendor/markbaker/matrix/phpstan.neon'),
(967,5,'export_import/system/library/export_import/vendor/myclabs'),
(968,5,'export_import/system/library/export_import/vendor/myclabs/php-enum'),
(969,5,'export_import/system/library/export_import/vendor/myclabs/php-enum/LICENSE'),
(970,5,'export_import/system/library/export_import/vendor/myclabs/php-enum/README.md'),
(971,5,'export_import/system/library/export_import/vendor/myclabs/php-enum/SECURITY.md'),
(972,5,'export_import/system/library/export_import/vendor/myclabs/php-enum/composer.json'),
(973,5,'export_import/system/library/export_import/vendor/myclabs/php-enum/src'),
(974,5,'export_import/system/library/export_import/vendor/myclabs/php-enum/src/Enum.php'),
(975,5,'export_import/system/library/export_import/vendor/myclabs/php-enum/src/PHPUnit'),
(976,5,'export_import/system/library/export_import/vendor/myclabs/php-enum/src/PHPUnit/Comparator.php'),
(977,5,'export_import/system/library/export_import/vendor/myclabs/php-enum/stubs'),
(978,5,'export_import/system/library/export_import/vendor/myclabs/php-enum/stubs/Stringable.php'),
(979,5,'export_import/system/library/export_import/vendor/phpoffice'),
(980,5,'export_import/system/library/export_import/vendor/phpoffice/phpspreadsheet'),
(981,5,'export_import/system/library/export_import/vendor/phpoffice/phpspreadsheet/.php-cs-fixer.dist.php'),
(982,5,'export_import/system/library/export_import/vendor/phpoffice/phpspreadsheet/.phpcs.xml.dist'),
(983,5,'export_import/system/library/export_import/vendor/phpoffice/phpspreadsheet/CHANGELOG.md'),
(984,5,'export_import/system/library/export_import/vendor/phpoffice/phpspreadsheet/CONTRIBUTING.md'),
(985,5,'export_import/system/library/export_import/vendor/phpoffice/phpspreadsheet/LICENSE'),
(986,5,'export_import/system/library/export_import/vendor/phpoffice/phpspreadsheet/README.md'),
(987,5,'export_import/system/library/export_import/vendor/phpoffice/phpspreadsheet/composer.json'),
(988,5,'export_import/system/library/export_import/vendor/phpoffice/phpspreadsheet/phpstan-baseline.neon'),
(989,5,'export_import/system/library/export_import/vendor/phpoffice/phpspreadsheet/phpstan-conditional.php'),
(990,5,'export_import/system/library/export_import/vendor/phpoffice/phpspreadsheet/phpstan.neon.dist'),
(991,5,'export_import/system/library/export_import/vendor/phpoffice/phpspreadsheet/src'),
(992,5,'export_import/system/library/export_import/vendor/phpoffice/phpspreadsheet/src/PhpSpreadsheet'),
(993,5,'export_import/system/library/export_import/vendor/phpoffice/phpspreadsheet/src/PhpSpreadsheet/Calculation'),
(994,5,'export_import/system/library/export_import/vendor/phpoffice/phpspreadsheet/src/PhpSpreadsheet/Calculation/ArrayEnabled.php'),
(995,5,'export_import/system/library/export_import/vendor/phpoffice/phpspreadsheet/src/PhpSpreadsheet/Calculation/BinaryComparison.php'),
(996,5,'export_import/system/library/export_import/vendor/phpoffice/phpspreadsheet/src/PhpSpreadsheet/Calculation/Calculation.php'),
(997,5,'export_import/system/library/export_import/vendor/phpoffice/phpspreadsheet/src/PhpSpreadsheet/Calculation/Category.php'),
(998,5,'export_import/system/library/export_import/vendor/phpoffice/phpspreadsheet/src/PhpSpreadsheet/Calculation/Database.php'),
(999,5,'export_import/system/library/export_import/vendor/phpoffice/phpspreadsheet/src/PhpSpreadsheet/Calculation/Database'),
(1000,5,'export_import/system/library/export_import/vendor/phpoffice/phpspreadsheet/src/PhpSpreadsheet/Calculation/Database/DAverage.php'),
(1001,5,'export_import/system/library/export_import/vendor/phpoffice/phpspreadsheet/src/PhpSpreadsheet/Calculation/Database/DCount.php'),
(1002,5,'export_import/system/library/export_import/vendor/phpoffice/phpspreadsheet/src/PhpSpreadsheet/Calculation/Database/DCountA.php'),
(1003,5,'export_import/system/library/export_import/vendor/phpoffice/phpspreadsheet/src/PhpSpreadsheet/Calculation/Database/DGet.php'),
(1004,5,'export_import/system/library/export_import/vendor/phpoffice/phpspreadsheet/src/PhpSpreadsheet/Calculation/Database/DMax.php'),
(1005,5,'export_import/system/library/export_import/vendor/phpoffice/phpspreadsheet/src/PhpSpreadsheet/Calculation/Database/DMin.php'),
(1006,5,'export_import/system/library/export_import/vendor/phpoffice/phpspreadsheet/src/PhpSpreadsheet/Calculation/Database/DProduct.php'),
(1007,5,'export_import/system/library/export_import/vendor/phpoffice/phpspreadsheet/src/PhpSpreadsheet/Calculation/Database/DStDev.php'),
(1008,5,'export_import/system/library/export_import/vendor/phpoffice/phpspreadsheet/src/PhpSpreadsheet/Calculation/Database/DStDevP.php'),
(1009,5,'export_import/system/library/export_import/vendor/phpoffice/phpspreadsheet/src/PhpSpreadsheet/Calculation/Database/DSum.php'),
(1010,5,'export_import/system/library/export_import/vendor/phpoffice/phpspreadsheet/src/PhpSpreadsheet/Calculation/Database/DVar.php'),
(1011,5,'export_import/system/library/export_import/vendor/phpoffice/phpspreadsheet/src/PhpSpreadsheet/Calculation/Database/DVarP.php'),
(1012,5,'export_import/system/library/export_import/vendor/phpoffice/phpspreadsheet/src/PhpSpreadsheet/Calculation/Database/DatabaseAbstract.php'),
(1013,5,'export_import/system/library/export_import/vendor/phpoffice/phpspreadsheet/src/PhpSpreadsheet/Calculation/DateTime.php'),
(1014,5,'export_import/system/library/export_import/vendor/phpoffice/phpspreadsheet/src/PhpSpreadsheet/Calculation/DateTimeExcel'),
(1015,5,'export_import/system/library/export_import/vendor/phpoffice/phpspreadsheet/src/PhpSpreadsheet/Calculation/DateTimeExcel/Constants.php'),
(1016,5,'export_import/system/library/export_import/vendor/phpoffice/phpspreadsheet/src/PhpSpreadsheet/Calculation/DateTimeExcel/Current.php'),
(1017,5,'export_import/system/library/export_import/vendor/phpoffice/phpspreadsheet/src/PhpSpreadsheet/Calculation/DateTimeExcel/Date.php'),
(1018,5,'export_import/system/library/export_import/vendor/phpoffice/phpspreadsheet/src/PhpSpreadsheet/Calculation/DateTimeExcel/DateParts.php'),
(1019,5,'export_import/system/library/export_import/vendor/phpoffice/phpspreadsheet/src/PhpSpreadsheet/Calculation/DateTimeExcel/DateValue.php'),
(1020,5,'export_import/system/library/export_import/vendor/phpoffice/phpspreadsheet/src/PhpSpreadsheet/Calculation/DateTimeExcel/Days.php'),
(1021,5,'export_import/system/library/export_import/vendor/phpoffice/phpspreadsheet/src/PhpSpreadsheet/Calculation/DateTimeExcel/Days360.php'),
(1022,5,'export_import/system/library/export_import/vendor/phpoffice/phpspreadsheet/src/PhpSpreadsheet/Calculation/DateTimeExcel/Difference.php'),
(1023,5,'export_import/system/library/export_import/vendor/phpoffice/phpspreadsheet/src/PhpSpreadsheet/Calculation/DateTimeExcel/Helpers.php'),
(1024,5,'export_import/system/library/export_import/vendor/phpoffice/phpspreadsheet/src/PhpSpreadsheet/Calculation/DateTimeExcel/Month.php'),
(1025,5,'export_import/system/library/export_import/vendor/phpoffice/phpspreadsheet/src/PhpSpreadsheet/Calculation/DateTimeExcel/NetworkDays.php'),
(1026,5,'export_import/system/library/export_import/vendor/phpoffice/phpspreadsheet/src/PhpSpreadsheet/Calculation/DateTimeExcel/Time.php'),
(1027,5,'export_import/system/library/export_import/vendor/phpoffice/phpspreadsheet/src/PhpSpreadsheet/Calculation/DateTimeExcel/TimeParts.php'),
(1028,5,'export_import/system/library/export_import/vendor/phpoffice/phpspreadsheet/src/PhpSpreadsheet/Calculation/DateTimeExcel/TimeValue.php'),
(1029,5,'export_import/system/library/export_import/vendor/phpoffice/phpspreadsheet/src/PhpSpreadsheet/Calculation/DateTimeExcel/Week.php'),
(1030,5,'export_import/system/library/export_import/vendor/phpoffice/phpspreadsheet/src/PhpSpreadsheet/Calculation/DateTimeExcel/WorkDay.php'),
(1031,5,'export_import/system/library/export_import/vendor/phpoffice/phpspreadsheet/src/PhpSpreadsheet/Calculation/DateTimeExcel/YearFrac.php'),
(1032,5,'export_import/system/library/export_import/vendor/phpoffice/phpspreadsheet/src/PhpSpreadsheet/Calculation/Engine'),
(1033,5,'export_import/system/library/export_import/vendor/phpoffice/phpspreadsheet/src/PhpSpreadsheet/Calculation/Engine/ArrayArgumentHelper.php'),
(1034,5,'export_import/system/library/export_import/vendor/phpoffice/phpspreadsheet/src/PhpSpreadsheet/Calculation/Engine/ArrayArgumentProcessor.php'),
(1035,5,'export_import/system/library/export_import/vendor/phpoffice/phpspreadsheet/src/PhpSpreadsheet/Calculation/Engine/BranchPruner.php'),
(1036,5,'export_import/system/library/export_import/vendor/phpoffice/phpspreadsheet/src/PhpSpreadsheet/Calculation/Engine/CyclicReferenceStack.php'),
(1037,5,'export_import/system/library/export_import/vendor/phpoffice/phpspreadsheet/src/PhpSpreadsheet/Calculation/Engine/Logger.php'),
(1038,5,'export_import/system/library/export_import/vendor/phpoffice/phpspreadsheet/src/PhpSpreadsheet/Calculation/Engineering.php'),
(1039,5,'export_import/system/library/export_import/vendor/phpoffice/phpspreadsheet/src/PhpSpreadsheet/Calculation/Engineering'),
(1040,5,'export_import/system/library/export_import/vendor/phpoffice/phpspreadsheet/src/PhpSpreadsheet/Calculation/Engineering/BesselI.php'),
(1041,5,'export_import/system/library/export_import/vendor/phpoffice/phpspreadsheet/src/PhpSpreadsheet/Calculation/Engineering/BesselJ.php'),
(1042,5,'export_import/system/library/export_import/vendor/phpoffice/phpspreadsheet/src/PhpSpreadsheet/Calculation/Engineering/BesselK.php'),
(1043,5,'export_import/system/library/export_import/vendor/phpoffice/phpspreadsheet/src/PhpSpreadsheet/Calculation/Engineering/BesselY.php'),
(1044,5,'export_import/system/library/export_import/vendor/phpoffice/phpspreadsheet/src/PhpSpreadsheet/Calculation/Engineering/BitWise.php'),
(1045,5,'export_import/system/library/export_import/vendor/phpoffice/phpspreadsheet/src/PhpSpreadsheet/Calculation/Engineering/Compare.php'),
(1046,5,'export_import/system/library/export_import/vendor/phpoffice/phpspreadsheet/src/PhpSpreadsheet/Calculation/Engineering/Complex.php'),
(1047,5,'export_import/system/library/export_import/vendor/phpoffice/phpspreadsheet/src/PhpSpreadsheet/Calculation/Engineering/ComplexFunctions.php'),
(1048,5,'export_import/system/library/export_import/vendor/phpoffice/phpspreadsheet/src/PhpSpreadsheet/Calculation/Engineering/ComplexOperations.php'),
(1049,5,'export_import/system/library/export_import/vendor/phpoffice/phpspreadsheet/src/PhpSpreadsheet/Calculation/Engineering/Constants.php'),
(1050,5,'export_import/system/library/export_import/vendor/phpoffice/phpspreadsheet/src/PhpSpreadsheet/Calculation/Engineering/ConvertBase.php'),
(1051,5,'export_import/system/library/export_import/vendor/phpoffice/phpspreadsheet/src/PhpSpreadsheet/Calculation/Engineering/ConvertBinary.php'),
(1052,5,'export_import/system/library/export_import/vendor/phpoffice/phpspreadsheet/src/PhpSpreadsheet/Calculation/Engineering/ConvertDecimal.php'),
(1053,5,'export_import/system/library/export_import/vendor/phpoffice/phpspreadsheet/src/PhpSpreadsheet/Calculation/Engineering/ConvertHex.php'),
(1054,5,'export_import/system/library/export_import/vendor/phpoffice/phpspreadsheet/src/PhpSpreadsheet/Calculation/Engineering/ConvertOctal.php'),
(1055,5,'export_import/system/library/export_import/vendor/phpoffice/phpspreadsheet/src/PhpSpreadsheet/Calculation/Engineering/ConvertUOM.php'),
(1056,5,'export_import/system/library/export_import/vendor/phpoffice/phpspreadsheet/src/PhpSpreadsheet/Calculation/Engineering/EngineeringValidations.php'),
(1057,5,'export_import/system/library/export_import/vendor/phpoffice/phpspreadsheet/src/PhpSpreadsheet/Calculation/Engineering/Erf.php'),
(1058,5,'export_import/system/library/export_import/vendor/phpoffice/phpspreadsheet/src/PhpSpreadsheet/Calculation/Engineering/ErfC.php'),
(1059,5,'export_import/system/library/export_import/vendor/phpoffice/phpspreadsheet/src/PhpSpreadsheet/Calculation/Exception.php'),
(1060,5,'export_import/system/library/export_import/vendor/phpoffice/phpspreadsheet/src/PhpSpreadsheet/Calculation/ExceptionHandler.php'),
(1061,5,'export_import/system/library/export_import/vendor/phpoffice/phpspreadsheet/src/PhpSpreadsheet/Calculation/Financial.php'),
(1062,5,'export_import/system/library/export_import/vendor/phpoffice/phpspreadsheet/src/PhpSpreadsheet/Calculation/Financial'),
(1063,5,'export_import/system/library/export_import/vendor/phpoffice/phpspreadsheet/src/PhpSpreadsheet/Calculation/Financial/Amortization.php'),
(1064,5,'export_import/system/library/export_import/vendor/phpoffice/phpspreadsheet/src/PhpSpreadsheet/Calculation/Financial/CashFlow'),
(1065,5,'export_import/system/library/export_import/vendor/phpoffice/phpspreadsheet/src/PhpSpreadsheet/Calculation/Financial/CashFlow/CashFlowValidations.php'),
(1066,5,'export_import/system/library/export_import/vendor/phpoffice/phpspreadsheet/src/PhpSpreadsheet/Calculation/Financial/CashFlow/Constant'),
(1067,5,'export_import/system/library/export_import/vendor/phpoffice/phpspreadsheet/src/PhpSpreadsheet/Calculation/Financial/CashFlow/Constant/Periodic.php'),
(1068,5,'export_import/system/library/export_import/vendor/phpoffice/phpspreadsheet/src/PhpSpreadsheet/Calculation/Financial/CashFlow/Constant/Periodic'),
(1069,5,'export_import/system/library/export_import/vendor/phpoffice/phpspreadsheet/src/PhpSpreadsheet/Calculation/Financial/CashFlow/Constant/Periodic/Cumulative.php'),
(1070,5,'export_import/system/library/export_import/vendor/phpoffice/phpspreadsheet/src/PhpSpreadsheet/Calculation/Financial/CashFlow/Constant/Periodic/Interest.php'),
(1071,5,'export_import/system/library/export_import/vendor/phpoffice/phpspreadsheet/src/PhpSpreadsheet/Calculation/Financial/CashFlow/Constant/Periodic/InterestAndPrincipal.php'),
(1072,5,'export_import/system/library/export_import/vendor/phpoffice/phpspreadsheet/src/PhpSpreadsheet/Calculation/Financial/CashFlow/Constant/Periodic/Payments.php'),
(1073,5,'export_import/system/library/export_import/vendor/phpoffice/phpspreadsheet/src/PhpSpreadsheet/Calculation/Financial/CashFlow/Single.php'),
(1074,5,'export_import/system/library/export_import/vendor/phpoffice/phpspreadsheet/src/PhpSpreadsheet/Calculation/Financial/CashFlow/Variable'),
(1075,5,'export_import/system/library/export_import/vendor/phpoffice/phpspreadsheet/src/PhpSpreadsheet/Calculation/Financial/CashFlow/Variable/NonPeriodic.php'),
(1076,5,'export_import/system/library/export_import/vendor/phpoffice/phpspreadsheet/src/PhpSpreadsheet/Calculation/Financial/CashFlow/Variable/Periodic.php'),
(1077,5,'export_import/system/library/export_import/vendor/phpoffice/phpspreadsheet/src/PhpSpreadsheet/Calculation/Financial/Constants.php'),
(1078,5,'export_import/system/library/export_import/vendor/phpoffice/phpspreadsheet/src/PhpSpreadsheet/Calculation/Financial/Coupons.php'),
(1079,5,'export_import/system/library/export_import/vendor/phpoffice/phpspreadsheet/src/PhpSpreadsheet/Calculation/Financial/Depreciation.php'),
(1080,5,'export_import/system/library/export_import/vendor/phpoffice/phpspreadsheet/src/PhpSpreadsheet/Calculation/Financial/Dollar.php'),
(1081,5,'export_import/system/library/export_import/vendor/phpoffice/phpspreadsheet/src/PhpSpreadsheet/Calculation/Financial/FinancialValidations.php'),
(1082,5,'export_import/system/library/export_import/vendor/phpoffice/phpspreadsheet/src/PhpSpreadsheet/Calculation/Financial/Helpers.php'),
(1083,5,'export_import/system/library/export_import/vendor/phpoffice/phpspreadsheet/src/PhpSpreadsheet/Calculation/Financial/InterestRate.php'),
(1084,5,'export_import/system/library/export_import/vendor/phpoffice/phpspreadsheet/src/PhpSpreadsheet/Calculation/Financial/Securities'),
(1085,5,'export_import/system/library/export_import/vendor/phpoffice/phpspreadsheet/src/PhpSpreadsheet/Calculation/Financial/Securities/AccruedInterest.php'),
(1086,5,'export_import/system/library/export_import/vendor/phpoffice/phpspreadsheet/src/PhpSpreadsheet/Calculation/Financial/Securities/Price.php'),
(1087,5,'export_import/system/library/export_import/vendor/phpoffice/phpspreadsheet/src/PhpSpreadsheet/Calculation/Financial/Securities/Rates.php'),
(1088,5,'export_import/system/library/export_import/vendor/phpoffice/phpspreadsheet/src/PhpSpreadsheet/Calculation/Financial/Securities/SecurityValidations.php'),
(1089,5,'export_import/system/library/export_import/vendor/phpoffice/phpspreadsheet/src/PhpSpreadsheet/Calculation/Financial/Securities/Yields.php'),
(1090,5,'export_import/system/library/export_import/vendor/phpoffice/phpspreadsheet/src/PhpSpreadsheet/Calculation/Financial/TreasuryBill.php'),
(1091,5,'export_import/system/library/export_import/vendor/phpoffice/phpspreadsheet/src/PhpSpreadsheet/Calculation/FormulaParser.php'),
(1092,5,'export_import/system/library/export_import/vendor/phpoffice/phpspreadsheet/src/PhpSpreadsheet/Calculation/FormulaToken.php'),
(1093,5,'export_import/system/library/export_import/vendor/phpoffice/phpspreadsheet/src/PhpSpreadsheet/Calculation/Functions.php'),
(1094,5,'export_import/system/library/export_import/vendor/phpoffice/phpspreadsheet/src/PhpSpreadsheet/Calculation/Information'),
(1095,5,'export_import/system/library/export_import/vendor/phpoffice/phpspreadsheet/src/PhpSpreadsheet/Calculation/Information/ErrorValue.php'),
(1096,5,'export_import/system/library/export_import/vendor/phpoffice/phpspreadsheet/src/PhpSpreadsheet/Calculation/Information/ExcelError.php'),
(1097,5,'export_import/system/library/export_import/vendor/phpoffice/phpspreadsheet/src/PhpSpreadsheet/Calculation/Information/Value.php'),
(1098,5,'export_import/system/library/export_import/vendor/phpoffice/phpspreadsheet/src/PhpSpreadsheet/Calculation/Internal'),
(1099,5,'export_import/system/library/export_import/vendor/phpoffice/phpspreadsheet/src/PhpSpreadsheet/Calculation/Internal/MakeMatrix.php'),
(1100,5,'export_import/system/library/export_import/vendor/phpoffice/phpspreadsheet/src/PhpSpreadsheet/Calculation/Internal/WildcardMatch.php'),
(1101,5,'export_import/system/library/export_import/vendor/phpoffice/phpspreadsheet/src/PhpSpreadsheet/Calculation/Logical.php'),
(1102,5,'export_import/system/library/export_import/vendor/phpoffice/phpspreadsheet/src/PhpSpreadsheet/Calculation/Logical'),
(1103,5,'export_import/system/library/export_import/vendor/phpoffice/phpspreadsheet/src/PhpSpreadsheet/Calculation/Logical/Boolean.php'),
(1104,5,'export_import/system/library/export_import/vendor/phpoffice/phpspreadsheet/src/PhpSpreadsheet/Calculation/Logical/Conditional.php'),
(1105,5,'export_import/system/library/export_import/vendor/phpoffice/phpspreadsheet/src/PhpSpreadsheet/Calculation/Logical/Operations.php'),
(1106,5,'export_import/system/library/export_import/vendor/phpoffice/phpspreadsheet/src/PhpSpreadsheet/Calculation/LookupRef.php'),
(1107,5,'export_import/system/library/export_import/vendor/phpoffice/phpspreadsheet/src/PhpSpreadsheet/Calculation/LookupRef'),
(1108,5,'export_import/system/library/export_import/vendor/phpoffice/phpspreadsheet/src/PhpSpreadsheet/Calculation/LookupRef/Address.php'),
(1109,5,'export_import/system/library/export_import/vendor/phpoffice/phpspreadsheet/src/PhpSpreadsheet/Calculation/LookupRef/ExcelMatch.php'),
(1110,5,'export_import/system/library/export_import/vendor/phpoffice/phpspreadsheet/src/PhpSpreadsheet/Calculation/LookupRef/Filter.php'),
(1111,5,'export_import/system/library/export_import/vendor/phpoffice/phpspreadsheet/src/PhpSpreadsheet/Calculation/LookupRef/Formula.php'),
(1112,5,'export_import/system/library/export_import/vendor/phpoffice/phpspreadsheet/src/PhpSpreadsheet/Calculation/LookupRef/HLookup.php'),
(1113,5,'export_import/system/library/export_import/vendor/phpoffice/phpspreadsheet/src/PhpSpreadsheet/Calculation/LookupRef/Helpers.php'),
(1114,5,'export_import/system/library/export_import/vendor/phpoffice/phpspreadsheet/src/PhpSpreadsheet/Calculation/LookupRef/Hyperlink.php'),
(1115,5,'export_import/system/library/export_import/vendor/phpoffice/phpspreadsheet/src/PhpSpreadsheet/Calculation/LookupRef/Indirect.php'),
(1116,5,'export_import/system/library/export_import/vendor/phpoffice/phpspreadsheet/src/PhpSpreadsheet/Calculation/LookupRef/Lookup.php'),
(1117,5,'export_import/system/library/export_import/vendor/phpoffice/phpspreadsheet/src/PhpSpreadsheet/Calculation/LookupRef/LookupBase.php'),
(1118,5,'export_import/system/library/export_import/vendor/phpoffice/phpspreadsheet/src/PhpSpreadsheet/Calculation/LookupRef/LookupRefValidations.php'),
(1119,5,'export_import/system/library/export_import/vendor/phpoffice/phpspreadsheet/src/PhpSpreadsheet/Calculation/LookupRef/Matrix.php'),
(1120,5,'export_import/system/library/export_import/vendor/phpoffice/phpspreadsheet/src/PhpSpreadsheet/Calculation/LookupRef/Offset.php'),
(1121,5,'export_import/system/library/export_import/vendor/phpoffice/phpspreadsheet/src/PhpSpreadsheet/Calculation/LookupRef/RowColumnInformation.php'),
(1122,5,'export_import/system/library/export_import/vendor/phpoffice/phpspreadsheet/src/PhpSpreadsheet/Calculation/LookupRef/Selection.php'),
(1123,5,'export_import/system/library/export_import/vendor/phpoffice/phpspreadsheet/src/PhpSpreadsheet/Calculation/LookupRef/Sort.php'),
(1124,5,'export_import/system/library/export_import/vendor/phpoffice/phpspreadsheet/src/PhpSpreadsheet/Calculation/LookupRef/Unique.php'),
(1125,5,'export_import/system/library/export_import/vendor/phpoffice/phpspreadsheet/src/PhpSpreadsheet/Calculation/LookupRef/VLookup.php'),
(1126,5,'export_import/system/library/export_import/vendor/phpoffice/phpspreadsheet/src/PhpSpreadsheet/Calculation/MathTrig.php'),
(1127,5,'export_import/system/library/export_import/vendor/phpoffice/phpspreadsheet/src/PhpSpreadsheet/Calculation/MathTrig'),
(1128,5,'export_import/system/library/export_import/vendor/phpoffice/phpspreadsheet/src/PhpSpreadsheet/Calculation/MathTrig/Absolute.php'),
(1129,5,'export_import/system/library/export_import/vendor/phpoffice/phpspreadsheet/src/PhpSpreadsheet/Calculation/MathTrig/Angle.php'),
(1130,5,'export_import/system/library/export_import/vendor/phpoffice/phpspreadsheet/src/PhpSpreadsheet/Calculation/MathTrig/Arabic.php'),
(1131,5,'export_import/system/library/export_import/vendor/phpoffice/phpspreadsheet/src/PhpSpreadsheet/Calculation/MathTrig/Base.php'),
(1132,5,'export_import/system/library/export_import/vendor/phpoffice/phpspreadsheet/src/PhpSpreadsheet/Calculation/MathTrig/Ceiling.php'),
(1133,5,'export_import/system/library/export_import/vendor/phpoffice/phpspreadsheet/src/PhpSpreadsheet/Calculation/MathTrig/Combinations.php'),
(1134,5,'export_import/system/library/export_import/vendor/phpoffice/phpspreadsheet/src/PhpSpreadsheet/Calculation/MathTrig/Exp.php'),
(1135,5,'export_import/system/library/export_import/vendor/phpoffice/phpspreadsheet/src/PhpSpreadsheet/Calculation/MathTrig/Factorial.php'),
(1136,5,'export_import/system/library/export_import/vendor/phpoffice/phpspreadsheet/src/PhpSpreadsheet/Calculation/MathTrig/Floor.php'),
(1137,5,'export_import/system/library/export_import/vendor/phpoffice/phpspreadsheet/src/PhpSpreadsheet/Calculation/MathTrig/Gcd.php'),
(1138,5,'export_import/system/library/export_import/vendor/phpoffice/phpspreadsheet/src/PhpSpreadsheet/Calculation/MathTrig/Helpers.php'),
(1139,5,'export_import/system/library/export_import/vendor/phpoffice/phpspreadsheet/src/PhpSpreadsheet/Calculation/MathTrig/IntClass.php'),
(1140,5,'export_import/system/library/export_import/vendor/phpoffice/phpspreadsheet/src/PhpSpreadsheet/Calculation/MathTrig/Lcm.php'),
(1141,5,'export_import/system/library/export_import/vendor/phpoffice/phpspreadsheet/src/PhpSpreadsheet/Calculation/MathTrig/Logarithms.php'),
(1142,5,'export_import/system/library/export_import/vendor/phpoffice/phpspreadsheet/src/PhpSpreadsheet/Calculation/MathTrig/MatrixFunctions.php'),
(1143,5,'export_import/system/library/export_import/vendor/phpoffice/phpspreadsheet/src/PhpSpreadsheet/Calculation/MathTrig/Operations.php'),
(1144,5,'export_import/system/library/export_import/vendor/phpoffice/phpspreadsheet/src/PhpSpreadsheet/Calculation/MathTrig/Random.php'),
(1145,5,'export_import/system/library/export_import/vendor/phpoffice/phpspreadsheet/src/PhpSpreadsheet/Calculation/MathTrig/Roman.php'),
(1146,5,'export_import/system/library/export_import/vendor/phpoffice/phpspreadsheet/src/PhpSpreadsheet/Calculation/MathTrig/Round.php'),
(1147,5,'export_import/system/library/export_import/vendor/phpoffice/phpspreadsheet/src/PhpSpreadsheet/Calculation/MathTrig/SeriesSum.php'),
(1148,5,'export_import/system/library/export_import/vendor/phpoffice/phpspreadsheet/src/PhpSpreadsheet/Calculation/MathTrig/Sign.php'),
(1149,5,'export_import/system/library/export_import/vendor/phpoffice/phpspreadsheet/src/PhpSpreadsheet/Calculation/MathTrig/Sqrt.php'),
(1150,5,'export_import/system/library/export_import/vendor/phpoffice/phpspreadsheet/src/PhpSpreadsheet/Calculation/MathTrig/Subtotal.php'),
(1151,5,'export_import/system/library/export_import/vendor/phpoffice/phpspreadsheet/src/PhpSpreadsheet/Calculation/MathTrig/Sum.php'),
(1152,5,'export_import/system/library/export_import/vendor/phpoffice/phpspreadsheet/src/PhpSpreadsheet/Calculation/MathTrig/SumSquares.php'),
(1153,5,'export_import/system/library/export_import/vendor/phpoffice/phpspreadsheet/src/PhpSpreadsheet/Calculation/MathTrig/Trig'),
(1154,5,'export_import/system/library/export_import/vendor/phpoffice/phpspreadsheet/src/PhpSpreadsheet/Calculation/MathTrig/Trig/Cosecant.php'),
(1155,5,'export_import/system/library/export_import/vendor/phpoffice/phpspreadsheet/src/PhpSpreadsheet/Calculation/MathTrig/Trig/Cosine.php'),
(1156,5,'export_import/system/library/export_import/vendor/phpoffice/phpspreadsheet/src/PhpSpreadsheet/Calculation/MathTrig/Trig/Cotangent.php'),
(1157,5,'export_import/system/library/export_import/vendor/phpoffice/phpspreadsheet/src/PhpSpreadsheet/Calculation/MathTrig/Trig/Secant.php'),
(1158,5,'export_import/system/library/export_import/vendor/phpoffice/phpspreadsheet/src/PhpSpreadsheet/Calculation/MathTrig/Trig/Sine.php'),
(1159,5,'export_import/system/library/export_import/vendor/phpoffice/phpspreadsheet/src/PhpSpreadsheet/Calculation/MathTrig/Trig/Tangent.php'),
(1160,5,'export_import/system/library/export_import/vendor/phpoffice/phpspreadsheet/src/PhpSpreadsheet/Calculation/MathTrig/Trunc.php'),
(1161,5,'export_import/system/library/export_import/vendor/phpoffice/phpspreadsheet/src/PhpSpreadsheet/Calculation/Statistical.php'),
(1162,5,'export_import/system/library/export_import/vendor/phpoffice/phpspreadsheet/src/PhpSpreadsheet/Calculation/Statistical'),
(1163,5,'export_import/system/library/export_import/vendor/phpoffice/phpspreadsheet/src/PhpSpreadsheet/Calculation/Statistical/AggregateBase.php'),
(1164,5,'export_import/system/library/export_import/vendor/phpoffice/phpspreadsheet/src/PhpSpreadsheet/Calculation/Statistical/Averages.php'),
(1165,5,'export_import/system/library/export_import/vendor/phpoffice/phpspreadsheet/src/PhpSpreadsheet/Calculation/Statistical/Averages'),
(1166,5,'export_import/system/library/export_import/vendor/phpoffice/phpspreadsheet/src/PhpSpreadsheet/Calculation/Statistical/Averages/Mean.php'),
(1167,5,'export_import/system/library/export_import/vendor/phpoffice/phpspreadsheet/src/PhpSpreadsheet/Calculation/Statistical/Conditional.php'),
(1168,5,'export_import/system/library/export_import/vendor/phpoffice/phpspreadsheet/src/PhpSpreadsheet/Calculation/Statistical/Confidence.php'),
(1169,5,'export_import/system/library/export_import/vendor/phpoffice/phpspreadsheet/src/PhpSpreadsheet/Calculation/Statistical/Counts.php'),
(1170,5,'export_import/system/library/export_import/vendor/phpoffice/phpspreadsheet/src/PhpSpreadsheet/Calculation/Statistical/Deviations.php'),
(1171,5,'export_import/system/library/export_import/vendor/phpoffice/phpspreadsheet/src/PhpSpreadsheet/Calculation/Statistical/Distributions'),
(1172,5,'export_import/system/library/export_import/vendor/phpoffice/phpspreadsheet/src/PhpSpreadsheet/Calculation/Statistical/Distributions/Beta.php'),
(1173,5,'export_import/system/library/export_import/vendor/phpoffice/phpspreadsheet/src/PhpSpreadsheet/Calculation/Statistical/Distributions/Binomial.php'),
(1174,5,'export_import/system/library/export_import/vendor/phpoffice/phpspreadsheet/src/PhpSpreadsheet/Calculation/Statistical/Distributions/ChiSquared.php'),
(1175,5,'export_import/system/library/export_import/vendor/phpoffice/phpspreadsheet/src/PhpSpreadsheet/Calculation/Statistical/Distributions/DistributionValidations.php'),
(1176,5,'export_import/system/library/export_import/vendor/phpoffice/phpspreadsheet/src/PhpSpreadsheet/Calculation/Statistical/Distributions/Exponential.php'),
(1177,5,'export_import/system/library/export_import/vendor/phpoffice/phpspreadsheet/src/PhpSpreadsheet/Calculation/Statistical/Distributions/F.php'),
(1178,5,'export_import/system/library/export_import/vendor/phpoffice/phpspreadsheet/src/PhpSpreadsheet/Calculation/Statistical/Distributions/Fisher.php'),
(1179,5,'export_import/system/library/export_import/vendor/phpoffice/phpspreadsheet/src/PhpSpreadsheet/Calculation/Statistical/Distributions/Gamma.php'),
(1180,5,'export_import/system/library/export_import/vendor/phpoffice/phpspreadsheet/src/PhpSpreadsheet/Calculation/Statistical/Distributions/GammaBase.php'),
(1181,5,'export_import/system/library/export_import/vendor/phpoffice/phpspreadsheet/src/PhpSpreadsheet/Calculation/Statistical/Distributions/HyperGeometric.php'),
(1182,5,'export_import/system/library/export_import/vendor/phpoffice/phpspreadsheet/src/PhpSpreadsheet/Calculation/Statistical/Distributions/LogNormal.php'),
(1183,5,'export_import/system/library/export_import/vendor/phpoffice/phpspreadsheet/src/PhpSpreadsheet/Calculation/Statistical/Distributions/NewtonRaphson.php'),
(1184,5,'export_import/system/library/export_import/vendor/phpoffice/phpspreadsheet/src/PhpSpreadsheet/Calculation/Statistical/Distributions/Normal.php'),
(1185,5,'export_import/system/library/export_import/vendor/phpoffice/phpspreadsheet/src/PhpSpreadsheet/Calculation/Statistical/Distributions/Poisson.php'),
(1186,5,'export_import/system/library/export_import/vendor/phpoffice/phpspreadsheet/src/PhpSpreadsheet/Calculation/Statistical/Distributions/StandardNormal.php'),
(1187,5,'export_import/system/library/export_import/vendor/phpoffice/phpspreadsheet/src/PhpSpreadsheet/Calculation/Statistical/Distributions/StudentT.php'),
(1188,5,'export_import/system/library/export_import/vendor/phpoffice/phpspreadsheet/src/PhpSpreadsheet/Calculation/Statistical/Distributions/Weibull.php'),
(1189,5,'export_import/system/library/export_import/vendor/phpoffice/phpspreadsheet/src/PhpSpreadsheet/Calculation/Statistical/MaxMinBase.php'),
(1190,5,'export_import/system/library/export_import/vendor/phpoffice/phpspreadsheet/src/PhpSpreadsheet/Calculation/Statistical/Maximum.php'),
(1191,5,'export_import/system/library/export_import/vendor/phpoffice/phpspreadsheet/src/PhpSpreadsheet/Calculation/Statistical/Minimum.php'),
(1192,5,'export_import/system/library/export_import/vendor/phpoffice/phpspreadsheet/src/PhpSpreadsheet/Calculation/Statistical/Percentiles.php'),
(1193,5,'export_import/system/library/export_import/vendor/phpoffice/phpspreadsheet/src/PhpSpreadsheet/Calculation/Statistical/Permutations.php'),
(1194,5,'export_import/system/library/export_import/vendor/phpoffice/phpspreadsheet/src/PhpSpreadsheet/Calculation/Statistical/Size.php'),
(1195,5,'export_import/system/library/export_import/vendor/phpoffice/phpspreadsheet/src/PhpSpreadsheet/Calculation/Statistical/StandardDeviations.php'),
(1196,5,'export_import/system/library/export_import/vendor/phpoffice/phpspreadsheet/src/PhpSpreadsheet/Calculation/Statistical/Standardize.php'),
(1197,5,'export_import/system/library/export_import/vendor/phpoffice/phpspreadsheet/src/PhpSpreadsheet/Calculation/Statistical/StatisticalValidations.php'),
(1198,5,'export_import/system/library/export_import/vendor/phpoffice/phpspreadsheet/src/PhpSpreadsheet/Calculation/Statistical/Trends.php'),
(1199,5,'export_import/system/library/export_import/vendor/phpoffice/phpspreadsheet/src/PhpSpreadsheet/Calculation/Statistical/VarianceBase.php'),
(1200,5,'export_import/system/library/export_import/vendor/phpoffice/phpspreadsheet/src/PhpSpreadsheet/Calculation/Statistical/Variances.php'),
(1201,5,'export_import/system/library/export_import/vendor/phpoffice/phpspreadsheet/src/PhpSpreadsheet/Calculation/TextData.php'),
(1202,5,'export_import/system/library/export_import/vendor/phpoffice/phpspreadsheet/src/PhpSpreadsheet/Calculation/TextData'),
(1203,5,'export_import/system/library/export_import/vendor/phpoffice/phpspreadsheet/src/PhpSpreadsheet/Calculation/TextData/CaseConvert.php'),
(1204,5,'export_import/system/library/export_import/vendor/phpoffice/phpspreadsheet/src/PhpSpreadsheet/Calculation/TextData/CharacterConvert.php'),
(1205,5,'export_import/system/library/export_import/vendor/phpoffice/phpspreadsheet/src/PhpSpreadsheet/Calculation/TextData/Concatenate.php'),
(1206,5,'export_import/system/library/export_import/vendor/phpoffice/phpspreadsheet/src/PhpSpreadsheet/Calculation/TextData/Extract.php'),
(1207,5,'export_import/system/library/export_import/vendor/phpoffice/phpspreadsheet/src/PhpSpreadsheet/Calculation/TextData/Format.php'),
(1208,5,'export_import/system/library/export_import/vendor/phpoffice/phpspreadsheet/src/PhpSpreadsheet/Calculation/TextData/Helpers.php'),
(1209,5,'export_import/system/library/export_import/vendor/phpoffice/phpspreadsheet/src/PhpSpreadsheet/Calculation/TextData/Replace.php'),
(1210,5,'export_import/system/library/export_import/vendor/phpoffice/phpspreadsheet/src/PhpSpreadsheet/Calculation/TextData/Search.php'),
(1211,5,'export_import/system/library/export_import/vendor/phpoffice/phpspreadsheet/src/PhpSpreadsheet/Calculation/TextData/Text.php'),
(1212,5,'export_import/system/library/export_import/vendor/phpoffice/phpspreadsheet/src/PhpSpreadsheet/Calculation/TextData/Trim.php'),
(1213,5,'export_import/system/library/export_import/vendor/phpoffice/phpspreadsheet/src/PhpSpreadsheet/Calculation/Token'),
(1214,5,'export_import/system/library/export_import/vendor/phpoffice/phpspreadsheet/src/PhpSpreadsheet/Calculation/Token/Stack.php'),
(1215,5,'export_import/system/library/export_import/vendor/phpoffice/phpspreadsheet/src/PhpSpreadsheet/Calculation/Web.php'),
(1216,5,'export_import/system/library/export_import/vendor/phpoffice/phpspreadsheet/src/PhpSpreadsheet/Calculation/Web'),
(1217,5,'export_import/system/library/export_import/vendor/phpoffice/phpspreadsheet/src/PhpSpreadsheet/Calculation/Web/Service.php'),
(1218,5,'export_import/system/library/export_import/vendor/phpoffice/phpspreadsheet/src/PhpSpreadsheet/Calculation/locale'),
(1219,5,'export_import/system/library/export_import/vendor/phpoffice/phpspreadsheet/src/PhpSpreadsheet/Calculation/locale/Translations.xlsx'),
(1220,5,'export_import/system/library/export_import/vendor/phpoffice/phpspreadsheet/src/PhpSpreadsheet/Calculation/locale/bg'),
(1221,5,'export_import/system/library/export_import/vendor/phpoffice/phpspreadsheet/src/PhpSpreadsheet/Calculation/locale/bg/config'),
(1222,5,'export_import/system/library/export_import/vendor/phpoffice/phpspreadsheet/src/PhpSpreadsheet/Calculation/locale/bg/functions'),
(1223,5,'export_import/system/library/export_import/vendor/phpoffice/phpspreadsheet/src/PhpSpreadsheet/Calculation/locale/cs'),
(1224,5,'export_import/system/library/export_import/vendor/phpoffice/phpspreadsheet/src/PhpSpreadsheet/Calculation/locale/cs/config'),
(1225,5,'export_import/system/library/export_import/vendor/phpoffice/phpspreadsheet/src/PhpSpreadsheet/Calculation/locale/cs/functions'),
(1226,5,'export_import/system/library/export_import/vendor/phpoffice/phpspreadsheet/src/PhpSpreadsheet/Calculation/locale/da'),
(1227,5,'export_import/system/library/export_import/vendor/phpoffice/phpspreadsheet/src/PhpSpreadsheet/Calculation/locale/da/config'),
(1228,5,'export_import/system/library/export_import/vendor/phpoffice/phpspreadsheet/src/PhpSpreadsheet/Calculation/locale/da/functions'),
(1229,5,'export_import/system/library/export_import/vendor/phpoffice/phpspreadsheet/src/PhpSpreadsheet/Calculation/locale/de'),
(1230,5,'export_import/system/library/export_import/vendor/phpoffice/phpspreadsheet/src/PhpSpreadsheet/Calculation/locale/de/config'),
(1231,5,'export_import/system/library/export_import/vendor/phpoffice/phpspreadsheet/src/PhpSpreadsheet/Calculation/locale/de/functions'),
(1232,5,'export_import/system/library/export_import/vendor/phpoffice/phpspreadsheet/src/PhpSpreadsheet/Calculation/locale/en'),
(1233,5,'export_import/system/library/export_import/vendor/phpoffice/phpspreadsheet/src/PhpSpreadsheet/Calculation/locale/en/uk'),
(1234,5,'export_import/system/library/export_import/vendor/phpoffice/phpspreadsheet/src/PhpSpreadsheet/Calculation/locale/en/uk/config'),
(1235,5,'export_import/system/library/export_import/vendor/phpoffice/phpspreadsheet/src/PhpSpreadsheet/Calculation/locale/es'),
(1236,5,'export_import/system/library/export_import/vendor/phpoffice/phpspreadsheet/src/PhpSpreadsheet/Calculation/locale/es/config'),
(1237,5,'export_import/system/library/export_import/vendor/phpoffice/phpspreadsheet/src/PhpSpreadsheet/Calculation/locale/es/functions'),
(1238,5,'export_import/system/library/export_import/vendor/phpoffice/phpspreadsheet/src/PhpSpreadsheet/Calculation/locale/fi'),
(1239,5,'export_import/system/library/export_import/vendor/phpoffice/phpspreadsheet/src/PhpSpreadsheet/Calculation/locale/fi/config'),
(1240,5,'export_import/system/library/export_import/vendor/phpoffice/phpspreadsheet/src/PhpSpreadsheet/Calculation/locale/fi/functions'),
(1241,5,'export_import/system/library/export_import/vendor/phpoffice/phpspreadsheet/src/PhpSpreadsheet/Calculation/locale/fr'),
(1242,5,'export_import/system/library/export_import/vendor/phpoffice/phpspreadsheet/src/PhpSpreadsheet/Calculation/locale/fr/config'),
(1243,5,'export_import/system/library/export_import/vendor/phpoffice/phpspreadsheet/src/PhpSpreadsheet/Calculation/locale/fr/functions'),
(1244,5,'export_import/system/library/export_import/vendor/phpoffice/phpspreadsheet/src/PhpSpreadsheet/Calculation/locale/hu'),
(1245,5,'export_import/system/library/export_import/vendor/phpoffice/phpspreadsheet/src/PhpSpreadsheet/Calculation/locale/hu/config'),
(1246,5,'export_import/system/library/export_import/vendor/phpoffice/phpspreadsheet/src/PhpSpreadsheet/Calculation/locale/hu/functions'),
(1247,5,'export_import/system/library/export_import/vendor/phpoffice/phpspreadsheet/src/PhpSpreadsheet/Calculation/locale/it'),
(1248,5,'export_import/system/library/export_import/vendor/phpoffice/phpspreadsheet/src/PhpSpreadsheet/Calculation/locale/it/config'),
(1249,5,'export_import/system/library/export_import/vendor/phpoffice/phpspreadsheet/src/PhpSpreadsheet/Calculation/locale/it/functions'),
(1250,5,'export_import/system/library/export_import/vendor/phpoffice/phpspreadsheet/src/PhpSpreadsheet/Calculation/locale/nb'),
(1251,5,'export_import/system/library/export_import/vendor/phpoffice/phpspreadsheet/src/PhpSpreadsheet/Calculation/locale/nb/config'),
(1252,5,'export_import/system/library/export_import/vendor/phpoffice/phpspreadsheet/src/PhpSpreadsheet/Calculation/locale/nb/functions'),
(1253,5,'export_import/system/library/export_import/vendor/phpoffice/phpspreadsheet/src/PhpSpreadsheet/Calculation/locale/nl'),
(1254,5,'export_import/system/library/export_import/vendor/phpoffice/phpspreadsheet/src/PhpSpreadsheet/Calculation/locale/nl/config'),
(1255,5,'export_import/system/library/export_import/vendor/phpoffice/phpspreadsheet/src/PhpSpreadsheet/Calculation/locale/nl/functions'),
(1256,5,'export_import/system/library/export_import/vendor/phpoffice/phpspreadsheet/src/PhpSpreadsheet/Calculation/locale/pl'),
(1257,5,'export_import/system/library/export_import/vendor/phpoffice/phpspreadsheet/src/PhpSpreadsheet/Calculation/locale/pl/config'),
(1258,5,'export_import/system/library/export_import/vendor/phpoffice/phpspreadsheet/src/PhpSpreadsheet/Calculation/locale/pl/functions'),
(1259,5,'export_import/system/library/export_import/vendor/phpoffice/phpspreadsheet/src/PhpSpreadsheet/Calculation/locale/pt'),
(1260,5,'export_import/system/library/export_import/vendor/phpoffice/phpspreadsheet/src/PhpSpreadsheet/Calculation/locale/pt/br'),
(1261,5,'export_import/system/library/export_import/vendor/phpoffice/phpspreadsheet/src/PhpSpreadsheet/Calculation/locale/pt/br/config'),
(1262,5,'export_import/system/library/export_import/vendor/phpoffice/phpspreadsheet/src/PhpSpreadsheet/Calculation/locale/pt/br/functions'),
(1263,5,'export_import/system/library/export_import/vendor/phpoffice/phpspreadsheet/src/PhpSpreadsheet/Calculation/locale/pt/config'),
(1264,5,'export_import/system/library/export_import/vendor/phpoffice/phpspreadsheet/src/PhpSpreadsheet/Calculation/locale/pt/functions'),
(1265,5,'export_import/system/library/export_import/vendor/phpoffice/phpspreadsheet/src/PhpSpreadsheet/Calculation/locale/ru'),
(1266,5,'export_import/system/library/export_import/vendor/phpoffice/phpspreadsheet/src/PhpSpreadsheet/Calculation/locale/ru/config'),
(1267,5,'export_import/system/library/export_import/vendor/phpoffice/phpspreadsheet/src/PhpSpreadsheet/Calculation/locale/ru/functions'),
(1268,5,'export_import/system/library/export_import/vendor/phpoffice/phpspreadsheet/src/PhpSpreadsheet/Calculation/locale/sv'),
(1269,5,'export_import/system/library/export_import/vendor/phpoffice/phpspreadsheet/src/PhpSpreadsheet/Calculation/locale/sv/config'),
(1270,5,'export_import/system/library/export_import/vendor/phpoffice/phpspreadsheet/src/PhpSpreadsheet/Calculation/locale/sv/functions'),
(1271,5,'export_import/system/library/export_import/vendor/phpoffice/phpspreadsheet/src/PhpSpreadsheet/Calculation/locale/tr'),
(1272,5,'export_import/system/library/export_import/vendor/phpoffice/phpspreadsheet/src/PhpSpreadsheet/Calculation/locale/tr/config'),
(1273,5,'export_import/system/library/export_import/vendor/phpoffice/phpspreadsheet/src/PhpSpreadsheet/Calculation/locale/tr/functions'),
(1274,5,'export_import/system/library/export_import/vendor/phpoffice/phpspreadsheet/src/PhpSpreadsheet/Cell'),
(1275,5,'export_import/system/library/export_import/vendor/phpoffice/phpspreadsheet/src/PhpSpreadsheet/Cell/AddressHelper.php'),
(1276,5,'export_import/system/library/export_import/vendor/phpoffice/phpspreadsheet/src/PhpSpreadsheet/Cell/AddressRange.php'),
(1277,5,'export_import/system/library/export_import/vendor/phpoffice/phpspreadsheet/src/PhpSpreadsheet/Cell/AdvancedValueBinder.php'),
(1278,5,'export_import/system/library/export_import/vendor/phpoffice/phpspreadsheet/src/PhpSpreadsheet/Cell/Cell.php'),
(1279,5,'export_import/system/library/export_import/vendor/phpoffice/phpspreadsheet/src/PhpSpreadsheet/Cell/CellAddress.php'),
(1280,5,'export_import/system/library/export_import/vendor/phpoffice/phpspreadsheet/src/PhpSpreadsheet/Cell/CellRange.php'),
(1281,5,'export_import/system/library/export_import/vendor/phpoffice/phpspreadsheet/src/PhpSpreadsheet/Cell/ColumnRange.php'),
(1282,5,'export_import/system/library/export_import/vendor/phpoffice/phpspreadsheet/src/PhpSpreadsheet/Cell/Coordinate.php'),
(1283,5,'export_import/system/library/export_import/vendor/phpoffice/phpspreadsheet/src/PhpSpreadsheet/Cell/DataType.php'),
(1284,5,'export_import/system/library/export_import/vendor/phpoffice/phpspreadsheet/src/PhpSpreadsheet/Cell/DataValidation.php'),
(1285,5,'export_import/system/library/export_import/vendor/phpoffice/phpspreadsheet/src/PhpSpreadsheet/Cell/DataValidator.php'),
(1286,5,'export_import/system/library/export_import/vendor/phpoffice/phpspreadsheet/src/PhpSpreadsheet/Cell/DefaultValueBinder.php'),
(1287,5,'export_import/system/library/export_import/vendor/phpoffice/phpspreadsheet/src/PhpSpreadsheet/Cell/Hyperlink.php'),
(1288,5,'export_import/system/library/export_import/vendor/phpoffice/phpspreadsheet/src/PhpSpreadsheet/Cell/IValueBinder.php'),
(1289,5,'export_import/system/library/export_import/vendor/phpoffice/phpspreadsheet/src/PhpSpreadsheet/Cell/RowRange.php'),
(1290,5,'export_import/system/library/export_import/vendor/phpoffice/phpspreadsheet/src/PhpSpreadsheet/Cell/StringValueBinder.php'),
(1291,5,'export_import/system/library/export_import/vendor/phpoffice/phpspreadsheet/src/PhpSpreadsheet/CellReferenceHelper.php'),
(1292,5,'export_import/system/library/export_import/vendor/phpoffice/phpspreadsheet/src/PhpSpreadsheet/Chart'),
(1293,5,'export_import/system/library/export_import/vendor/phpoffice/phpspreadsheet/src/PhpSpreadsheet/Chart/Axis.php'),
(1294,5,'export_import/system/library/export_import/vendor/phpoffice/phpspreadsheet/src/PhpSpreadsheet/Chart/Chart.php'),
(1295,5,'export_import/system/library/export_import/vendor/phpoffice/phpspreadsheet/src/PhpSpreadsheet/Chart/ChartColor.php'),
(1296,5,'export_import/system/library/export_import/vendor/phpoffice/phpspreadsheet/src/PhpSpreadsheet/Chart/DataSeries.php'),
(1297,5,'export_import/system/library/export_import/vendor/phpoffice/phpspreadsheet/src/PhpSpreadsheet/Chart/DataSeriesValues.php'),
(1298,5,'export_import/system/library/export_import/vendor/phpoffice/phpspreadsheet/src/PhpSpreadsheet/Chart/Exception.php'),
(1299,5,'export_import/system/library/export_import/vendor/phpoffice/phpspreadsheet/src/PhpSpreadsheet/Chart/GridLines.php'),
(1300,5,'export_import/system/library/export_import/vendor/phpoffice/phpspreadsheet/src/PhpSpreadsheet/Chart/Layout.php'),
(1301,5,'export_import/system/library/export_import/vendor/phpoffice/phpspreadsheet/src/PhpSpreadsheet/Chart/Legend.php'),
(1302,5,'export_import/system/library/export_import/vendor/phpoffice/phpspreadsheet/src/PhpSpreadsheet/Chart/PlotArea.php'),
(1303,5,'export_import/system/library/export_import/vendor/phpoffice/phpspreadsheet/src/PhpSpreadsheet/Chart/Properties.php'),
(1304,5,'export_import/system/library/export_import/vendor/phpoffice/phpspreadsheet/src/PhpSpreadsheet/Chart/Renderer'),
(1305,5,'export_import/system/library/export_import/vendor/phpoffice/phpspreadsheet/src/PhpSpreadsheet/Chart/Renderer/IRenderer.php'),
(1306,5,'export_import/system/library/export_import/vendor/phpoffice/phpspreadsheet/src/PhpSpreadsheet/Chart/Renderer/JpGraph.php'),
(1307,5,'export_import/system/library/export_import/vendor/phpoffice/phpspreadsheet/src/PhpSpreadsheet/Chart/Renderer/JpGraphRendererBase.php'),
(1308,5,'export_import/system/library/export_import/vendor/phpoffice/phpspreadsheet/src/PhpSpreadsheet/Chart/Renderer/MtJpGraphRenderer.php'),
(1309,5,'export_import/system/library/export_import/vendor/phpoffice/phpspreadsheet/src/PhpSpreadsheet/Chart/Renderer/PHP Charting Libraries.txt'),
(1310,5,'export_import/system/library/export_import/vendor/phpoffice/phpspreadsheet/src/PhpSpreadsheet/Chart/Title.php'),
(1311,5,'export_import/system/library/export_import/vendor/phpoffice/phpspreadsheet/src/PhpSpreadsheet/Chart/TrendLine.php'),
(1312,5,'export_import/system/library/export_import/vendor/phpoffice/phpspreadsheet/src/PhpSpreadsheet/Collection'),
(1313,5,'export_import/system/library/export_import/vendor/phpoffice/phpspreadsheet/src/PhpSpreadsheet/Collection/Cells.php'),
(1314,5,'export_import/system/library/export_import/vendor/phpoffice/phpspreadsheet/src/PhpSpreadsheet/Collection/CellsFactory.php'),
(1315,5,'export_import/system/library/export_import/vendor/phpoffice/phpspreadsheet/src/PhpSpreadsheet/Collection/Memory'),
(1316,5,'export_import/system/library/export_import/vendor/phpoffice/phpspreadsheet/src/PhpSpreadsheet/Collection/Memory/SimpleCache1.php'),
(1317,5,'export_import/system/library/export_import/vendor/phpoffice/phpspreadsheet/src/PhpSpreadsheet/Collection/Memory/SimpleCache3.php'),
(1318,5,'export_import/system/library/export_import/vendor/phpoffice/phpspreadsheet/src/PhpSpreadsheet/Comment.php'),
(1319,5,'export_import/system/library/export_import/vendor/phpoffice/phpspreadsheet/src/PhpSpreadsheet/DefinedName.php'),
(1320,5,'export_import/system/library/export_import/vendor/phpoffice/phpspreadsheet/src/PhpSpreadsheet/Document'),
(1321,5,'export_import/system/library/export_import/vendor/phpoffice/phpspreadsheet/src/PhpSpreadsheet/Document/Properties.php'),
(1322,5,'export_import/system/library/export_import/vendor/phpoffice/phpspreadsheet/src/PhpSpreadsheet/Document/Security.php'),
(1323,5,'export_import/system/library/export_import/vendor/phpoffice/phpspreadsheet/src/PhpSpreadsheet/Exception.php'),
(1324,5,'export_import/system/library/export_import/vendor/phpoffice/phpspreadsheet/src/PhpSpreadsheet/HashTable.php'),
(1325,5,'export_import/system/library/export_import/vendor/phpoffice/phpspreadsheet/src/PhpSpreadsheet/Helper'),
(1326,5,'export_import/system/library/export_import/vendor/phpoffice/phpspreadsheet/src/PhpSpreadsheet/Helper/Dimension.php'),
(1327,5,'export_import/system/library/export_import/vendor/phpoffice/phpspreadsheet/src/PhpSpreadsheet/Helper/Html.php'),
(1328,5,'export_import/system/library/export_import/vendor/phpoffice/phpspreadsheet/src/PhpSpreadsheet/Helper/Sample.php'),
(1329,5,'export_import/system/library/export_import/vendor/phpoffice/phpspreadsheet/src/PhpSpreadsheet/Helper/Size.php'),
(1330,5,'export_import/system/library/export_import/vendor/phpoffice/phpspreadsheet/src/PhpSpreadsheet/Helper/TextGrid.php'),
(1331,5,'export_import/system/library/export_import/vendor/phpoffice/phpspreadsheet/src/PhpSpreadsheet/IComparable.php'),
(1332,5,'export_import/system/library/export_import/vendor/phpoffice/phpspreadsheet/src/PhpSpreadsheet/IOFactory.php'),
(1333,5,'export_import/system/library/export_import/vendor/phpoffice/phpspreadsheet/src/PhpSpreadsheet/NamedFormula.php'),
(1334,5,'export_import/system/library/export_import/vendor/phpoffice/phpspreadsheet/src/PhpSpreadsheet/NamedRange.php'),
(1335,5,'export_import/system/library/export_import/vendor/phpoffice/phpspreadsheet/src/PhpSpreadsheet/Reader'),
(1336,5,'export_import/system/library/export_import/vendor/phpoffice/phpspreadsheet/src/PhpSpreadsheet/Reader/BaseReader.php'),
(1337,5,'export_import/system/library/export_import/vendor/phpoffice/phpspreadsheet/src/PhpSpreadsheet/Reader/Csv.php'),
(1338,5,'export_import/system/library/export_import/vendor/phpoffice/phpspreadsheet/src/PhpSpreadsheet/Reader/Csv'),
(1339,5,'export_import/system/library/export_import/vendor/phpoffice/phpspreadsheet/src/PhpSpreadsheet/Reader/Csv/Delimiter.php'),
(1340,5,'export_import/system/library/export_import/vendor/phpoffice/phpspreadsheet/src/PhpSpreadsheet/Reader/DefaultReadFilter.php'),
(1341,5,'export_import/system/library/export_import/vendor/phpoffice/phpspreadsheet/src/PhpSpreadsheet/Reader/Exception.php'),
(1342,5,'export_import/system/library/export_import/vendor/phpoffice/phpspreadsheet/src/PhpSpreadsheet/Reader/Gnumeric.php'),
(1343,5,'export_import/system/library/export_import/vendor/phpoffice/phpspreadsheet/src/PhpSpreadsheet/Reader/Gnumeric'),
(1344,5,'export_import/system/library/export_import/vendor/phpoffice/phpspreadsheet/src/PhpSpreadsheet/Reader/Gnumeric/PageSetup.php'),
(1345,5,'export_import/system/library/export_import/vendor/phpoffice/phpspreadsheet/src/PhpSpreadsheet/Reader/Gnumeric/Properties.php'),
(1346,5,'export_import/system/library/export_import/vendor/phpoffice/phpspreadsheet/src/PhpSpreadsheet/Reader/Gnumeric/Styles.php'),
(1347,5,'export_import/system/library/export_import/vendor/phpoffice/phpspreadsheet/src/PhpSpreadsheet/Reader/Html.php'),
(1348,5,'export_import/system/library/export_import/vendor/phpoffice/phpspreadsheet/src/PhpSpreadsheet/Reader/IReadFilter.php'),
(1349,5,'export_import/system/library/export_import/vendor/phpoffice/phpspreadsheet/src/PhpSpreadsheet/Reader/IReader.php'),
(1350,5,'export_import/system/library/export_import/vendor/phpoffice/phpspreadsheet/src/PhpSpreadsheet/Reader/Ods.php'),
(1351,5,'export_import/system/library/export_import/vendor/phpoffice/phpspreadsheet/src/PhpSpreadsheet/Reader/Ods'),
(1352,5,'export_import/system/library/export_import/vendor/phpoffice/phpspreadsheet/src/PhpSpreadsheet/Reader/Ods/AutoFilter.php'),
(1353,5,'export_import/system/library/export_import/vendor/phpoffice/phpspreadsheet/src/PhpSpreadsheet/Reader/Ods/BaseLoader.php'),
(1354,5,'export_import/system/library/export_import/vendor/phpoffice/phpspreadsheet/src/PhpSpreadsheet/Reader/Ods/DefinedNames.php'),
(1355,5,'export_import/system/library/export_import/vendor/phpoffice/phpspreadsheet/src/PhpSpreadsheet/Reader/Ods/FormulaTranslator.php'),
(1356,5,'export_import/system/library/export_import/vendor/phpoffice/phpspreadsheet/src/PhpSpreadsheet/Reader/Ods/PageSettings.php'),
(1357,5,'export_import/system/library/export_import/vendor/phpoffice/phpspreadsheet/src/PhpSpreadsheet/Reader/Ods/Properties.php'),
(1358,5,'export_import/system/library/export_import/vendor/phpoffice/phpspreadsheet/src/PhpSpreadsheet/Reader/Security'),
(1359,5,'export_import/system/library/export_import/vendor/phpoffice/phpspreadsheet/src/PhpSpreadsheet/Reader/Security/XmlScanner.php'),
(1360,5,'export_import/system/library/export_import/vendor/phpoffice/phpspreadsheet/src/PhpSpreadsheet/Reader/Slk.php'),
(1361,5,'export_import/system/library/export_import/vendor/phpoffice/phpspreadsheet/src/PhpSpreadsheet/Reader/Xls.php'),
(1362,5,'export_import/system/library/export_import/vendor/phpoffice/phpspreadsheet/src/PhpSpreadsheet/Reader/Xls'),
(1363,5,'export_import/system/library/export_import/vendor/phpoffice/phpspreadsheet/src/PhpSpreadsheet/Reader/Xls/Color.php'),
(1364,5,'export_import/system/library/export_import/vendor/phpoffice/phpspreadsheet/src/PhpSpreadsheet/Reader/Xls/Color'),
(1365,5,'export_import/system/library/export_import/vendor/phpoffice/phpspreadsheet/src/PhpSpreadsheet/Reader/Xls/Color/BIFF5.php'),
(1366,5,'export_import/system/library/export_import/vendor/phpoffice/phpspreadsheet/src/PhpSpreadsheet/Reader/Xls/Color/BIFF8.php'),
(1367,5,'export_import/system/library/export_import/vendor/phpoffice/phpspreadsheet/src/PhpSpreadsheet/Reader/Xls/Color/BuiltIn.php'),
(1368,5,'export_import/system/library/export_import/vendor/phpoffice/phpspreadsheet/src/PhpSpreadsheet/Reader/Xls/ConditionalFormatting.php'),
(1369,5,'export_import/system/library/export_import/vendor/phpoffice/phpspreadsheet/src/PhpSpreadsheet/Reader/Xls/DataValidationHelper.php'),
(1370,5,'export_import/system/library/export_import/vendor/phpoffice/phpspreadsheet/src/PhpSpreadsheet/Reader/Xls/ErrorCode.php'),
(1371,5,'export_import/system/library/export_import/vendor/phpoffice/phpspreadsheet/src/PhpSpreadsheet/Reader/Xls/Escher.php'),
(1372,5,'export_import/system/library/export_import/vendor/phpoffice/phpspreadsheet/src/PhpSpreadsheet/Reader/Xls/MD5.php'),
(1373,5,'export_import/system/library/export_import/vendor/phpoffice/phpspreadsheet/src/PhpSpreadsheet/Reader/Xls/RC4.php'),
(1374,5,'export_import/system/library/export_import/vendor/phpoffice/phpspreadsheet/src/PhpSpreadsheet/Reader/Xls/Style'),
(1375,5,'export_import/system/library/export_import/vendor/phpoffice/phpspreadsheet/src/PhpSpreadsheet/Reader/Xls/Style/Border.php'),
(1376,5,'export_import/system/library/export_import/vendor/phpoffice/phpspreadsheet/src/PhpSpreadsheet/Reader/Xls/Style/CellAlignment.php'),
(1377,5,'export_import/system/library/export_import/vendor/phpoffice/phpspreadsheet/src/PhpSpreadsheet/Reader/Xls/Style/CellFont.php'),
(1378,5,'export_import/system/library/export_import/vendor/phpoffice/phpspreadsheet/src/PhpSpreadsheet/Reader/Xls/Style/FillPattern.php'),
(1379,5,'export_import/system/library/export_import/vendor/phpoffice/phpspreadsheet/src/PhpSpreadsheet/Reader/Xlsx.php'),
(1380,5,'export_import/system/library/export_import/vendor/phpoffice/phpspreadsheet/src/PhpSpreadsheet/Reader/Xlsx'),
(1381,5,'export_import/system/library/export_import/vendor/phpoffice/phpspreadsheet/src/PhpSpreadsheet/Reader/Xlsx/AutoFilter.php'),
(1382,5,'export_import/system/library/export_import/vendor/phpoffice/phpspreadsheet/src/PhpSpreadsheet/Reader/Xlsx/BaseParserClass.php'),
(1383,5,'export_import/system/library/export_import/vendor/phpoffice/phpspreadsheet/src/PhpSpreadsheet/Reader/Xlsx/Chart.php'),
(1384,5,'export_import/system/library/export_import/vendor/phpoffice/phpspreadsheet/src/PhpSpreadsheet/Reader/Xlsx/ColumnAndRowAttributes.php'),
(1385,5,'export_import/system/library/export_import/vendor/phpoffice/phpspreadsheet/src/PhpSpreadsheet/Reader/Xlsx/ConditionalStyles.php'),
(1386,5,'export_import/system/library/export_import/vendor/phpoffice/phpspreadsheet/src/PhpSpreadsheet/Reader/Xlsx/DataValidations.php'),
(1387,5,'export_import/system/library/export_import/vendor/phpoffice/phpspreadsheet/src/PhpSpreadsheet/Reader/Xlsx/Hyperlinks.php'),
(1388,5,'export_import/system/library/export_import/vendor/phpoffice/phpspreadsheet/src/PhpSpreadsheet/Reader/Xlsx/Namespaces.php'),
(1389,5,'export_import/system/library/export_import/vendor/phpoffice/phpspreadsheet/src/PhpSpreadsheet/Reader/Xlsx/PageSetup.php'),
(1390,5,'export_import/system/library/export_import/vendor/phpoffice/phpspreadsheet/src/PhpSpreadsheet/Reader/Xlsx/Properties.php'),
(1391,5,'export_import/system/library/export_import/vendor/phpoffice/phpspreadsheet/src/PhpSpreadsheet/Reader/Xlsx/SheetViewOptions.php'),
(1392,5,'export_import/system/library/export_import/vendor/phpoffice/phpspreadsheet/src/PhpSpreadsheet/Reader/Xlsx/SheetViews.php'),
(1393,5,'export_import/system/library/export_import/vendor/phpoffice/phpspreadsheet/src/PhpSpreadsheet/Reader/Xlsx/Styles.php'),
(1394,5,'export_import/system/library/export_import/vendor/phpoffice/phpspreadsheet/src/PhpSpreadsheet/Reader/Xlsx/Theme.php'),
(1395,5,'export_import/system/library/export_import/vendor/phpoffice/phpspreadsheet/src/PhpSpreadsheet/Reader/Xlsx/WorkbookView.php'),
(1396,5,'export_import/system/library/export_import/vendor/phpoffice/phpspreadsheet/src/PhpSpreadsheet/Reader/Xml.php'),
(1397,5,'export_import/system/library/export_import/vendor/phpoffice/phpspreadsheet/src/PhpSpreadsheet/Reader/Xml'),
(1398,5,'export_import/system/library/export_import/vendor/phpoffice/phpspreadsheet/src/PhpSpreadsheet/Reader/Xml/PageSettings.php'),
(1399,5,'export_import/system/library/export_import/vendor/phpoffice/phpspreadsheet/src/PhpSpreadsheet/Reader/Xml/Properties.php'),
(1400,5,'export_import/system/library/export_import/vendor/phpoffice/phpspreadsheet/src/PhpSpreadsheet/Reader/Xml/Style.php'),
(1401,5,'export_import/system/library/export_import/vendor/phpoffice/phpspreadsheet/src/PhpSpreadsheet/Reader/Xml/Style'),
(1402,5,'export_import/system/library/export_import/vendor/phpoffice/phpspreadsheet/src/PhpSpreadsheet/Reader/Xml/Style/Alignment.php'),
(1403,5,'export_import/system/library/export_import/vendor/phpoffice/phpspreadsheet/src/PhpSpreadsheet/Reader/Xml/Style/Border.php'),
(1404,5,'export_import/system/library/export_import/vendor/phpoffice/phpspreadsheet/src/PhpSpreadsheet/Reader/Xml/Style/Fill.php'),
(1405,5,'export_import/system/library/export_import/vendor/phpoffice/phpspreadsheet/src/PhpSpreadsheet/Reader/Xml/Style/Font.php'),
(1406,5,'export_import/system/library/export_import/vendor/phpoffice/phpspreadsheet/src/PhpSpreadsheet/Reader/Xml/Style/NumberFormat.php'),
(1407,5,'export_import/system/library/export_import/vendor/phpoffice/phpspreadsheet/src/PhpSpreadsheet/Reader/Xml/Style/StyleBase.php'),
(1408,5,'export_import/system/library/export_import/vendor/phpoffice/phpspreadsheet/src/PhpSpreadsheet/ReferenceHelper.php'),
(1409,5,'export_import/system/library/export_import/vendor/phpoffice/phpspreadsheet/src/PhpSpreadsheet/RichText'),
(1410,5,'export_import/system/library/export_import/vendor/phpoffice/phpspreadsheet/src/PhpSpreadsheet/RichText/ITextElement.php'),
(1411,5,'export_import/system/library/export_import/vendor/phpoffice/phpspreadsheet/src/PhpSpreadsheet/RichText/RichText.php'),
(1412,5,'export_import/system/library/export_import/vendor/phpoffice/phpspreadsheet/src/PhpSpreadsheet/RichText/Run.php'),
(1413,5,'export_import/system/library/export_import/vendor/phpoffice/phpspreadsheet/src/PhpSpreadsheet/RichText/TextElement.php'),
(1414,5,'export_import/system/library/export_import/vendor/phpoffice/phpspreadsheet/src/PhpSpreadsheet/Settings.php'),
(1415,5,'export_import/system/library/export_import/vendor/phpoffice/phpspreadsheet/src/PhpSpreadsheet/Shared'),
(1416,5,'export_import/system/library/export_import/vendor/phpoffice/phpspreadsheet/src/PhpSpreadsheet/Shared/CodePage.php'),
(1417,5,'export_import/system/library/export_import/vendor/phpoffice/phpspreadsheet/src/PhpSpreadsheet/Shared/Date.php'),
(1418,5,'export_import/system/library/export_import/vendor/phpoffice/phpspreadsheet/src/PhpSpreadsheet/Shared/Drawing.php'),
(1419,5,'export_import/system/library/export_import/vendor/phpoffice/phpspreadsheet/src/PhpSpreadsheet/Shared/Escher.php'),
(1420,5,'export_import/system/library/export_import/vendor/phpoffice/phpspreadsheet/src/PhpSpreadsheet/Shared/Escher'),
(1421,5,'export_import/system/library/export_import/vendor/phpoffice/phpspreadsheet/src/PhpSpreadsheet/Shared/Escher/DgContainer.php'),
(1422,5,'export_import/system/library/export_import/vendor/phpoffice/phpspreadsheet/src/PhpSpreadsheet/Shared/Escher/DgContainer'),
(1423,5,'export_import/system/library/export_import/vendor/phpoffice/phpspreadsheet/src/PhpSpreadsheet/Shared/Escher/DgContainer/SpgrContainer.php'),
(1424,5,'export_import/system/library/export_import/vendor/phpoffice/phpspreadsheet/src/PhpSpreadsheet/Shared/Escher/DgContainer/SpgrContainer'),
(1425,5,'export_import/system/library/export_import/vendor/phpoffice/phpspreadsheet/src/PhpSpreadsheet/Shared/Escher/DgContainer/SpgrContainer/SpContainer.php'),
(1426,5,'export_import/system/library/export_import/vendor/phpoffice/phpspreadsheet/src/PhpSpreadsheet/Shared/Escher/DggContainer.php'),
(1427,5,'export_import/system/library/export_import/vendor/phpoffice/phpspreadsheet/src/PhpSpreadsheet/Shared/Escher/DggContainer'),
(1428,5,'export_import/system/library/export_import/vendor/phpoffice/phpspreadsheet/src/PhpSpreadsheet/Shared/Escher/DggContainer/BstoreContainer.php'),
(1429,5,'export_import/system/library/export_import/vendor/phpoffice/phpspreadsheet/src/PhpSpreadsheet/Shared/Escher/DggContainer/BstoreContainer'),
(1430,5,'export_import/system/library/export_import/vendor/phpoffice/phpspreadsheet/src/PhpSpreadsheet/Shared/Escher/DggContainer/BstoreContainer/BSE.php'),
(1431,5,'export_import/system/library/export_import/vendor/phpoffice/phpspreadsheet/src/PhpSpreadsheet/Shared/Escher/DggContainer/BstoreContainer/BSE'),
(1432,5,'export_import/system/library/export_import/vendor/phpoffice/phpspreadsheet/src/PhpSpreadsheet/Shared/Escher/DggContainer/BstoreContainer/BSE/Blip.php'),
(1433,5,'export_import/system/library/export_import/vendor/phpoffice/phpspreadsheet/src/PhpSpreadsheet/Shared/File.php'),
(1434,5,'export_import/system/library/export_import/vendor/phpoffice/phpspreadsheet/src/PhpSpreadsheet/Shared/Font.php'),
(1435,5,'export_import/system/library/export_import/vendor/phpoffice/phpspreadsheet/src/PhpSpreadsheet/Shared/IntOrFloat.php'),
(1436,5,'export_import/system/library/export_import/vendor/phpoffice/phpspreadsheet/src/PhpSpreadsheet/Shared/JAMA'),
(1437,5,'export_import/system/library/export_import/vendor/phpoffice/phpspreadsheet/src/PhpSpreadsheet/Shared/JAMA/CHANGELOG.TXT'),
(1438,5,'export_import/system/library/export_import/vendor/phpoffice/phpspreadsheet/src/PhpSpreadsheet/Shared/JAMA/CholeskyDecomposition.php'),
(1439,5,'export_import/system/library/export_import/vendor/phpoffice/phpspreadsheet/src/PhpSpreadsheet/Shared/JAMA/EigenvalueDecomposition.php'),
(1440,5,'export_import/system/library/export_import/vendor/phpoffice/phpspreadsheet/src/PhpSpreadsheet/Shared/JAMA/LUDecomposition.php'),
(1441,5,'export_import/system/library/export_import/vendor/phpoffice/phpspreadsheet/src/PhpSpreadsheet/Shared/JAMA/Matrix.php'),
(1442,5,'export_import/system/library/export_import/vendor/phpoffice/phpspreadsheet/src/PhpSpreadsheet/Shared/JAMA/QRDecomposition.php'),
(1443,5,'export_import/system/library/export_import/vendor/phpoffice/phpspreadsheet/src/PhpSpreadsheet/Shared/JAMA/SingularValueDecomposition.php'),
(1444,5,'export_import/system/library/export_import/vendor/phpoffice/phpspreadsheet/src/PhpSpreadsheet/Shared/JAMA/utils'),
(1445,5,'export_import/system/library/export_import/vendor/phpoffice/phpspreadsheet/src/PhpSpreadsheet/Shared/JAMA/utils/Maths.php'),
(1446,5,'export_import/system/library/export_import/vendor/phpoffice/phpspreadsheet/src/PhpSpreadsheet/Shared/OLE.php'),
(1447,5,'export_import/system/library/export_import/vendor/phpoffice/phpspreadsheet/src/PhpSpreadsheet/Shared/OLE'),
(1448,5,'export_import/system/library/export_import/vendor/phpoffice/phpspreadsheet/src/PhpSpreadsheet/Shared/OLE/ChainedBlockStream.php'),
(1449,5,'export_import/system/library/export_import/vendor/phpoffice/phpspreadsheet/src/PhpSpreadsheet/Shared/OLE/PPS.php'),
(1450,5,'export_import/system/library/export_import/vendor/phpoffice/phpspreadsheet/src/PhpSpreadsheet/Shared/OLE/PPS'),
(1451,5,'export_import/system/library/export_import/vendor/phpoffice/phpspreadsheet/src/PhpSpreadsheet/Shared/OLE/PPS/File.php'),
(1452,5,'export_import/system/library/export_import/vendor/phpoffice/phpspreadsheet/src/PhpSpreadsheet/Shared/OLE/PPS/Root.php'),
(1453,5,'export_import/system/library/export_import/vendor/phpoffice/phpspreadsheet/src/PhpSpreadsheet/Shared/OLERead.php'),
(1454,5,'export_import/system/library/export_import/vendor/phpoffice/phpspreadsheet/src/PhpSpreadsheet/Shared/PasswordHasher.php'),
(1455,5,'export_import/system/library/export_import/vendor/phpoffice/phpspreadsheet/src/PhpSpreadsheet/Shared/StringHelper.php'),
(1456,5,'export_import/system/library/export_import/vendor/phpoffice/phpspreadsheet/src/PhpSpreadsheet/Shared/TimeZone.php'),
(1457,5,'export_import/system/library/export_import/vendor/phpoffice/phpspreadsheet/src/PhpSpreadsheet/Shared/Trend'),
(1458,5,'export_import/system/library/export_import/vendor/phpoffice/phpspreadsheet/src/PhpSpreadsheet/Shared/Trend/BestFit.php'),
(1459,5,'export_import/system/library/export_import/vendor/phpoffice/phpspreadsheet/src/PhpSpreadsheet/Shared/Trend/ExponentialBestFit.php'),
(1460,5,'export_import/system/library/export_import/vendor/phpoffice/phpspreadsheet/src/PhpSpreadsheet/Shared/Trend/LinearBestFit.php'),
(1461,5,'export_import/system/library/export_import/vendor/phpoffice/phpspreadsheet/src/PhpSpreadsheet/Shared/Trend/LogarithmicBestFit.php'),
(1462,5,'export_import/system/library/export_import/vendor/phpoffice/phpspreadsheet/src/PhpSpreadsheet/Shared/Trend/PolynomialBestFit.php'),
(1463,5,'export_import/system/library/export_import/vendor/phpoffice/phpspreadsheet/src/PhpSpreadsheet/Shared/Trend/PowerBestFit.php'),
(1464,5,'export_import/system/library/export_import/vendor/phpoffice/phpspreadsheet/src/PhpSpreadsheet/Shared/Trend/Trend.php'),
(1465,5,'export_import/system/library/export_import/vendor/phpoffice/phpspreadsheet/src/PhpSpreadsheet/Shared/XMLWriter.php'),
(1466,5,'export_import/system/library/export_import/vendor/phpoffice/phpspreadsheet/src/PhpSpreadsheet/Shared/Xls.php'),
(1467,5,'export_import/system/library/export_import/vendor/phpoffice/phpspreadsheet/src/PhpSpreadsheet/Spreadsheet.php'),
(1468,5,'export_import/system/library/export_import/vendor/phpoffice/phpspreadsheet/src/PhpSpreadsheet/Style'),
(1469,5,'export_import/system/library/export_import/vendor/phpoffice/phpspreadsheet/src/PhpSpreadsheet/Style/Alignment.php'),
(1470,5,'export_import/system/library/export_import/vendor/phpoffice/phpspreadsheet/src/PhpSpreadsheet/Style/Border.php'),
(1471,5,'export_import/system/library/export_import/vendor/phpoffice/phpspreadsheet/src/PhpSpreadsheet/Style/Borders.php'),
(1472,5,'export_import/system/library/export_import/vendor/phpoffice/phpspreadsheet/src/PhpSpreadsheet/Style/Color.php'),
(1473,5,'export_import/system/library/export_import/vendor/phpoffice/phpspreadsheet/src/PhpSpreadsheet/Style/Conditional.php'),
(1474,5,'export_import/system/library/export_import/vendor/phpoffice/phpspreadsheet/src/PhpSpreadsheet/Style/ConditionalFormatting'),
(1475,5,'export_import/system/library/export_import/vendor/phpoffice/phpspreadsheet/src/PhpSpreadsheet/Style/ConditionalFormatting/CellMatcher.php'),
(1476,5,'export_import/system/library/export_import/vendor/phpoffice/phpspreadsheet/src/PhpSpreadsheet/Style/ConditionalFormatting/CellStyleAssessor.php'),
(1477,5,'export_import/system/library/export_import/vendor/phpoffice/phpspreadsheet/src/PhpSpreadsheet/Style/ConditionalFormatting/ConditionalDataBar.php'),
(1478,5,'export_import/system/library/export_import/vendor/phpoffice/phpspreadsheet/src/PhpSpreadsheet/Style/ConditionalFormatting/ConditionalDataBarExtension.php'),
(1479,5,'export_import/system/library/export_import/vendor/phpoffice/phpspreadsheet/src/PhpSpreadsheet/Style/ConditionalFormatting/ConditionalFormatValueObject.php'),
(1480,5,'export_import/system/library/export_import/vendor/phpoffice/phpspreadsheet/src/PhpSpreadsheet/Style/ConditionalFormatting/ConditionalFormattingRuleExtension.php'),
(1481,5,'export_import/system/library/export_import/vendor/phpoffice/phpspreadsheet/src/PhpSpreadsheet/Style/ConditionalFormatting/StyleMerger.php'),
(1482,5,'export_import/system/library/export_import/vendor/phpoffice/phpspreadsheet/src/PhpSpreadsheet/Style/ConditionalFormatting/Wizard.php'),
(1483,5,'export_import/system/library/export_import/vendor/phpoffice/phpspreadsheet/src/PhpSpreadsheet/Style/ConditionalFormatting/Wizard'),
(1484,5,'export_import/system/library/export_import/vendor/phpoffice/phpspreadsheet/src/PhpSpreadsheet/Style/ConditionalFormatting/Wizard/Blanks.php'),
(1485,5,'export_import/system/library/export_import/vendor/phpoffice/phpspreadsheet/src/PhpSpreadsheet/Style/ConditionalFormatting/Wizard/CellValue.php'),
(1486,5,'export_import/system/library/export_import/vendor/phpoffice/phpspreadsheet/src/PhpSpreadsheet/Style/ConditionalFormatting/Wizard/DateValue.php'),
(1487,5,'export_import/system/library/export_import/vendor/phpoffice/phpspreadsheet/src/PhpSpreadsheet/Style/ConditionalFormatting/Wizard/Duplicates.php'),
(1488,5,'export_import/system/library/export_import/vendor/phpoffice/phpspreadsheet/src/PhpSpreadsheet/Style/ConditionalFormatting/Wizard/Errors.php'),
(1489,5,'export_import/system/library/export_import/vendor/phpoffice/phpspreadsheet/src/PhpSpreadsheet/Style/ConditionalFormatting/Wizard/Expression.php'),
(1490,5,'export_import/system/library/export_import/vendor/phpoffice/phpspreadsheet/src/PhpSpreadsheet/Style/ConditionalFormatting/Wizard/TextValue.php'),
(1491,5,'export_import/system/library/export_import/vendor/phpoffice/phpspreadsheet/src/PhpSpreadsheet/Style/ConditionalFormatting/Wizard/WizardAbstract.php'),
(1492,5,'export_import/system/library/export_import/vendor/phpoffice/phpspreadsheet/src/PhpSpreadsheet/Style/ConditionalFormatting/Wizard/WizardInterface.php'),
(1493,5,'export_import/system/library/export_import/vendor/phpoffice/phpspreadsheet/src/PhpSpreadsheet/Style/Fill.php'),
(1494,5,'export_import/system/library/export_import/vendor/phpoffice/phpspreadsheet/src/PhpSpreadsheet/Style/Font.php'),
(1495,5,'export_import/system/library/export_import/vendor/phpoffice/phpspreadsheet/src/PhpSpreadsheet/Style/NumberFormat.php'),
(1496,5,'export_import/system/library/export_import/vendor/phpoffice/phpspreadsheet/src/PhpSpreadsheet/Style/NumberFormat'),
(1497,5,'export_import/system/library/export_import/vendor/phpoffice/phpspreadsheet/src/PhpSpreadsheet/Style/NumberFormat/BaseFormatter.php'),
(1498,5,'export_import/system/library/export_import/vendor/phpoffice/phpspreadsheet/src/PhpSpreadsheet/Style/NumberFormat/DateFormatter.php'),
(1499,5,'export_import/system/library/export_import/vendor/phpoffice/phpspreadsheet/src/PhpSpreadsheet/Style/NumberFormat/Formatter.php'),
(1500,5,'export_import/system/library/export_import/vendor/phpoffice/phpspreadsheet/src/PhpSpreadsheet/Style/NumberFormat/FractionFormatter.php'),
(1501,5,'export_import/system/library/export_import/vendor/phpoffice/phpspreadsheet/src/PhpSpreadsheet/Style/NumberFormat/NumberFormatter.php'),
(1502,5,'export_import/system/library/export_import/vendor/phpoffice/phpspreadsheet/src/PhpSpreadsheet/Style/NumberFormat/PercentageFormatter.php'),
(1503,5,'export_import/system/library/export_import/vendor/phpoffice/phpspreadsheet/src/PhpSpreadsheet/Style/Protection.php'),
(1504,5,'export_import/system/library/export_import/vendor/phpoffice/phpspreadsheet/src/PhpSpreadsheet/Style/Style.php'),
(1505,5,'export_import/system/library/export_import/vendor/phpoffice/phpspreadsheet/src/PhpSpreadsheet/Style/Supervisor.php'),
(1506,5,'export_import/system/library/export_import/vendor/phpoffice/phpspreadsheet/src/PhpSpreadsheet/Worksheet'),
(1507,5,'export_import/system/library/export_import/vendor/phpoffice/phpspreadsheet/src/PhpSpreadsheet/Worksheet/AutoFilter.php'),
(1508,5,'export_import/system/library/export_import/vendor/phpoffice/phpspreadsheet/src/PhpSpreadsheet/Worksheet/AutoFilter'),
(1509,5,'export_import/system/library/export_import/vendor/phpoffice/phpspreadsheet/src/PhpSpreadsheet/Worksheet/AutoFilter/Column.php'),
(1510,5,'export_import/system/library/export_import/vendor/phpoffice/phpspreadsheet/src/PhpSpreadsheet/Worksheet/AutoFilter/Column'),
(1511,5,'export_import/system/library/export_import/vendor/phpoffice/phpspreadsheet/src/PhpSpreadsheet/Worksheet/AutoFilter/Column/Rule.php'),
(1512,5,'export_import/system/library/export_import/vendor/phpoffice/phpspreadsheet/src/PhpSpreadsheet/Worksheet/BaseDrawing.php'),
(1513,5,'export_import/system/library/export_import/vendor/phpoffice/phpspreadsheet/src/PhpSpreadsheet/Worksheet/CellIterator.php'),
(1514,5,'export_import/system/library/export_import/vendor/phpoffice/phpspreadsheet/src/PhpSpreadsheet/Worksheet/Column.php'),
(1515,5,'export_import/system/library/export_import/vendor/phpoffice/phpspreadsheet/src/PhpSpreadsheet/Worksheet/ColumnCellIterator.php'),
(1516,5,'export_import/system/library/export_import/vendor/phpoffice/phpspreadsheet/src/PhpSpreadsheet/Worksheet/ColumnDimension.php'),
(1517,5,'export_import/system/library/export_import/vendor/phpoffice/phpspreadsheet/src/PhpSpreadsheet/Worksheet/ColumnIterator.php'),
(1518,5,'export_import/system/library/export_import/vendor/phpoffice/phpspreadsheet/src/PhpSpreadsheet/Worksheet/Dimension.php'),
(1519,5,'export_import/system/library/export_import/vendor/phpoffice/phpspreadsheet/src/PhpSpreadsheet/Worksheet/Drawing.php'),
(1520,5,'export_import/system/library/export_import/vendor/phpoffice/phpspreadsheet/src/PhpSpreadsheet/Worksheet/Drawing'),
(1521,5,'export_import/system/library/export_import/vendor/phpoffice/phpspreadsheet/src/PhpSpreadsheet/Worksheet/Drawing/Shadow.php'),
(1522,5,'export_import/system/library/export_import/vendor/phpoffice/phpspreadsheet/src/PhpSpreadsheet/Worksheet/HeaderFooter.php'),
(1523,5,'export_import/system/library/export_import/vendor/phpoffice/phpspreadsheet/src/PhpSpreadsheet/Worksheet/HeaderFooterDrawing.php'),
(1524,5,'export_import/system/library/export_import/vendor/phpoffice/phpspreadsheet/src/PhpSpreadsheet/Worksheet/Iterator.php'),
(1525,5,'export_import/system/library/export_import/vendor/phpoffice/phpspreadsheet/src/PhpSpreadsheet/Worksheet/MemoryDrawing.php'),
(1526,5,'export_import/system/library/export_import/vendor/phpoffice/phpspreadsheet/src/PhpSpreadsheet/Worksheet/PageMargins.php'),
(1527,5,'export_import/system/library/export_import/vendor/phpoffice/phpspreadsheet/src/PhpSpreadsheet/Worksheet/PageSetup.php'),
(1528,5,'export_import/system/library/export_import/vendor/phpoffice/phpspreadsheet/src/PhpSpreadsheet/Worksheet/Protection.php'),
(1529,5,'export_import/system/library/export_import/vendor/phpoffice/phpspreadsheet/src/PhpSpreadsheet/Worksheet/Row.php'),
(1530,5,'export_import/system/library/export_import/vendor/phpoffice/phpspreadsheet/src/PhpSpreadsheet/Worksheet/RowCellIterator.php'),
(1531,5,'export_import/system/library/export_import/vendor/phpoffice/phpspreadsheet/src/PhpSpreadsheet/Worksheet/RowDimension.php'),
(1532,5,'export_import/system/library/export_import/vendor/phpoffice/phpspreadsheet/src/PhpSpreadsheet/Worksheet/RowIterator.php'),
(1533,5,'export_import/system/library/export_import/vendor/phpoffice/phpspreadsheet/src/PhpSpreadsheet/Worksheet/SheetView.php'),
(1534,5,'export_import/system/library/export_import/vendor/phpoffice/phpspreadsheet/src/PhpSpreadsheet/Worksheet/Table.php'),
(1535,5,'export_import/system/library/export_import/vendor/phpoffice/phpspreadsheet/src/PhpSpreadsheet/Worksheet/Table'),
(1536,5,'export_import/system/library/export_import/vendor/phpoffice/phpspreadsheet/src/PhpSpreadsheet/Worksheet/Table/Column.php'),
(1537,5,'export_import/system/library/export_import/vendor/phpoffice/phpspreadsheet/src/PhpSpreadsheet/Worksheet/Table/TableStyle.php'),
(1538,5,'export_import/system/library/export_import/vendor/phpoffice/phpspreadsheet/src/PhpSpreadsheet/Worksheet/Validations.php'),
(1539,5,'export_import/system/library/export_import/vendor/phpoffice/phpspreadsheet/src/PhpSpreadsheet/Worksheet/Worksheet.php'),
(1540,5,'export_import/system/library/export_import/vendor/phpoffice/phpspreadsheet/src/PhpSpreadsheet/Writer'),
(1541,5,'export_import/system/library/export_import/vendor/phpoffice/phpspreadsheet/src/PhpSpreadsheet/Writer/BaseWriter.php'),
(1542,5,'export_import/system/library/export_import/vendor/phpoffice/phpspreadsheet/src/PhpSpreadsheet/Writer/Csv.php'),
(1543,5,'export_import/system/library/export_import/vendor/phpoffice/phpspreadsheet/src/PhpSpreadsheet/Writer/Exception.php'),
(1544,5,'export_import/system/library/export_import/vendor/phpoffice/phpspreadsheet/src/PhpSpreadsheet/Writer/Html.php'),
(1545,5,'export_import/system/library/export_import/vendor/phpoffice/phpspreadsheet/src/PhpSpreadsheet/Writer/IWriter.php'),
(1546,5,'export_import/system/library/export_import/vendor/phpoffice/phpspreadsheet/src/PhpSpreadsheet/Writer/Ods.php'),
(1547,5,'export_import/system/library/export_import/vendor/phpoffice/phpspreadsheet/src/PhpSpreadsheet/Writer/Ods'),
(1548,5,'export_import/system/library/export_import/vendor/phpoffice/phpspreadsheet/src/PhpSpreadsheet/Writer/Ods/AutoFilters.php'),
(1549,5,'export_import/system/library/export_import/vendor/phpoffice/phpspreadsheet/src/PhpSpreadsheet/Writer/Ods/Cell'),
(1550,5,'export_import/system/library/export_import/vendor/phpoffice/phpspreadsheet/src/PhpSpreadsheet/Writer/Ods/Cell/Comment.php'),
(1551,5,'export_import/system/library/export_import/vendor/phpoffice/phpspreadsheet/src/PhpSpreadsheet/Writer/Ods/Cell/Style.php'),
(1552,5,'export_import/system/library/export_import/vendor/phpoffice/phpspreadsheet/src/PhpSpreadsheet/Writer/Ods/Content.php'),
(1553,5,'export_import/system/library/export_import/vendor/phpoffice/phpspreadsheet/src/PhpSpreadsheet/Writer/Ods/Formula.php'),
(1554,5,'export_import/system/library/export_import/vendor/phpoffice/phpspreadsheet/src/PhpSpreadsheet/Writer/Ods/Meta.php'),
(1555,5,'export_import/system/library/export_import/vendor/phpoffice/phpspreadsheet/src/PhpSpreadsheet/Writer/Ods/MetaInf.php'),
(1556,5,'export_import/system/library/export_import/vendor/phpoffice/phpspreadsheet/src/PhpSpreadsheet/Writer/Ods/Mimetype.php'),
(1557,5,'export_import/system/library/export_import/vendor/phpoffice/phpspreadsheet/src/PhpSpreadsheet/Writer/Ods/NamedExpressions.php'),
(1558,5,'export_import/system/library/export_import/vendor/phpoffice/phpspreadsheet/src/PhpSpreadsheet/Writer/Ods/Settings.php'),
(1559,5,'export_import/system/library/export_import/vendor/phpoffice/phpspreadsheet/src/PhpSpreadsheet/Writer/Ods/Styles.php'),
(1560,5,'export_import/system/library/export_import/vendor/phpoffice/phpspreadsheet/src/PhpSpreadsheet/Writer/Ods/Thumbnails.php'),
(1561,5,'export_import/system/library/export_import/vendor/phpoffice/phpspreadsheet/src/PhpSpreadsheet/Writer/Ods/WriterPart.php'),
(1562,5,'export_import/system/library/export_import/vendor/phpoffice/phpspreadsheet/src/PhpSpreadsheet/Writer/Pdf.php'),
(1563,5,'export_import/system/library/export_import/vendor/phpoffice/phpspreadsheet/src/PhpSpreadsheet/Writer/Pdf'),
(1564,5,'export_import/system/library/export_import/vendor/phpoffice/phpspreadsheet/src/PhpSpreadsheet/Writer/Pdf/Dompdf.php'),
(1565,5,'export_import/system/library/export_import/vendor/phpoffice/phpspreadsheet/src/PhpSpreadsheet/Writer/Pdf/Mpdf.php'),
(1566,5,'export_import/system/library/export_import/vendor/phpoffice/phpspreadsheet/src/PhpSpreadsheet/Writer/Pdf/Tcpdf.php'),
(1567,5,'export_import/system/library/export_import/vendor/phpoffice/phpspreadsheet/src/PhpSpreadsheet/Writer/Xls.php'),
(1568,5,'export_import/system/library/export_import/vendor/phpoffice/phpspreadsheet/src/PhpSpreadsheet/Writer/Xls'),
(1569,5,'export_import/system/library/export_import/vendor/phpoffice/phpspreadsheet/src/PhpSpreadsheet/Writer/Xls/BIFFwriter.php'),
(1570,5,'export_import/system/library/export_import/vendor/phpoffice/phpspreadsheet/src/PhpSpreadsheet/Writer/Xls/CellDataValidation.php'),
(1571,5,'export_import/system/library/export_import/vendor/phpoffice/phpspreadsheet/src/PhpSpreadsheet/Writer/Xls/ConditionalHelper.php'),
(1572,5,'export_import/system/library/export_import/vendor/phpoffice/phpspreadsheet/src/PhpSpreadsheet/Writer/Xls/ErrorCode.php'),
(1573,5,'export_import/system/library/export_import/vendor/phpoffice/phpspreadsheet/src/PhpSpreadsheet/Writer/Xls/Escher.php'),
(1574,5,'export_import/system/library/export_import/vendor/phpoffice/phpspreadsheet/src/PhpSpreadsheet/Writer/Xls/Font.php'),
(1575,5,'export_import/system/library/export_import/vendor/phpoffice/phpspreadsheet/src/PhpSpreadsheet/Writer/Xls/Parser.php'),
(1576,5,'export_import/system/library/export_import/vendor/phpoffice/phpspreadsheet/src/PhpSpreadsheet/Writer/Xls/Style'),
(1577,5,'export_import/system/library/export_import/vendor/phpoffice/phpspreadsheet/src/PhpSpreadsheet/Writer/Xls/Style/CellAlignment.php'),
(1578,5,'export_import/system/library/export_import/vendor/phpoffice/phpspreadsheet/src/PhpSpreadsheet/Writer/Xls/Style/CellBorder.php'),
(1579,5,'export_import/system/library/export_import/vendor/phpoffice/phpspreadsheet/src/PhpSpreadsheet/Writer/Xls/Style/CellFill.php'),
(1580,5,'export_import/system/library/export_import/vendor/phpoffice/phpspreadsheet/src/PhpSpreadsheet/Writer/Xls/Style/ColorMap.php'),
(1581,5,'export_import/system/library/export_import/vendor/phpoffice/phpspreadsheet/src/PhpSpreadsheet/Writer/Xls/Workbook.php'),
(1582,5,'export_import/system/library/export_import/vendor/phpoffice/phpspreadsheet/src/PhpSpreadsheet/Writer/Xls/Worksheet.php'),
(1583,5,'export_import/system/library/export_import/vendor/phpoffice/phpspreadsheet/src/PhpSpreadsheet/Writer/Xls/Xf.php'),
(1584,5,'export_import/system/library/export_import/vendor/phpoffice/phpspreadsheet/src/PhpSpreadsheet/Writer/Xlsx.php'),
(1585,5,'export_import/system/library/export_import/vendor/phpoffice/phpspreadsheet/src/PhpSpreadsheet/Writer/Xlsx'),
(1586,5,'export_import/system/library/export_import/vendor/phpoffice/phpspreadsheet/src/PhpSpreadsheet/Writer/Xlsx/Chart.php'),
(1587,5,'export_import/system/library/export_import/vendor/phpoffice/phpspreadsheet/src/PhpSpreadsheet/Writer/Xlsx/Comments.php'),
(1588,5,'export_import/system/library/export_import/vendor/phpoffice/phpspreadsheet/src/PhpSpreadsheet/Writer/Xlsx/ContentTypes.php'),
(1589,5,'export_import/system/library/export_import/vendor/phpoffice/phpspreadsheet/src/PhpSpreadsheet/Writer/Xlsx/DefinedNames.php'),
(1590,5,'export_import/system/library/export_import/vendor/phpoffice/phpspreadsheet/src/PhpSpreadsheet/Writer/Xlsx/DocProps.php'),
(1591,5,'export_import/system/library/export_import/vendor/phpoffice/phpspreadsheet/src/PhpSpreadsheet/Writer/Xlsx/Drawing.php'),
(1592,5,'export_import/system/library/export_import/vendor/phpoffice/phpspreadsheet/src/PhpSpreadsheet/Writer/Xlsx/Rels.php'),
(1593,5,'export_import/system/library/export_import/vendor/phpoffice/phpspreadsheet/src/PhpSpreadsheet/Writer/Xlsx/RelsRibbon.php'),
(1594,5,'export_import/system/library/export_import/vendor/phpoffice/phpspreadsheet/src/PhpSpreadsheet/Writer/Xlsx/RelsVBA.php'),
(1595,5,'export_import/system/library/export_import/vendor/phpoffice/phpspreadsheet/src/PhpSpreadsheet/Writer/Xlsx/StringTable.php'),
(1596,5,'export_import/system/library/export_import/vendor/phpoffice/phpspreadsheet/src/PhpSpreadsheet/Writer/Xlsx/Style.php'),
(1597,5,'export_import/system/library/export_import/vendor/phpoffice/phpspreadsheet/src/PhpSpreadsheet/Writer/Xlsx/Table.php'),
(1598,5,'export_import/system/library/export_import/vendor/phpoffice/phpspreadsheet/src/PhpSpreadsheet/Writer/Xlsx/Theme.php'),
(1599,5,'export_import/system/library/export_import/vendor/phpoffice/phpspreadsheet/src/PhpSpreadsheet/Writer/Xlsx/Workbook.php'),
(1600,5,'export_import/system/library/export_import/vendor/phpoffice/phpspreadsheet/src/PhpSpreadsheet/Writer/Xlsx/Worksheet.php'),
(1601,5,'export_import/system/library/export_import/vendor/phpoffice/phpspreadsheet/src/PhpSpreadsheet/Writer/Xlsx/WriterPart.php'),
(1602,5,'export_import/system/library/export_import/vendor/phpoffice/phpspreadsheet/src/PhpSpreadsheet/Writer/Xlsx/Xlfn.php'),
(1603,5,'export_import/system/library/export_import/vendor/psr'),
(1604,5,'export_import/system/library/export_import/vendor/psr/http-client'),
(1605,5,'export_import/system/library/export_import/vendor/psr/http-client/CHANGELOG.md'),
(1606,5,'export_import/system/library/export_import/vendor/psr/http-client/LICENSE'),
(1607,5,'export_import/system/library/export_import/vendor/psr/http-client/README.md'),
(1608,5,'export_import/system/library/export_import/vendor/psr/http-client/composer.json'),
(1609,5,'export_import/system/library/export_import/vendor/psr/http-client/src'),
(1610,5,'export_import/system/library/export_import/vendor/psr/http-client/src/ClientExceptionInterface.php'),
(1611,5,'export_import/system/library/export_import/vendor/psr/http-client/src/ClientInterface.php'),
(1612,5,'export_import/system/library/export_import/vendor/psr/http-client/src/NetworkExceptionInterface.php'),
(1613,5,'export_import/system/library/export_import/vendor/psr/http-client/src/RequestExceptionInterface.php'),
(1614,5,'export_import/system/library/export_import/vendor/psr/http-factory'),
(1615,5,'export_import/system/library/export_import/vendor/psr/http-factory/LICENSE'),
(1616,5,'export_import/system/library/export_import/vendor/psr/http-factory/README.md'),
(1617,5,'export_import/system/library/export_import/vendor/psr/http-factory/composer.json'),
(1618,5,'export_import/system/library/export_import/vendor/psr/http-factory/src'),
(1619,5,'export_import/system/library/export_import/vendor/psr/http-factory/src/RequestFactoryInterface.php'),
(1620,5,'export_import/system/library/export_import/vendor/psr/http-factory/src/ResponseFactoryInterface.php'),
(1621,5,'export_import/system/library/export_import/vendor/psr/http-factory/src/ServerRequestFactoryInterface.php'),
(1622,5,'export_import/system/library/export_import/vendor/psr/http-factory/src/StreamFactoryInterface.php'),
(1623,5,'export_import/system/library/export_import/vendor/psr/http-factory/src/UploadedFileFactoryInterface.php'),
(1624,5,'export_import/system/library/export_import/vendor/psr/http-factory/src/UriFactoryInterface.php'),
(1625,5,'export_import/system/library/export_import/vendor/psr/http-message'),
(1626,5,'export_import/system/library/export_import/vendor/psr/http-message/CHANGELOG.md'),
(1627,5,'export_import/system/library/export_import/vendor/psr/http-message/LICENSE'),
(1628,5,'export_import/system/library/export_import/vendor/psr/http-message/README.md'),
(1629,5,'export_import/system/library/export_import/vendor/psr/http-message/composer.json'),
(1630,5,'export_import/system/library/export_import/vendor/psr/http-message/docs'),
(1631,5,'export_import/system/library/export_import/vendor/psr/http-message/docs/PSR7-Interfaces.md'),
(1632,5,'export_import/system/library/export_import/vendor/psr/http-message/docs/PSR7-Usage.md'),
(1633,5,'export_import/system/library/export_import/vendor/psr/http-message/src'),
(1634,5,'export_import/system/library/export_import/vendor/psr/http-message/src/MessageInterface.php'),
(1635,5,'export_import/system/library/export_import/vendor/psr/http-message/src/RequestInterface.php'),
(1636,5,'export_import/system/library/export_import/vendor/psr/http-message/src/ResponseInterface.php'),
(1637,5,'export_import/system/library/export_import/vendor/psr/http-message/src/ServerRequestInterface.php'),
(1638,5,'export_import/system/library/export_import/vendor/psr/http-message/src/StreamInterface.php'),
(1639,5,'export_import/system/library/export_import/vendor/psr/http-message/src/UploadedFileInterface.php'),
(1640,5,'export_import/system/library/export_import/vendor/psr/http-message/src/UriInterface.php'),
(1641,5,'export_import/system/library/export_import/vendor/psr/simple-cache'),
(1642,5,'export_import/system/library/export_import/vendor/psr/simple-cache/.editorconfig'),
(1643,5,'export_import/system/library/export_import/vendor/psr/simple-cache/LICENSE.md'),
(1644,5,'export_import/system/library/export_import/vendor/psr/simple-cache/README.md'),
(1645,5,'export_import/system/library/export_import/vendor/psr/simple-cache/composer.json'),
(1646,5,'export_import/system/library/export_import/vendor/psr/simple-cache/src'),
(1647,5,'export_import/system/library/export_import/vendor/psr/simple-cache/src/CacheException.php'),
(1648,5,'export_import/system/library/export_import/vendor/psr/simple-cache/src/CacheInterface.php'),
(1649,5,'export_import/system/library/export_import/vendor/psr/simple-cache/src/InvalidArgumentException.php');

--
-- Table structure for table `oc_filter`
--

CREATE TABLE `oc_filter` (
  `filter_id` int(11) NOT NULL AUTO_INCREMENT,
  `filter_group_id` int(11) NOT NULL,
  `sort_order` int(11) NOT NULL,
  PRIMARY KEY (`filter_id`)
) ENGINE=InnoDB DEFAULT CHARSET=utf8mb4 COLLATE=utf8mb4_general_ci ROW_FORMAT=DYNAMIC;

--
-- Dumping data for table `oc_filter`
--


--
-- Table structure for table `oc_filter_description`
--

CREATE TABLE `oc_filter_description` (
  `filter_id` int(11) NOT NULL,
  `language_id` int(11) NOT NULL,
  `filter_group_id` int(11) NOT NULL,
  `name` varchar(64) NOT NULL,
  PRIMARY KEY (`filter_id`,`language_id`)
) ENGINE=InnoDB DEFAULT CHARSET=utf8mb4 COLLATE=utf8mb4_general_ci ROW_FORMAT=DYNAMIC;

--
-- Dumping data for table `oc_filter_description`
--


--
-- Table structure for table `oc_filter_group`
--

CREATE TABLE `oc_filter_group` (
  `filter_group_id` int(11) NOT NULL AUTO_INCREMENT,
  `sort_order` int(11) NOT NULL,
  PRIMARY KEY (`filter_group_id`)
) ENGINE=InnoDB DEFAULT CHARSET=utf8mb4 COLLATE=utf8mb4_general_ci ROW_FORMAT=DYNAMIC;

--
-- Dumping data for table `oc_filter_group`
--


--
-- Table structure for table `oc_filter_group_description`
--

CREATE TABLE `oc_filter_group_description` (
  `filter_group_id` int(11) NOT NULL,
  `language_id` int(11) NOT NULL,
  `name` varchar(64) NOT NULL,
  PRIMARY KEY (`filter_group_id`,`language_id`)
) ENGINE=InnoDB DEFAULT CHARSET=utf8mb4 COLLATE=utf8mb4_general_ci ROW_FORMAT=DYNAMIC;

--
-- Dumping data for table `oc_filter_group_description`
--


--
-- Table structure for table `oc_gdpr`
--

CREATE TABLE `oc_gdpr` (
  `gdpr_id` int(11) NOT NULL AUTO_INCREMENT,
  `store_id` int(11) NOT NULL,
  `language_id` int(11) NOT NULL,
  `code` varchar(40) NOT NULL,
  `email` varchar(96) NOT NULL,
  `action` varchar(6) NOT NULL,
  `status` tinyint(1) NOT NULL,
  `date_added` datetime NOT NULL,
  PRIMARY KEY (`gdpr_id`)
) ENGINE=InnoDB DEFAULT CHARSET=utf8mb4 COLLATE=utf8mb4_general_ci ROW_FORMAT=DYNAMIC;

--
-- Dumping data for table `oc_gdpr`
--


--
-- Table structure for table `oc_geo_zone`
--

CREATE TABLE `oc_geo_zone` (
  `geo_zone_id` int(11) NOT NULL AUTO_INCREMENT,
  `name` varchar(32) NOT NULL,
  `description` varchar(255) NOT NULL,
  `date_added` datetime NOT NULL,
  `date_modified` datetime NOT NULL,
  PRIMARY KEY (`geo_zone_id`)
) ENGINE=InnoDB AUTO_INCREMENT=5 DEFAULT CHARSET=utf8mb4 COLLATE=utf8mb4_general_ci ROW_FORMAT=DYNAMIC;

--
-- Dumping data for table `oc_geo_zone`
--

INSERT INTO `oc_geo_zone` (`geo_zone_id`, `name`, `description`, `date_added`, `date_modified`) VALUES (3,'UK VAT Zone','UK VAT','2009-01-06 23:26:25','2010-02-26 22:33:24'),
(4,'UK Shipping','UK Shipping Zones','2009-06-23 01:14:53','2010-12-15 15:18:13');

--
-- Table structure for table `oc_information`
--

CREATE TABLE `oc_information` (
  `information_id` int(11) NOT NULL AUTO_INCREMENT,
  `bottom` int(11) NOT NULL DEFAULT 0,
  `sort_order` int(11) NOT NULL DEFAULT 0,
  `status` tinyint(1) NOT NULL DEFAULT 1,
  PRIMARY KEY (`information_id`)
) ENGINE=InnoDB AUTO_INCREMENT=5 DEFAULT CHARSET=utf8mb4 COLLATE=utf8mb4_general_ci ROW_FORMAT=DYNAMIC;

--
-- Dumping data for table `oc_information`
--

INSERT INTO `oc_information` (`information_id`, `bottom`, `sort_order`, `status`) VALUES (1,1,3,1),
(2,1,1,1),
(3,1,4,1),
(4,1,2,1);

--
-- Table structure for table `oc_information_description`
--

CREATE TABLE `oc_information_description` (
  `information_id` int(11) NOT NULL,
  `language_id` int(11) NOT NULL,
  `title` varchar(64) NOT NULL,
  `description` mediumtext NOT NULL,
  `meta_title` varchar(255) NOT NULL,
  `meta_description` varchar(255) NOT NULL,
  `meta_keyword` varchar(255) NOT NULL,
  PRIMARY KEY (`information_id`,`language_id`)
) ENGINE=InnoDB DEFAULT CHARSET=utf8mb4 COLLATE=utf8mb4_general_ci ROW_FORMAT=DYNAMIC;

--
-- Dumping data for table `oc_information_description`
--

INSERT INTO `oc_information_description` (`information_id`, `language_id`, `title`, `description`, `meta_title`, `meta_description`, `meta_keyword`) VALUES (1,1,'About Us','&lt;p&gt;\r\n	About Us&lt;/p&gt;\r\n','About Us','',''),
(2,1,'Terms &amp; Conditions','&lt;p&gt;\r\n	Terms &amp;amp; Conditions&lt;/p&gt;\r\n','Terms &amp; Conditions','',''),
(3,1,'Privacy Policy','&lt;p&gt;\r\n	Privacy Policy&lt;/p&gt;\r\n','Privacy Policy','',''),
(4,1,'Delivery Information','&lt;p&gt;\r\n	Delivery Information&lt;/p&gt;\r\n','Delivery Information','','');

--
-- Table structure for table `oc_information_to_layout`
--

CREATE TABLE `oc_information_to_layout` (
  `information_id` int(11) NOT NULL,
  `store_id` int(11) NOT NULL,
  `layout_id` int(11) NOT NULL,
  PRIMARY KEY (`information_id`,`store_id`)
) ENGINE=InnoDB DEFAULT CHARSET=utf8mb4 COLLATE=utf8mb4_general_ci ROW_FORMAT=DYNAMIC;

--
-- Dumping data for table `oc_information_to_layout`
--


--
-- Table structure for table `oc_information_to_store`
--

CREATE TABLE `oc_information_to_store` (
  `information_id` int(11) NOT NULL,
  `store_id` int(11) NOT NULL,
  PRIMARY KEY (`information_id`,`store_id`)
) ENGINE=InnoDB DEFAULT CHARSET=utf8mb4 COLLATE=utf8mb4_general_ci ROW_FORMAT=DYNAMIC;

--
-- Dumping data for table `oc_information_to_store`
--

INSERT INTO `oc_information_to_store` (`information_id`, `store_id`) VALUES (1,0),
(2,0),
(3,0),
(4,0);

--
-- Table structure for table `oc_language`
--

CREATE TABLE `oc_language` (
  `language_id` int(11) NOT NULL AUTO_INCREMENT,
  `name` varchar(32) NOT NULL,
  `code` varchar(5) NOT NULL,
  `locale` varchar(255) NOT NULL,
  `extension` varchar(255) NOT NULL,
  `sort_order` int(11) NOT NULL DEFAULT 0,
  `status` tinyint(1) NOT NULL,
  PRIMARY KEY (`language_id`),
  KEY `name` (`name`)
) ENGINE=InnoDB AUTO_INCREMENT=2 DEFAULT CHARSET=utf8mb4 COLLATE=utf8mb4_general_ci ROW_FORMAT=DYNAMIC;

--
-- Dumping data for table `oc_language`
--

INSERT INTO `oc_language` (`language_id`, `name`, `code`, `locale`, `extension`, `sort_order`, `status`) VALUES (1,'English','en-gb','en-gb,en','',1,1);

--
